-- Data for Name: t_hybtype; Type: TABLE DATA; Schema: SW; Owner: postgres
--

COPY "SW".t_hybtype (hybtcode, hybtname, hybtname2, hybtclass) FROM stdin;
1	basin	\N	\N
2	Water bodies river	\N	\N
3	Water bodies lake	\N	\N
\.


--
-- Data for Name: t_hyelake; Type: TABLE DATA; Schema: SW; Owner: postgres
--

COPY "SW".t_hyelake (geom, hyelcode, hyehyeltcode, hyelcodex, hyelname, hyelname2, hyeldesc, hyeldesc2) FROM stdin;
[BLOB]	HYE_AM_L_3-072	\N	\N	\N	\N	\N	\N
[BLOB]	HYE_AM_L_3-075	\N	\N	\N	\N	\N	\N
[BLOB]	HYE_AM_L_4-084	\N	\N	\N	\N	\N	\N
[BLOB]	HYE_AM_L_4-086	\N	\N	\N	\N	\N	\N
\N	HYE_AM_L_4null	\N	\N	\N	\N	\N	\N
\N	HYE_AM_L_3null	\N	\N	\N	\N	\N	\N
[BLOB]	HYE_AM_L_3-073	\N	\N	\N	\N	\N	\N
[BLOB]	HYE_AM_L_3-076	\N	\N	\N	\N	\N	\N
[BLOB]	HYE_AM_L_3-077	\N	\N	\N	\N	\N	\N
[BLOB]	HYE_AM_L_3-074	\N	\N	\N	\N	\N	\N
[BLOB]	HYE_AM_L_3-070	\N	\N	\N	\N	\N	\N
[BLOB]	HYE_AM_L_3-071	\N	\N	\N	\N	\N	\N
[BLOB]	HYE_AM_L_4-089	\N	\N	\N	\N	\N	\N
[BLOB]	HYE_AM_L_4-088	\N	\N	\N	\N	\N	\N
[BLOB]	HYE_AM_L_4-087	\N	\N	\N	\N	\N	\N
[BLOB]	HYE_AM_L_4-085	\N	\N	\N	\N	\N	\N
\.


--
-- Data for Name: t_hyentity; Type: TABLE DATA; Schema: SW; Owner: postgres
--

COPY "SW".t_hyentity (hyecode, hyetcode, hyecodex, hyename, hyename2, hyedesc, hyedesc2, hyehyetcode) FROM stdin;
HYE_AM_GW_2G-1	\N	2G-1	\N	\N	\N	Hrazdan	\N
HYE_AM_GW_2G-2	\N	2G-2	\N	\N	\N	Hrazdan	\N
HYE_AM_GW_2G-3	\N	2G-3	\N	\N	\N	Hrazdan	\N
HYE_AM_R_4null	2	\N	\N	\N	\N	AM_Sevan	\N
HYE_AM_L_4null	3	\N	\N	\N	\N	AM_Sevan	\N
HYE_AM_L_3null	3	\N	\N	\N	\N	AM_Hrazdan	\N
HYE_AM_GW_2G-4	\N	2G-4	\N	\N	\N	Hrazdan	\N
HYE_AM_GW_2G-5	\N	2G-5	\N	\N	\N	Hrazdan	\N
HYE_AM_GW_2G-6	\N	2G-6	\N	\N	\N	Hrazdan	\N
HYE_AM_GW_2G-7a	\N	2G-7	\N	\N	\N	Hrazdan	\N
HYE_AM_GW_2G-7b	\N	2G-7	\N	\N	\N	Hrazdan	\N
HYE_AM_GW_2G-7c	\N	2G-7	\N	\N	\N	Hrazdan	\N
HYE_AM_GW_2G-8	\N	2G-8	\N	\N	\N	Hrazdan	\N
HYE_AM_GW_2G-9	\N	2G-9	\N	\N	\N	Hrazdan	\N
HYE_AM_GW_3G-1a	\N	3G-1	\N	\N	\N	Sevan	\N
HYE_AM_GW_3G-1b	\N	3G-1	\N	\N	\N	Sevan	\N
HYE_AM_GW_3G-1c	\N	3G-1	\N	\N	\N	Sevan	\N
HYE_AM_GW_3G-1d	\N	3G-1	\N	\N	\N	Sevan	\N
HYE_AM_GW_3G-1e	\N	3G-1	\N	\N	\N	Sevan	\N
HYE_AM_GW_3G-2a	\N	3G-2	\N	\N	\N	Sevan	\N
HYE_AM_GW_3G-2b	\N	3G-2	\N	\N	\N	Sevan	\N
HYE_AM_GW_3G-2c	\N	3G-2	\N	\N	\N	Sevan	\N
HYE_AM_GW_3G-2d	\N	3G-2	\N	\N	\N	Sevan	\N
HYE_AM_GW_3G-3a	\N	3G-3	\N	\N	\N	Sevan	\N
HYE_AM_GW_3G-3b	\N	3G-3	\N	\N	\N	Sevan	\N
HYE_AM_L_3-073	3	3-073	\N	Tsilqar res.	lakeWaterBody	AM_Hrazdan	\N
HYE_AM_L_3-077	3	3-077	\N	Lchak	lakeWaterBody	AM_Hrazdan	\N
HYE_AM_R_3-049	2	3-049	Քասախ գետի ձախակողմյան Թթուջուր վտակը	The Ttujur tributary on the left side of the Kasakh River	\N	AM_Hrazdan	\N
HYE_AM_L_3-074	3	3-074	\N	Halavar res	lakeWaterBody	AM_Hrazdan	\N
HYE_AM_L_3-075	3	3-075	\N	Aparan res.	lakeWaterBody	AM_Hrazdan	\N
HYE_AM_L_3-076	3	3-076	\N	Hartavan res.	lakeWaterBody	AM_Hrazdan	\N
HYE_AM_L_3-070	3	3-070	\N	Marmarik res.	lakeWaterBody	AM_Hrazdan	\N
HYE_AM_L_3-071	3	3-071	\N	Akhpara res.	lakeWaterBody	AM_Hrazdan	\N
HYE_AM_L_3-072	3	3-072	\N	Yerevan Lake	lakeWaterBody	AM_Hrazdan	\N
HYE_AM_GW_3G-3c	\N	3G-3	\N	\N	\N	Sevan	\N
HYE_AM_GW_3G-3d	\N	3G-3	\N	\N	\N	Sevan	\N
HYE_AM_GW_3G-3e	\N	3G-3	\N	\N	\N	Sevan	\N
HYE_AM_GW_3G-3g	\N	3G-3	\N	\N	\N	Sevan	\N
HYE_AM_GW_3G-4a	\N	3G-4	\N	\N	\N	Sevan	\N
HYE_AM_GW_3G-4b	\N	3G-4	\N	\N	\N	Sevan	\N
HYE_AM_L_4-086	3	4-086	\N	Lake Sevancoastline, from the Noratus Peninsula to the end of the community border Noratus, about 7.31km2	Lake Sevan	AM_Sevan	\N
HYE_AM_L_4-087	3	4-087	\N	Lake Sevancoastline, from Yeranos settlement to Small Masrik settlement, about 66.9km2	Lake Sevan	AM_Sevan	\N
HYE_AM_L_4-089	3	4-089	\N	Small Lake Sevan	Lake Sevan	AM_Sevan	\N
HYE_AM_L_4-084	3	4-084	\N	Lake Sevan coastline, from Lchashen to Tsovazard settlement, 9506.0m	Lake Sevan	AM_Sevan	\N
HYE_AM_L_4-085	3	4-085	\N	Lake Sevancoastline, surroundings of Gavaraget River, from Gavaraget estuary to Noratus, about 16.3km2	Lake Sevan	AM_Sevan	\N
HYE_AM_L_4-088	3	4-088	\N	Big Lake Sevan	Lake Sevan	AM_Sevan	\N
HYE_AM_R_3-028	2	3-028	Հրազդան գետը Քանաքեռ ՀԷԿ-ից մինչև Արտաշատի ջրանցք:	Hrazdan River from Kanaker HPP to Artashat Canal.	\N	AM_Hrazdan	\N
HYE_AM_R_3-029	2	3-029	Հրազդան գետը Արտաշատի ջրանցքից մինչև Երևանյան լիճ ջրամբար:	Hrazdan River from Artashat Canal to Lake Yerevan Reservoir	\N	AM_Hrazdan	\N
HYE_AM_R_3-034	2	3-034	Հրազդան գետը Մխչյանի ջրհանկայանի ջրանցքից մինչև Արաքս գետ թափվելը:	Hrazdan River from the Mkhchyan water junction canal to the Araks river.	\N	AM_Hrazdan	\N
HYE_AM_R_3-040	2	3-040	Ալվար գետը իր Մեղգետ վտակով մինչև Ալավարի ջրամբարը	The Alvar River through its Beghget Tributary to Alaver Reservoir	\N	AM_Hrazdan	\N
HYE_AM_R_3-041	2	3-041	Հալվար գետը՝ Թուխմանուկի ոսկու հանքավայրից մինչև Մելիք գյուղից ներքև ընկած հատվածը։	Halvar River, from the Tukhmanuk gold mine to the bottom of the village of Meliq.	\N	AM_Hrazdan	\N
HYE_AM_R_3-050	2	3-050	Քասախ գետի աջակողմյան վտակ Քուչակ գետը մինչև Ապարանի ջրամբար	On the right-hand side of the Kasakh River Kuchak to the Aparan reservoir	\N	AM_Hrazdan	\N
HYE_AM_R_3-051	2	3-051	Քասախ գետի ձախակողմյան վտակ Երնջառու գետը	Left River Yernjaru Tributary of the Kasakh River	\N	AM_Hrazdan	\N
HYE_AM_R_3-052	2	3-052	Քասախ գետի վտակ Ծաղկաշատ գետը մինչև Ապարանի ջրամբար	Tsaghkashat river to Aparan reservoir	\N	AM_Hrazdan	\N
HYE_AM_R_3-053	2	3-053	Քասախ գետը Ապարանի ջրամբարից մինչև Գեղարոտ վտակի միախառնումը	Qasakh river from Aparan reservoir to the Gegharot tributary	\N	AM_Hrazdan	\N
HYE_AM_R_3-054	2	3-054	Քասախի ձախակողմյան վտակ Արնջառու գետը	left tributary Arnjaru river of the Kasakh river	\N	AM_Hrazdan	\N
HYE_AM_R_3-055	2	3-055	Քասախի աջակողմյան վտակը մինչև անանուն ջրամբար՝ Հարթավան և Ջրամբար բնակավայրերի միջև	Qasakh right-wing tributary to the Hartavan reservoir, between Hartavan and Jrambar settlements	\N	AM_Hrazdan	\N
HYE_AM_R_3-056	2	3-056	Քասախի աջակողմյան վտակը անանուն ջրամբարից մինչև Քասախ գետ՝ Հարթավան և Ջրամբար բնակավայրերի միջև	Kashakh right-wing tributary from the reservoir to the Kasakh River, between Hartavan and Jrambar settlements	\N	AM_Hrazdan	\N
HYE_AM_R_3-057	2	3-057	Քասախի աջակողմյան վտակ Գեղարոտ գետը մինչև 3000 մետր բարձրությունները	The river Gesharot on the right-hand side of Kasakh is up to 3000 meters high	\N	AM_Hrazdan	\N
HYE_AM_R_3-058	2	3-058	Գեղարոտ գետը 3000 մետր բարձրություններից մինչև ջրառ:	Gegharot River from the height of 3000 meters to the abyss.	\N	AM_Hrazdan	\N
HYE_AM_R_3-059	2	3-059	Գեղարոտ գետը Արագած բնակավայր վերևից մինչև գետաբերան:	Gegharot River in the Aragats settlement from the top to the estuary.	\N	AM_Hrazdan	\N
HYE_AM_R_3-060	2	3-060	Քասախ գետը Գեղարոտի միախառնումից մինչև Օհանավան բնակավայր	The river Kasakh is from Gegharot to the Ohanavan settlement	\N	AM_Hrazdan	\N
HYE_AM_R_3-061	2	3-061	Քասախ գետի աջակողմյան վտակ Ափնի գետը	On the right-hand side of the Kasakh River, the River Apni	\N	AM_Hrazdan	\N
HYE_AM_R_3-062	2	3-062	Քասախի գետի աջակողմյան վտակ Նիգատուն գետը	Right-hand tributary Nigatun river of the Qasakh river	\N	AM_Hrazdan	\N
HYE_AM_R_3-063	2	3-063	Քասախ գետը Օհանավան բնակավայրից մինչև Աշտարակ քաղաքի վերջը:	The Qasakh River from Ohanavan to the end of the Ashtarak town.	\N	AM_Hrazdan	\N
HYE_AM_R_3-064	2	3-064	Քասախ գետը Աշտարակի վերջից մինչև Ամբերդ վտակի միախառնումը:	The Qasakh River from the end of Ashtarak to the Amberd Tributary.	\N	AM_Hrazdan	\N
HYE_AM_R_3-065	2	3-065	Քասախ գետի աջակողմյան վտակ Շահվերդ գետը իր վտակներով մինչև Բազմաղբյուր բնակավայրը	On the right bank of the Kasakh River, Shahverd River through its tributaries to the Bazmaghbyur settlement	\N	AM_Hrazdan	\N
HYE_AM_R_3-066	2	3-066	Քասախ գետի աջակողմյան վտակ Շահվերդ գետը Բազմաղբյուր բնակավայրից մինչև գետաբերան՝ Քասախի հետ միախառնումը	Right-wing tributary of the Kasakh River Shahverd River from Batmakhbyur settlement to the estuary, the mixing with Qasakh	\N	AM_Hrazdan	\N
HYE_AM_R_3-067	2	3-067	Ամբերդ գետը Արքաշեն և Տեղեր վտակներով մինչև Տեղեր գետի միախառնումը՝ Բյուրական բնակավայրի մոտ	Amberd River through the Arqashen and Tributary Tributaries to the Tere River River, near Byurakan settlement	\N	AM_Hrazdan	\N
HYE_AM_R_3-068	2	3-068	Ամբերդ գետը՝ Բյուրական քաղաքի տարածքից մինչև գետաբերան։	Amberd River from the city of Byurakan to the estuary.	\N	AM_Hrazdan	\N
HYE_AM_R_3-069	2	3-069	Քասախ գետը Ամբերդ վտակի միախառնումից մինչև գետաբերան:	The Qasakh River from the Amberd Tributary to the River.	\N	AM_Hrazdan	\N
HYE_AM_R_4-063	2	4-063	\N	\N	\N	AM_Sevan	\N
HYE_AM_R_3-010	2	3-010	Մարմարիկ գետը՝ Մեղրաձոր գյուղի վերևից մինչև Աղավնաձոր գյուղի վերև ընկած հատվածը։	Marmarik river from Meghradzor village to the Aghavnadzor village	\N	AM_Hrazdan	\N
HYE_AM_R_3-015	2	3-015	Ծաղկաձոր գետը՝ Ծաղկաձոր քաղաքի տարածքից մինչև գետաբերան։	Tsaghkadzor River, from Tsaghkadzor City to the Establishment.	\N	AM_Hrazdan	\N
HYE_AM_R_3-017	2	3-017	Հրազդան գետը Ախպարայի ջրամբարից մինչև Դալար գետի միախառնումը:	The tributary of the Hrazdan River` from Akhpara reservoir to confluence with Dalar river	\N	AM_Hrazdan	\N
HYE_AM_R_3-020	2	3-020	Հրազդան գետը Դալարի միախառնումից մինչև Գյումուշ ՀԷԿ:	Hrazdan River from Dalar to Gyumush HPP.	\N	AM_Hrazdan	\N
HYE_AM_R_3-024	2	3-024	Հրազդան գետը Նուռնուս բնակավայրի մոտից մինչև Արզնի բնակավայր:	Hrazdan River from Nurnus to Arzni settlement.	\N	AM_Hrazdan	\N
HYE_AM_R_3-025	2	3-025	Հրազդան գետը Արզնի բնակավայրից մինչև Քանաքեռի ՀԷԿ:	The Hrazdan River from Arzni to the Kanaker HPP.	\N	AM_Hrazdan	\N
HYE_AM_R_3-030	2	3-030	Ջրվեժ գետի աջակողմյան վտակ Գետառ գետը:	On the right-hand side of the Jrvezh River, the Getar River.	\N	AM_Hrazdan	\N
HYE_AM_R_3-031	2	3-031	Հրազդան գետի ձախակողմյան վտակ Ջրվեժ գետը իր վտակով:	The left bank of the river Hrazdan Jrvezh with its tributary.	\N	AM_Hrazdan	\N
HYE_AM_R_3-032	2	3-032	Հրազդան գետը Երևանյան լճից մինչև Սայաթ-Նովա բնակավայրը:	Hrazdan River from Yerevan Lake to Sayat-Nova settlement.	\N	AM_Hrazdan	\N
HYE_AM_R_3-033	2	3-033	Հրազդան գետը Սայաթ-Նովա բնակավայրից մինչև Մխչյանի ջրհանկայանի ջրանցքը:	Hrazdan River from Sayat-Nova settlement to Mkhchyan's water junction canal.	\N	AM_Hrazdan	\N
HYE_AM_R_3-035	2	3-035	Քասախ գետի Դաշտակի ջուր վտակը մինչև Ծիլքարի ջրամբարը	The Dashtunjur tributary of the Kasakh River to the Tilgar reservoir	\N	AM_Hrazdan	\N
HYE_AM_R_3-036	2	3-036	Քասախ գետի Դաշտակի ջուր վտակը Ծիլքարի ջրամբարից մինչև Գեղաձոր վտակի միախառնումը	The Dashtunjur Tributary of the Kasakh River from the Tjilgar reservoir to the Geghadzor Tributary	\N	AM_Hrazdan	\N
HYE_AM_R_3-037	2	3-037	Քասախ գետը աջակողմյան Գեղաձոր վտակի միախառնումից մինչև Ալավար գետ	The Kasakh River from the right-hand side of the Geghadzor Tributary to the Alavar River	\N	AM_Hrazdan	\N
HYE_AM_R_3-038	2	3-038	Քասախ գետի աջակողմյան Գեղաձոր և Ծաղկահովիտ վտակները	Tributaries of Geghadzor and Tsaghkahovit on the right side of the Kasakh River	\N	AM_Hrazdan	\N
HYE_AM_R_3-039	2	3-039	Քասախ գետի ձախակողմյան Սիփան և Քարաղբյուր վտակները	The left-hand side of the Kasakh River is Sipan and Karaghbyur tributaries	\N	AM_Hrazdan	\N
HYE_AM_R_3-019	2	3-019	Դալար գետը իր վտակներով	Dalar river with its tributaries	\N	AM_Hrazdan	\N
HYE_AM_R_4-005	2	4-005	Դրախտիկ գետը Դրախտիկ բնակավայրից մինչև գետաբերան	Drakhtik river from Drakhtik settlement to the estuary	\N	AM_Sevan	\N
HYE_AM_R_4-006	2	4-006	Դրախտիկ գետը Դրախտիկ բնակավայրից գետաբերան:	River Drakhtik from village Drakhtik to estuary	\N	AM_Sevan	\N
HYE_AM_R_4-007	2	4-007	Արծաթաղբերք գետը ակունքից մինչև Սակավջուր վտակի միախառնումը՝ Սակավաջուր վտակի հետ միասին	The Artsataghberq River from the source to the Sakavjar tributary, along with the Sakavajur tributary	\N	AM_Sevan	\N
HYE_AM_R_4-008	2	4-008	Արծաթաղբերք գետը Սակավաջուր վտակի միախառնումից մինչև գետաբերան	Artsataghberk river from  mix up Sakavjur tributary to the estuary	\N	AM_Sevan	\N
HYE_AM_R_4-009	2	4-009	Արտանիշ գետը՝ ակունքից մինչև գետաբերան	Artanish river from the source to the estuary	\N	AM_Sevan	\N
HYE_AM_R_4-010	2	4-010	Արտանիշ գետը Արտանիշ բնակավայրից գետաբերան:	River Artanish from village Artanish to estuary	\N	AM_Sevan	\N
HYE_AM_R_4-011	2	4-011	Գիժգետ գետը ակունքից մինչև գետաբերան	The river Gizhget from source to estuary	\N	AM_Sevan	\N
HYE_AM_R_4-012	2	4-012	Ջիլ գետը ակունքից մինչև գետաբերան	The river Jil from source to estuary	\N	AM_Sevan	\N
HYE_AM_R_4-013	2	4-013	Ջիլ գետը Ձորաշեն բնակավայրից գետաբերան:	River Jil from village Dzorashen to estuary	\N	AM_Sevan	\N
HYE_AM_R_4-023	2	4-023	Արեգունի գետը վերին հոսանքներում Հովսաթաղք վտակի հետ միասին	The river Areguni from source to confluence its left tributary Hovsatagh-with tributary Hovsatagh	\N	AM_Sevan	\N
HYE_AM_R_4-024	2	4-024	Արեգունի գետը՝ Հովսաթաղք վտակի միախառնումից մինչև գետաբերան	The river Areguni from confluence its tributary Hovsatagh to estuary	\N	AM_Sevan	\N
HYE_AM_R_4-025	2	4-025	Գեղամասար գետի աջակողմյան վտակ Սարինար գետը	The river Sarinar-Right tributary of the river Geghamasar	\N	AM_Sevan	\N
HYE_AM_R_4-026	2	4-026	Գեղամասար գետը՝ ակունքից մինչև Գեմասար բնակավայր	The river Geghamasar from source to village Geghamasar	\N	AM_Sevan	\N
HYE_AM_R_4-065	2	4-065	\N	\N	\N	AM_Sevan	\N
HYE_AM_R_4-079	2	4-079	Գավառագետի ձախակողմյան վտակ Գելոիձոր գետը ակունքից մինչև գետաբերան՝ իր վտակներով	The river Geloidzor-left tributary of the river Gavaraget, from source to estuary with its tributaries	\N	AM_Sevan	\N
HYE_AM_R_4-080	2	4-080	Գավառագետի ձախակողմյան վտակ Գումերի գետը իր վտակներով	The river Gumeriget with tributaries	\N	AM_Sevan	\N
HYE_AM_R_4-081	2	4-081	Գավառագետ գետը Գավառագետ քաղաքի տարածքում:	River Gavaraget-in the area  of city Gavar	\N	AM_Sevan	\N
HYE_AM_R_4-082	2	4-082	Գավառագետ գետը Գավառագետ քաղաքից մինչև գետբերան:	River Gavaraget-from city Gavar to estuary	\N	AM_Sevan	\N
HYE_AM_R_4-083	2	4-083	Հրազդան գետի ակունքը՝ Սևանա լճից դուրս եկող հատվածը	The source of the river Hrazdan	\N	AM_Sevan	\N
HYE_AM_R_3null	2	\N	\N	\N	\N	AM_Hrazdan	\N
HYE_AM_R_4-027	2	4-027	Գեղամասար գետը Գեղամասար բնակավայրից մինչև գետաբերան	The river Geghamasar from village Geghamasar to estuary	\N	AM_Sevan	\N
HYE_AM_R_4-028	2	4-028	Փոքր Մասրիկի աջակողմյան վտակ  Կապուտջուր գետը	The river Kaputjur-right tributary of the river Poqr Masrik	\N	AM_Sevan	\N
HYE_AM_R_4-029	2	4-029	Փոքր Մասրիկ գետը ակունքից մինչև Նորակերտ վտակի միախանումը՝ Նորակերտ վտակով	The river Poqr Masrik from source to confluence tributary Norakert-with tributary Norakert	\N	AM_Sevan	\N
HYE_AM_R_4-030	2	4-030	Փոքր Մասրիկ գետը  Նորակերտ վտակի միախառնումից մինչև գետաբերան	The river Poqr Masrik from confluence tributary Norakert to estuary	\N	AM_Sevan	\N
HYE_AM_R_4-031	2	4-031	Սոթք գետը Սոթքի հանքավայրից մինչև Մասրիկ գետի միախառնումը:	River Sotq from mine of Sotq to mixing with Masrik river	\N	AM_Sevan	\N
HYE_AM_R_4-032	2	4-032	Սոթք գետը ակունքներում և վտակները մինչև Սոթք բնակավայր	The river Sotq in sources, and its tributaries till village Sotq	\N	AM_Sevan	\N
HYE_AM_R_4-033	2	4-033	Սոթք գետի ձախակողմյան վտակ Կութ գետը	The river Kut-right tributary of the river Sotq	\N	AM_Sevan	\N
HYE_AM_R_4-034	2	4-034	Սոթք գետի աջակողմյան վտակ Դարանակ գետը	The river Daranak-right tributary of the river Sotq	\N	AM_Sevan	\N
HYE_AM_R_4-035	2	4-035	Սոթք գետի ձախակողմյան վտակ Ազատ գետը	The river Azat-right tributary of the river Sotq	\N	AM_Sevan	\N
HYE_AM_R_4-036	2	4-036	Մասրիկ գետը ակունքից մինչև Ջաղացաձոր բնակավայր	The river Masrik from source to village Jaghacdzor	\N	AM_Sevan	\N
HYE_AM_R_4-037	2	4-037	Մասրիկ գետը Ջաղացաձոր բնակավայրից մինչև Սոթք գետի միախառնումը	The river Masrik from  village Jaghacdzor to confluence tributary Sotq	\N	AM_Sevan	\N
HYE_AM_R_4-038	2	4-038	Մասրիկ գետը Սոթք վտակի միախառնումից մինչև Վարդենիս քաղաքի կեղտաջրերի թափման վայրը:	River Masrik-from the the confluence of River Sotq to the confluence of waste water of city Vardenis	\N	AM_Sevan	\N
HYE_AM_R_4-039	2	4-039	Մասրիկ գետի աջակողմյան  վտակ Սևաջուր գետը	The river Sevajur-right tributary of the river Masrik	\N	AM_Sevan	\N
HYE_AM_R_4-040	2	4-040	Սևաջուր գետի աջակողմյան վտակ Զանգիկ գետը	The river Zangik-right tributary of the river Sevajur	\N	AM_Sevan	\N
HYE_AM_R_4-041	2	4-041	Մասրիկ գետը Վարդենիս քաղաքի կեղտաջրերի թափման վայրից մինչև գետաբերան:	River Masrik-from the confluence of waste water of Vardenis city to estuary	\N	AM_Sevan	\N
HYE_AM_R_4-042	2	4-042	Մասրիկ գետի ձախակողմյան վտակ Ակունք գետը	The river Akunq-left tributary of the river Masrik	\N	AM_Sevan	\N
HYE_AM_R_4-043	2	4-043	Կարճաղբյուր գետը ակունքից մինչև Ախպրաձոր բնակավայր	The river Karchaghbyur from source to village Akhpradzor	\N	AM_Sevan	\N
HYE_AM_R_4-044	2	4-044	Կարճաղբյուր գետը Ախպրաձոր բնակավայրից մինչև Մաքենիս բնակավայր	The river Karchaghbyur from village Akhpradzor till village Maqenis	\N	AM_Sevan	\N
HYE_AM_R_4-045	2	4-045	Կարճաղբյուր գետի Երփնափոր վտակը	The river Erpnapor-tributary of the river Karchaghbyur	\N	AM_Sevan	\N
HYE_AM_R_4-046	2	4-046	Կարճաղբյուր գետի ձախակողմյան Աղոթաձոր վտակը	The river Aghotadzor-left tributary of the river Karchaghbyur	\N	AM_Sevan	\N
HYE_AM_R_4-047	2	4-047	Կարճաղբյուր գետը Մաքենիս բնակավայրից մինչև գետաբերան	The river Karchaghbyur from village Maqenis to estuary	\N	AM_Sevan	\N
HYE_AM_R_4-048	2	4-048	Արծվանիստ գետը ակունքից գետաբերան	The river Artsvanist from source to estuary	\N	AM_Sevan	\N
HYE_AM_R_4-049	2	4-049	Արծվանիստ գետի Եղանցուջուր վտակը	The river Eghancujur-tributary of the river Artsvanist	\N	AM_Sevan	\N
HYE_AM_R_4-050	2	4-050	Վարդենիկ գետը ակունքից միչև Ազիզներ վտակի հետ միախառնումը՝ Ազիզներ վտակի հետ միասին	The river Vardenik from source to confluence tributary Azizner with tributary Azizner	\N	AM_Sevan	\N
HYE_AM_R_4-052	2	4-052	Վարդենիս գետը համանուն բնակավայրից մինչև գետաբերան:	River Vardenis-from village Vardenik to estuary	\N	AM_Sevan	\N
HYE_AM_R_4-053	2	4-053	Ակնախառ գետը ակունքից գետաբերան	The river Aknakhar from source to estuary	\N	AM_Sevan	\N
HYE_AM_R_4-054	2	4-054	Զոլաքար գետը ակունքի մինչև գետաբերան	The river Zolaqar from source to estuary	\N	AM_Sevan	\N
HYE_AM_R_4-055	2	4-055	Աստղաձոր գետը ակունքից գետաբերան	The river Astghadzor from source to estuary	\N	AM_Sevan	\N
HYE_AM_R_4-056	2	4-056	Մարտունի գետը  Դաշտագետ վտակի հետ մինչև Գեղհովիտ բնակավայր	The river Martuni with its tributary Dashtaget till village Geghhovit	\N	AM_Sevan	\N
HYE_AM_R_4-057	2	4-057	Մարտունի գետը Գեղհովիտից բնակավայրից մինչև Մարտունի քաղաք:	Martuni River from Geghovhit to Martuni town.	\N	AM_Sevan	\N
HYE_AM_R_4-058	2	4-058	Մարտունի գետը Մարտունի քաղաքից մինչև գետբաերան:	Martuni River from Martuni Town to estuary.	\N	AM_Sevan	\N
HYE_AM_R_4-059	2	4-059	Փոքր Արգիճի գետի աջակողմյան վտակ Գայլաձոր գետը իր Ծաղկաշեն, Առվակն և Առհանչ վտակներով	The river Gayladzor right tributary of the river Poqr Argichi, with its tributaries Tsaghkashen, Arvak and Arhanch	\N	AM_Sevan	\N
HYE_AM_R_4-061	2	4-061	Արգիճի գետը ակունքներից մինչև Փոքր Արգիճի վտակի միախառնումը	The river Argichi from source to confluence tributary Poqr Argichi	\N	AM_Sevan	\N
HYE_AM_R_4-062	2	4-062	Արգիճի գետի ձախակողմյան վտակ Նազարգետ գետը	The river Nazarget-left tributary of the river Argichi	\N	AM_Sevan	\N
HYE_AM_R_4-064	2	4-064	Արգիճի գետը Մադինա համայնքի գոմերից մինչև Վերին Գետաշեն	The river Argichi from farms of the village Madina till village Verin Getashen	\N	AM_Sevan	\N
HYE_AM_R_4-066	2	4-066	Լիճք գետը Լիճք բնակավայիրց մինչև գետաբերան	The river Lichq from village Lichq to estuary	\N	AM_Sevan	\N
HYE_AM_R_4-067	2	4-067	Բախտակ գետը ակունքից մինչև Թազագյուղ	The river Bakhtak from source to village Tazagyugh	\N	AM_Sevan	\N
HYE_AM_R_4-068	2	4-068	Բախտակ գետը Թազագյուղից Ծակքար բնակավայր:	River Bakhtak-from village Tsovasar to village Tsakqar	\N	AM_Sevan	\N
HYE_AM_R_4-069	2	4-069	Բախտակ գետը Ծակքար բնակավայրից մինչև գետաբերան:	River Bakhtak-from village Tsakqar to estuary	\N	AM_Sevan	\N
HYE_AM_R_4-070	2	4-070	Ծակքար գետը ակունքից մինչև Ձորագուղ	The river Tsakqar from source to village Dzoragyugh	\N	AM_Sevan	\N
HYE_AM_R_4-071	2	4-071	Ծակքար գետը Ձորագյուղից մինչև գետաբերան:	River Tsakqar-from village Dzoragyugh to estuary	\N	AM_Sevan	\N
HYE_AM_R_4-072	2	4-072	Շողվակ գետը ակունքից մինչև Ձորագյուղ	The river Shoghvak from source to village Dzoragyugh	\N	AM_Sevan	\N
HYE_AM_R_4-073	2	4-073	Շողվակ գետը Ձորագյուղից մինչև գետաբերան:	River Shoghvak-from village Dzoragyugh to estuary	\N	AM_Sevan	\N
HYE_AM_R_4-074	2	4-074	Գավառագետը ակունքից մինչև Գեղարքունիջուր վտակի միախառնումը	The river Gavaraget from source to confluence tributary Gegharqunikjur	\N	AM_Sevan	\N
HYE_AM_R_3-021	2	3-021	Արայի գետը՝ Բուժական, իր վտակներով	Arayi river with its tributaries	\N	AM_Hrazdan	\N
HYE_AM_R_4-075	2	4-075	Գավառագետ գետը Գեղարքունիջուր վտակի միախառնումից մինչև Գավառ քաղաք	The river Gavaraget from confluence tributary Gegharqunijur till city Gavar	\N	AM_Sevan	\N
HYE_AM_R_3-001	2	3-001	Մարմարիկ գետի աջակողմյան վտակներ՝ մինչև Հանքավան բնակավայր	The right-hand tributaries of the Marmarik River to the Hankavan settlement	\N	AM_Hrazdan	\N
HYE_AM_R_3-002	2	3-002	Մարմարիկ գետը ակունքից մինչև Հանքավան բնակավայր՝ աջակողմյան վտակի միախառնումը	The Marmarik from river source to the Hankavan settlement	\N	AM_Hrazdan	\N
HYE_AM_R_4-001	2	4-001	Ձկնագետ գետը ակունքից մինչև աջակողմյան վտակների միախառնումը	The river Dzknaget from the source to the merge of right tributeris	\N	AM_Sevan	\N
HYE_AM_R_4-002	2	4-002	Ձկնագետ գետի աջակողմյան վտակները	Right tributary of the river Dzknaget	\N	AM_Sevan	\N
HYE_AM_R_4-003	2	4-003	Ձկնագետ գետը աջակողմյան վտակների միախառնումից մինչև գետաբերան	River Dzknaget from right tributary to the estuary	\N	AM_Sevan	\N
HYE_AM_R_4-004	2	4-004	Դրախտիկ գետը իր Տանձուտ և Երկայնաձոր վտակների հետ միասին մինչև Դրախտիկ բնակավայր	Drakhtik River together with its tributaries Tandzut and Yerkaynadzor to the village Drakhtik	\N	AM_Sevan	\N
HYE_AM_R_4-014	2	4-014	Ծափաթաղ գետը ակունքից մինչև  Ըղձաձոր վտակի միախառնումը՝ Ըղձաձոր վտակի հետ միասին	The river Tsapatagh from source to confluence its tributary Yeghegnadzor-with tributary Yeghegnadzor	\N	AM_Sevan	\N
HYE_AM_R_4-015	2	4-015	Ծափաթաղ գետը Ըղձաձոր վտակի միախառնումից մինչև գետաբերան	The river Tsapatagh-from confluence tributary Yghdzadzor to estuary	\N	AM_Sevan	\N
HYE_AM_R_4-016	2	4-016	Ծափաթաղ գետը Ծափաթաղ բնակավայրից գետաբերան:	River Tsapatagh from village Tsapatagh to estuary	\N	AM_Sevan	\N
HYE_AM_R_4-017	2	4-017	Շամփուր գետը ակունքից մինչև գետաբերան	The river Shampur from source to estuary	\N	AM_Sevan	\N
HYE_AM_R_4-018	2	4-018	Փամբակ գետը վերին հոսանքներում  մինչև ձախակողմյան վտակի միախառնումը	The river Pambak from source to confluence left  tributary- with  left tributary	\N	AM_Sevan	\N
HYE_AM_R_4-060	2	4-060	Փոքր Արգիճի գետը ակուքից մինչև Արգիճի միախառնումը	The river Poqr Argichi from source to confluence of the river Argichi	\N	AM_Sevan	\N
HYE_AM_R_4-076	2	4-076	Գավառագետի աջակողմյան վտակ Գեղարքունիջուր գետը՝ իր վտակներով ակունքից մինչև Սարուխան բնակավայր	The river Gegharqunikjur with its tributaries from source to village Sarukhan	\N	AM_Sevan	\N
HYE_AM_R_4-077	2	4-077	Գավառագետի ձախակողմյան վտակ Գռիձոր գետը ակունքից գետաբերան, Գալյաձոր վտակով	The river Gridzor from source to estuary with its tributary Gayladzor	\N	AM_Sevan	\N
HYE_AM_R_4-078	2	4-078	Գավառագետի աջակողմյան վտակ Գեղարքունիջուր գետը Սարուխան բնակավայրից մինչև Գավառագետի հետ միախառնումը	The river Gegharqunikjur from village Sarukhan to confluence of the river Gavaraget	\N	AM_Sevan	\N
HYE_AM_R_3-003	2	3-003	Մարմարիկ գետը Հանքավանից մինչև Մարմարիկի ջրամբար	Marmarik river from Hankavan settlement to Marmarik reservoir	\N	AM_Hrazdan	\N
HYE_AM_R_3-004	2	3-004	Ծաղկամարգ (Ուլաշիկ) գետը իր վտակներով	Ulashik river  with its tributaries	\N	AM_Hrazdan	\N
HYE_AM_R_3-005	2	3-005	Մարմարիկ գետը Մարմարիկի ջրմբ. մինչև Մեղրաձոր վտակի հետ միախառնվելը	Marmarik river from Marmarik reservoir to confluence to Meghradzor river	\N	AM_Hrazdan	\N
HYE_AM_R_3-006	2	3-006	Մարմարիկ գետի ձախակողմյան Արտավազ և Փյունիկ  վտակնեը Մարմարիկի ջրմբ. մինչև Մեղրաձոր ընկած հատվածում	On the left-hand side of the Marmarik River Artavaz and Pyunik streams, From the Marmarik reservoir to Meghradzor	\N	AM_Hrazdan	\N
HYE_AM_R_3-008	2	3-008	Մեղրաձոր գետը իր վտակներով մինչև Թեժ վտակի հետ միախառնումը	Meghradzor River through its tributaries to the merging with the Tej Tributary	\N	AM_Hrazdan	\N
HYE_AM_R_3-007	2	3-007	Մարմարիկ գետի աջակողմյան վտակնեը՝ Ծարը, Փյունիկից մինչև Մեղրաձոր ընկած հատվածում	The Tsar Tributary on the Right Marmarik River, From Pyunik to Meghradzor settlement	\N	AM_Hrazdan	\N
HYE_AM_R_3-009	2	3-009	Մեղրաձոր գետը Թեժ վտակի միախառնումից գետաբերան:	The Meghradzor River is the river of the turtle. Mining:	\N	AM_Hrazdan	\N
HYE_AM_R_3-011	2	3-011	Մարմարիկ գետի աջակողմյան վտակները՝ Մարմարիկ բնակավայրից գետաբերան	The right-hand tributaries of Marmarik River, from the Marmarik settlement to the estuary	\N	AM_Hrazdan	\N
HYE_AM_R_3-012	2	3-012	Մարմարիկ գետը Աղավնաձոր բնակավայրից մինչև գետաբերան	Marmarik river from Aghavnadzor to confluence to Meghradzor river	\N	AM_Hrazdan	\N
HYE_AM_R_4-019	2	4-019	Փամբակ գետը՝ ձախակողմյան վտակի միախառնումից մինչև գետաբերան	The river Pambak from confluence its left tributary to estuary	\N	AM_Sevan	\N
HYE_AM_R_4-020	2	4-020	Փամբակ գետը Փամբակ բնակավայրից գետաբերան:	River Pambak from village Pambak to estuary	\N	AM_Sevan	\N
HYE_AM_R_4-021	2	4-021	Դարանակ գետը Սատանախաչ ձախակողմյան վտակի հետ միասին՝ ակունքից մինչև Սատանախաչ ձախակողմյան վտակի միախառնում	The river Daranak from source to confluence its left tributary Satanakhach-with left tributary Satanakhach	\N	AM_Sevan	\N
HYE_AM_R_4-022	2	4-022	Դարանակ գետը՝  ձախակողմյան Սատանախաչ վտակի միախառնումից մինչև գետաբերան	The river Daranak from confluence its left tributary Satanakhach to estuary	\N	AM_Sevan	\N
HYE_AM_R_4-051	2	4-051	Վարդենիկ գետը Ազիզներ վտակի միախառնումից մինչև Վարդենիկ բնակավայր	The river Vardenik from confluence tributary Azizner to village Vardenik	\N	AM_Sevan	\N
HYE_AM_R_3-013	2	3-013	Հրազդան գետը Սևանա լճից մինչև Մարմարիկ գետի միախառնումը	Hrazdan river from Lake Sevan to confluence of Marmarik river	\N	AM_Hrazdan	\N
HYE_AM_R_3-014	2	3-014	Հրազդան գետի վտակ Ծաղկաձոր մինչև Ծաղկաձոր բնակավայր	The tributary of the Hrazdan River Tsaghkadzor to Tsaghkadzor	\N	AM_Hrazdan	\N
HYE_AM_R_3-016	2	3-016	Հրազդան գետը Մարմարիկի միախառնումից մինչև Ախպարայի ջրամբար	Hrazdan River from the Marmarik River to the Akhpara Reservoir	\N	AM_Hrazdan	\N
HYE_AM_R_3-018	2	3-018	Հրազդան գետի վտակները՝ Ախպարայի ջրամբարից մինչև Դալար գետի միախառնումը	Hrazdan river from Akhpara reservoir to confluence with Dalar river	\N	AM_Hrazdan	\N
HYE_AM_R_3-022	2	3-022	Հրազդան գետը Գյումուշ ՀԷԿ-ից մինչև Նուռնուս բնակավայրի մոտ	Hrazdan river between Gyumush HPP of Nurnus settlement	\N	AM_Hrazdan	\N
HYE_AM_R_3-023	2	3-023	Հրազդան գետի աջակողմյան վտակ Սարալանջ գետը	The right-hand tributary of the Hrazdan River is the Saralanj River	\N	AM_Hrazdan	\N
HYE_AM_R_3-026	2	3-026	Հրազդանի ձախակողմյան վտակ Ակունք գետը իր Սևաբերդ վտակով, մինչև Մայակովսկի բնակավայր	Akunq river with Sevaberd tributaries to the Mayakovski settlement	\N	AM_Hrazdan	\N
HYE_AM_R_3-027	2	3-027	Ակունք գետը Մայակովսի բնակավայրից գետաբերան:	Akunq river with its tributaries or the Mayakovski st. to the estuary	\N	AM_Hrazdan	\N
HYE_AM_R_3-042	2	3-042	Ալվար գետը Ալավարի ջրամբարից մինչև Քասախ գետին միախառնումը	The Alvar River mixes from the Alaverdi reservoir to the Kasakh River	\N	AM_Hrazdan	\N
HYE_AM_R_3-043	2	3-043	Քասախ գետը Ալավար վտակի միախառնումից մինչև Ապարան քաղաքը	The Kashakh River crosses the Alavar River to the city of Aparan	\N	AM_Hrazdan	\N
HYE_AM_R_3-044	2	3-044	Քասախ գետի աջակողմյան վտակները Նիգավան և Ապարան բնակավայրերի միջև	Qasakh river from river source to Aparan reservoir	\N	AM_Hrazdan	\N
HYE_AM_R_3-045	2	3-045	Քասախ գետը Ապարան քաղաքից մինչև Ապարանի ջրամբար:	Qasakh river from Aparan city to Aparan reservoir.	\N	AM_Hrazdan	\N
HYE_AM_R_3-046	2	3-046	Քասախ գետի ձախակողմյան Լուսագյուղ վտակը	Lusagyugh left tributary Qasakh river	\N	AM_Hrazdan	\N
HYE_AM_R_3-047	2	3-047	Քասախ գետի աջակողմյան վտակները Մուլքի և Վարդենիս բնակավայրերի միջև	The right-hand tributaries of the Kasakh River between the settlements of Mulk and Vardenis	\N	AM_Hrazdan	\N
HYE_AM_R_3-048	2	3-048	Քասախ գետի ձախակողմյան Չքնաղ վտակը	The Chqnagh tributary on the left bank of the Kasakh River	\N	AM_Hrazdan	\N
\.


--
-- Data for Name: t_hyeriver; Type: TABLE DATA; Schema: SW; Owner: postgres
--

COPY "SW".t_hyeriver (geom, hyercode, hyehyertcode, hyerdesc, hyername, hyercodex, hyername2, hyerdesc2) FROM stdin;
[BLOB]	HYE_AM_R_3-061	\N	\N	\N	\N	\N	\N
[BLOB]	HYE_AM_R_3-005	\N	\N	\N	\N	\N	\N
[BLOB]	HYE_AM_R_3-016	\N	\N	\N	\N	\N	\N
[BLOB]	HYE_AM_R_3-022	\N	\N	\N	\N	\N	\N
[BLOB]	HYE_AM_R_4-069	\N	\N	\N	\N	\N	\N
[BLOB]	HYE_AM_R_3-038	\N	\N	\N	\N	\N	\N
[BLOB]	HYE_AM_R_3-044	\N	\N	\N	\N	\N	\N
[BLOB]	HYE_AM_R_3-047	\N	\N	\N	\N	\N	\N
[BLOB]	HYE_AM_R_3-049	\N	\N	\N	\N	\N	\N
[BLOB]	HYE_AM_R_3-002	\N	\N	\N	\N	\N	\N
[BLOB]	HYE_AM_R_3-003	\N	\N	\N	\N	\N	\N
[BLOB]	HYE_AM_R_3-019	\N	\N	\N	\N	\N	\N
[BLOB]	HYE_AM_R_3-039	\N	\N	\N	\N	\N	\N
[BLOB]	HYE_AM_R_3-046	\N	\N	\N	\N	\N	\N
