CREATE TABLE `jgkzw_fabrik_connections` (
  `id` int(6) NOT NULL,
  `host` varchar(255) NOT NULL DEFAULT '',
  `user` varchar(255) NOT NULL DEFAULT '',
  `password` varchar(255) NOT NULL DEFAULT '',
  `database` varchar(255) NOT NULL DEFAULT '',
  `description` varchar(255) NOT NULL DEFAULT '',
  `published` int(1) NOT NULL DEFAULT 0,
  `checked_out` int(4) NOT NULL DEFAULT 0,
  `checked_out_time` datetime DEFAULT NULL,
  `default` int(1) NOT NULL DEFAULT 0,
  `params` mediumtext DEFAULT NULL
) ENGINE=MyISAM DEFAULT CHARSET=utf8mb3 COLLATE=utf8mb3_general_ci;

--
-- Déchargement des données de la table `jgkzw_fabrik_connections`
--

INSERT INTO `jgkzw_fabrik_connections` (`id`, `host`, `user`, `password`, `database`, `description`, `published`, `checked_out`, `checked_out_time`, `default`, `params`) VALUES
(1, 'localhost', 'herve', '171B21334037173E 24C7F41', 'j3g_kzwater', 'site database', 1, 0, '0000-00-00 00:00:00', 1, '{\"encryptedPw\":true}'),
(2, 'www.aquacoope.org', 'joomla', '121D2B3F59324562', 'mailing', 'mailing', 1, 0, '0000-00-00 00:00:00', 0, '{\"encryptedPw\":true}');

-- --------------------------------------------------------

--
-- Structure de la table `jgkzw_fabrik_cron`
--

CREATE TABLE `jgkzw_fabrik_cron` (
  `id` int(6) NOT NULL,
  `label` varchar(100) NOT NULL DEFAULT '',
  `frequency` smallint(6) NOT NULL DEFAULT 0,
  `unit` varchar(15) NOT NULL DEFAULT '',
  `created` datetime NOT NULL,
  `created_by` int(6) NOT NULL DEFAULT 0,
  `created_by_alias` varchar(30) NOT NULL DEFAULT '',
  `modified` datetime DEFAULT NULL,
  `modified_by` varchar(30) NOT NULL DEFAULT '',
  `checked_out` int(6) NOT NULL DEFAULT 0,
  `checked_out_time` datetime DEFAULT NULL,
  `published` tinyint(1) NOT NULL DEFAULT 1,
  `plugin` varchar(50) NOT NULL DEFAULT '',
  `lastrun` datetime DEFAULT NULL,
  `params` mediumtext DEFAULT NULL
) ENGINE=MyISAM DEFAULT CHARSET=utf8mb3 COLLATE=utf8mb3_general_ci;

-- --------------------------------------------------------

--
-- Structure de la table `jgkzw_fabrik_elements`
--

CREATE TABLE `jgkzw_fabrik_elements` (
  `id` int(6) NOT NULL,
  `name` varchar(100) NOT NULL DEFAULT '',
  `group_id` int(4) NOT NULL DEFAULT 0,
  `plugin` varchar(100) NOT NULL DEFAULT '',
  `label` text DEFAULT NULL,
  `checked_out` int(11) NOT NULL DEFAULT 0,
  `checked_out_time` datetime DEFAULT NULL,
  `created` datetime NOT NULL,
  `created_by` int(11) NOT NULL DEFAULT 0,
  `created_by_alias` varchar(100) NOT NULL DEFAULT '',
  `modified` datetime DEFAULT NULL,
  `modified_by` int(11) NOT NULL DEFAULT 0,
  `width` int(4) NOT NULL DEFAULT 0,
  `height` int(4) NOT NULL DEFAULT 0,
  `default` text DEFAULT NULL,
  `hidden` int(1) NOT NULL DEFAULT 0,
  `eval` int(1) NOT NULL DEFAULT 0,
  `ordering` int(4) NOT NULL DEFAULT 0,
  `show_in_list_summary` int(1) DEFAULT 0,
  `filter_type` varchar(20) DEFAULT '',
  `filter_exact_match` int(1) DEFAULT 0,
  `published` int(1) NOT NULL DEFAULT 0,
  `link_to_detail` int(1) NOT NULL DEFAULT 0,
  `primary_key` int(1) NOT NULL DEFAULT 0,
  `auto_increment` int(1) NOT NULL DEFAULT 0,
  `access` int(1) NOT NULL DEFAULT 0,
  `use_in_page_title` int(1) NOT NULL DEFAULT 0,
  `parent_id` mediumint(6) NOT NULL DEFAULT 0,
  `params` mediumtext NOT NULL
) ENGINE=MyISAM DEFAULT CHARSET=utf8mb3 COLLATE=utf8mb3_general_ci;

--
-- Déchargement des données de la table `jgkzw_fabrik_elements`
--

INSERT INTO `jgkzw_fabrik_elements` (`id`, `name`, `group_id`, `plugin`, `label`, `checked_out`, `checked_out_time`, `created`, `created_by`, `created_by_alias`, `modified`, `modified_by`, `width`, `height`, `default`, `hidden`, `eval`, `ordering`, `show_in_list_summary`, `filter_type`, `filter_exact_match`, `published`, `link_to_detail`, `primary_key`, `auto_increment`, `access`, `use_in_page_title`, `parent_id`, `params`) VALUES
(1, 'adorcode', 1, 'field', 'adorcode', 0, NULL, '2020-12-09 09:36:30', 925, 'herve', '2020-12-09 09:36:30', 0, 16, 6, '', 0, 0, 1, 0, NULL, NULL, 1, 0, 0, 0, 1, 0, 0, '{\"rollover\":\"\",\"comment\":\"\",\"sub_default_value\":\"\",\"sub_default_label\":\"\",\"element_before_label\":1,\"allow_frontend_addtocheckbox\":0,\"database_join_display_type\":\"dropdown\",\"joinType\":\"simple\",\"join_conn_id\":-1,\"date_table_format\":\"Y-m-d\",\"date_form_format\":\"Y-m-d H:i:s\",\"date_showtime\":0,\"date_time_format\":\"H:i\",\"date_defaulttotoday\":1,\"date_firstday\":0,\"multiple\":0,\"allow_frontend_addtodropdown\":0,\"password\":0,\"maxlength\":\"16\",\"text_format\":\"text\",\"integer_length\":6,\"decimal_length\":2,\"guess_linktype\":0,\"disable\":0,\"readonly\":0,\"ul_max_file_size\":16000,\"ul_email_file\":0,\"ul_file_increment\":0,\"upload_allow_folderselect\":1,\"fu_fancy_upload\":0,\"upload_delete_image\":1,\"make_link\":0,\"fu_show_image_in_table\":0,\"image_library\":\"gd2\",\"make_thumbnail\":0,\"imagepath\":\"\\/\",\"selectImage_root_folder\":\"\\/\",\"image_front_end_select\":0,\"show_image_in_table\":0,\"image_float\":\"none\",\"link_target\":\"_self\",\"radio_element_before_label\":0,\"options_per_row\":4,\"ck_options_per_row\":4,\"allow_frontend_addtoradio\":0,\"use_wysiwyg\":0,\"my_table_data\":\"id\",\"update_on_edit\":0,\"view_access\":1,\"show_in_rss_feed\":0,\"show_label_in_rss_feed\":0,\"icon_folder\":-1,\"use_as_row_class\":0,\"filter_access\":1,\"full_words_only\":0,\"inc_in_adv_search\":1,\"sum_on\":0,\"sum_access\":0,\"avg_on\":0,\"avg_access\":0,\"median_on\":0,\"median_access\":0,\"count_on\":0,\"count_access\":0}'),
(2, 'ORADCNCODEX', 1, 'field', 'Pays', 0, NULL, '2020-12-09 09:36:30', 925, 'herve', '2020-12-09 10:02:58', 925, 2, 6, '', 0, 0, 2, 1, '', 1, 1, 0, 0, 0, 1, 0, 0, '{\"placeholder\":\"\",\"password\":\"0\",\"maxlength\":\"2\",\"disable\":\"0\",\"readonly\":\"0\",\"autocomplete\":\"1\",\"speech\":\"0\",\"advanced_behavior\":\"0\",\"bootstrap_class\":\"input-medium\",\"text_format\":\"text\",\"integer_length\":\"6\",\"decimal_length\":\"2\",\"field_use_number_format\":\"0\",\"field_thousand_sep\":\",\",\"field_decimal_sep\":\".\",\"text_format_string\":\"\",\"field_format_string_blank\":\"1\",\"text_input_mask\":\"\",\"text_input_mask_autoclear\":\"0\",\"text_input_mask_definitions\":\"\",\"render_as_qrcode\":\"0\",\"scan_qrcode\":\"0\",\"guess_linktype\":\"0\",\"link_target_options\":\"default\",\"rel\":\"\",\"link_title\":\"\",\"link_attributes\":\"\",\"show_in_rss_feed\":\"0\",\"show_label_in_rss_feed\":\"0\",\"use_as_rss_enclosure\":\"0\",\"rollover\":\"\",\"tipseval\":\"0\",\"tiplocation\":\"top-left\",\"labelindetails\":\"0\",\"labelinlist\":\"0\",\"comment\":\"\",\"edit_access\":\"1\",\"edit_access_user\":\"\",\"view_access\":\"1\",\"view_access_user\":\"\",\"list_view_access\":\"1\",\"encrypt\":\"0\",\"store_in_db\":\"1\",\"default_on_copy\":\"0\",\"can_order\":\"0\",\"alt_list_heading\":\"\",\"custom_link\":\"\",\"custom_link_target\":\"\",\"custom_link_indetails\":\"1\",\"use_as_row_class\":\"0\",\"include_in_list_query\":\"1\",\"always_render\":\"0\",\"icon_hovertext\":\"1\",\"icon_file\":\"\",\"icon_subdir\":\"\",\"filter_length\":\"20\",\"filter_access\":\"1\",\"full_words_only\":\"0\",\"filter_required\":\"0\",\"filter_build_method\":\"0\",\"filter_groupby\":\"text\",\"inc_in_adv_search\":\"1\",\"filter_class\":\"input-medium\",\"filter_responsive_class\":\"\",\"tablecss_header_class\":\"\",\"tablecss_header\":\"\",\"tablecss_cell_class\":\"\",\"tablecss_cell\":\"\",\"sum_on\":\"0\",\"sum_label\":\"Sum\",\"sum_access\":\"1\",\"sum_split\":\"\",\"avg_on\":\"0\",\"avg_label\":\"Average\",\"avg_access\":\"1\",\"avg_round\":\"0\",\"avg_split\":\"\",\"median_on\":\"0\",\"median_label\":\"Median\",\"median_access\":\"1\",\"median_split\":\"\",\"count_on\":\"0\",\"count_label\":\"Count\",\"count_condition\":\"\",\"count_access\":\"1\",\"count_split\":\"\",\"custom_calc_on\":\"0\",\"custom_calc_label\":\"Custom\",\"custom_calc_query\":\"\",\"custom_calc_access\":\"1\",\"custom_calc_split\":\"\",\"custom_calc_php\":\"\",\"validations\":[]}'),
(3, 'adorcodenat', 1, 'field', 'adorcodenat', 0, NULL, '2020-12-09 09:36:30', 925, 'herve', '2020-12-09 09:36:30', 0, 30, 6, '', 0, 0, 3, 0, NULL, NULL, 0, 0, 0, 0, 1, 0, 0, '{\"rollover\":\"\",\"comment\":\"\",\"sub_default_value\":\"\",\"sub_default_label\":\"\",\"element_before_label\":1,\"allow_frontend_addtocheckbox\":0,\"database_join_display_type\":\"dropdown\",\"joinType\":\"simple\",\"join_conn_id\":-1,\"date_table_format\":\"Y-m-d\",\"date_form_format\":\"Y-m-d H:i:s\",\"date_showtime\":0,\"date_time_format\":\"H:i\",\"date_defaulttotoday\":1,\"date_firstday\":0,\"multiple\":0,\"allow_frontend_addtodropdown\":0,\"password\":0,\"maxlength\":\"255\",\"text_format\":\"integer\",\"integer_length\":\"11\",\"decimal_length\":2,\"guess_linktype\":0,\"disable\":0,\"readonly\":0,\"ul_max_file_size\":16000,\"ul_email_file\":0,\"ul_file_increment\":0,\"upload_allow_folderselect\":1,\"fu_fancy_upload\":0,\"upload_delete_image\":1,\"make_link\":0,\"fu_show_image_in_table\":0,\"image_library\":\"gd2\",\"make_thumbnail\":0,\"imagepath\":\"\\/\",\"selectImage_root_folder\":\"\\/\",\"image_front_end_select\":0,\"show_image_in_table\":0,\"image_float\":\"none\",\"link_target\":\"_self\",\"radio_element_before_label\":0,\"options_per_row\":4,\"ck_options_per_row\":4,\"allow_frontend_addtoradio\":0,\"use_wysiwyg\":0,\"my_table_data\":\"id\",\"update_on_edit\":0,\"view_access\":1,\"show_in_rss_feed\":0,\"show_label_in_rss_feed\":0,\"icon_folder\":-1,\"use_as_row_class\":0,\"filter_access\":1,\"full_words_only\":0,\"inc_in_adv_search\":1,\"sum_on\":0,\"sum_access\":0,\"avg_on\":0,\"avg_access\":0,\"median_on\":0,\"median_access\":0,\"count_on\":0,\"count_access\":0}'),
(4, 'ADORSOURCE', 1, 'field', 'ADORSOURCE', 0, NULL, '2020-12-09 09:36:30', 925, 'herve', '2020-12-09 09:36:30', 0, 5, 6, '', 0, 0, 4, 0, NULL, NULL, 0, 0, 0, 0, 1, 0, 0, '{\"rollover\":\"\",\"comment\":\"\",\"sub_default_value\":\"\",\"sub_default_label\":\"\",\"element_before_label\":1,\"allow_frontend_addtocheckbox\":0,\"database_join_display_type\":\"dropdown\",\"joinType\":\"simple\",\"join_conn_id\":-1,\"date_table_format\":\"Y-m-d\",\"date_form_format\":\"Y-m-d H:i:s\",\"date_showtime\":0,\"date_time_format\":\"H:i\",\"date_defaulttotoday\":1,\"date_firstday\":0,\"multiple\":0,\"allow_frontend_addtodropdown\":0,\"password\":0,\"maxlength\":\"5\",\"text_format\":\"text\",\"integer_length\":6,\"decimal_length\":2,\"guess_linktype\":0,\"disable\":0,\"readonly\":0,\"ul_max_file_size\":16000,\"ul_email_file\":0,\"ul_file_increment\":0,\"upload_allow_folderselect\":1,\"fu_fancy_upload\":0,\"upload_delete_image\":1,\"make_link\":0,\"fu_show_image_in_table\":0,\"image_library\":\"gd2\",\"make_thumbnail\":0,\"imagepath\":\"\\/\",\"selectImage_root_folder\":\"\\/\",\"image_front_end_select\":0,\"show_image_in_table\":0,\"image_float\":\"none\",\"link_target\":\"_self\",\"radio_element_before_label\":0,\"options_per_row\":4,\"ck_options_per_row\":4,\"allow_frontend_addtoradio\":0,\"use_wysiwyg\":0,\"my_table_data\":\"id\",\"update_on_edit\":0,\"view_access\":1,\"show_in_rss_feed\":0,\"show_label_in_rss_feed\":0,\"icon_folder\":-1,\"use_as_row_class\":0,\"filter_access\":1,\"full_words_only\":0,\"inc_in_adv_search\":1,\"sum_on\":0,\"sum_access\":0,\"avg_on\":0,\"avg_access\":0,\"median_on\":0,\"median_access\":0,\"count_on\":0,\"count_access\":0}'),
(5, 'ORMUADCNCODEX', 1, 'field', 'ORMUADCNCODEX', 0, NULL, '2020-12-09 09:36:30', 925, 'herve', '2020-12-09 09:36:30', 0, 2, 6, '', 0, 0, 5, 0, NULL, NULL, 0, 0, 0, 0, 1, 0, 0, '{\"rollover\":\"\",\"comment\":\"\",\"sub_default_value\":\"\",\"sub_default_label\":\"\",\"element_before_label\":1,\"allow_frontend_addtocheckbox\":0,\"database_join_display_type\":\"dropdown\",\"joinType\":\"simple\",\"join_conn_id\":-1,\"date_table_format\":\"Y-m-d\",\"date_form_format\":\"Y-m-d H:i:s\",\"date_showtime\":0,\"date_time_format\":\"H:i\",\"date_defaulttotoday\":1,\"date_firstday\":0,\"multiple\":0,\"allow_frontend_addtodropdown\":0,\"password\":0,\"maxlength\":\"2\",\"text_format\":\"text\",\"integer_length\":6,\"decimal_length\":2,\"guess_linktype\":0,\"disable\":0,\"readonly\":0,\"ul_max_file_size\":16000,\"ul_email_file\":0,\"ul_file_increment\":0,\"upload_allow_folderselect\":1,\"fu_fancy_upload\":0,\"upload_delete_image\":1,\"make_link\":0,\"fu_show_image_in_table\":0,\"image_library\":\"gd2\",\"make_thumbnail\":0,\"imagepath\":\"\\/\",\"selectImage_root_folder\":\"\\/\",\"image_front_end_select\":0,\"show_image_in_table\":0,\"image_float\":\"none\",\"link_target\":\"_self\",\"radio_element_before_label\":0,\"options_per_row\":4,\"ck_options_per_row\":4,\"allow_frontend_addtoradio\":0,\"use_wysiwyg\":0,\"my_table_data\":\"id\",\"update_on_edit\":0,\"view_access\":1,\"show_in_rss_feed\":0,\"show_label_in_rss_feed\":0,\"icon_folder\":-1,\"use_as_row_class\":0,\"filter_access\":1,\"full_words_only\":0,\"inc_in_adv_search\":1,\"sum_on\":0,\"sum_access\":0,\"avg_on\":0,\"avg_access\":0,\"median_on\":0,\"median_access\":0,\"count_on\":0,\"count_access\":0}'),
(6, 'ORADMUCODE', 1, 'field', 'ORADMUCODE', 0, NULL, '2020-12-09 09:36:30', 925, 'herve', '2020-12-09 09:36:30', 0, 16, 6, '', 0, 0, 6, 0, NULL, NULL, 0, 0, 0, 0, 1, 0, 0, '{\"rollover\":\"\",\"comment\":\"\",\"sub_default_value\":\"\",\"sub_default_label\":\"\",\"element_before_label\":1,\"allow_frontend_addtocheckbox\":0,\"database_join_display_type\":\"dropdown\",\"joinType\":\"simple\",\"join_conn_id\":-1,\"date_table_format\":\"Y-m-d\",\"date_form_format\":\"Y-m-d H:i:s\",\"date_showtime\":0,\"date_time_format\":\"H:i\",\"date_defaulttotoday\":1,\"date_firstday\":0,\"multiple\":0,\"allow_frontend_addtodropdown\":0,\"password\":0,\"maxlength\":\"16\",\"text_format\":\"text\",\"integer_length\":6,\"decimal_length\":2,\"guess_linktype\":0,\"disable\":0,\"readonly\":0,\"ul_max_file_size\":16000,\"ul_email_file\":0,\"ul_file_increment\":0,\"upload_allow_folderselect\":1,\"fu_fancy_upload\":0,\"upload_delete_image\":1,\"make_link\":0,\"fu_show_image_in_table\":0,\"image_library\":\"gd2\",\"make_thumbnail\":0,\"imagepath\":\"\\/\",\"selectImage_root_folder\":\"\\/\",\"image_front_end_select\":0,\"show_image_in_table\":0,\"image_float\":\"none\",\"link_target\":\"_self\",\"radio_element_before_label\":0,\"options_per_row\":4,\"ck_options_per_row\":4,\"allow_frontend_addtoradio\":0,\"use_wysiwyg\":0,\"my_table_data\":\"id\",\"update_on_edit\":0,\"view_access\":1,\"show_in_rss_feed\":0,\"show_label_in_rss_feed\":0,\"icon_folder\":-1,\"use_as_row_class\":0,\"filter_access\":1,\"full_words_only\":0,\"inc_in_adv_search\":1,\"sum_on\":0,\"sum_access\":0,\"avg_on\":0,\"avg_access\":0,\"median_on\":0,\"median_access\":0,\"count_on\":0,\"count_access\":0}'),
(7, 'ORTUTORADCNCODEX', 1, 'field', 'ORTUTORADCNCODEX', 0, NULL, '2020-12-09 09:36:30', 925, 'herve', '2020-12-09 09:36:30', 0, 2, 6, '', 0, 0, 7, 0, NULL, NULL, 0, 0, 0, 0, 1, 0, 0, '{\"rollover\":\"\",\"comment\":\"\",\"sub_default_value\":\"\",\"sub_default_label\":\"\",\"element_before_label\":1,\"allow_frontend_addtocheckbox\":0,\"database_join_display_type\":\"dropdown\",\"joinType\":\"simple\",\"join_conn_id\":-1,\"date_table_format\":\"Y-m-d\",\"date_form_format\":\"Y-m-d H:i:s\",\"date_showtime\":0,\"date_time_format\":\"H:i\",\"date_defaulttotoday\":1,\"date_firstday\":0,\"multiple\":0,\"allow_frontend_addtodropdown\":0,\"password\":0,\"maxlength\":\"2\",\"text_format\":\"text\",\"integer_length\":6,\"decimal_length\":2,\"guess_linktype\":0,\"disable\":0,\"readonly\":0,\"ul_max_file_size\":16000,\"ul_email_file\":0,\"ul_file_increment\":0,\"upload_allow_folderselect\":1,\"fu_fancy_upload\":0,\"upload_delete_image\":1,\"make_link\":0,\"fu_show_image_in_table\":0,\"image_library\":\"gd2\",\"make_thumbnail\":0,\"imagepath\":\"\\/\",\"selectImage_root_folder\":\"\\/\",\"image_front_end_select\":0,\"show_image_in_table\":0,\"image_float\":\"none\",\"link_target\":\"_self\",\"radio_element_before_label\":0,\"options_per_row\":4,\"ck_options_per_row\":4,\"allow_frontend_addtoradio\":0,\"use_wysiwyg\":0,\"my_table_data\":\"id\",\"update_on_edit\":0,\"view_access\":1,\"show_in_rss_feed\":0,\"show_label_in_rss_feed\":0,\"icon_folder\":-1,\"use_as_row_class\":0,\"filter_access\":1,\"full_words_only\":0,\"inc_in_adv_search\":1,\"sum_on\":0,\"sum_access\":0,\"avg_on\":0,\"avg_access\":0,\"median_on\":0,\"median_access\":0,\"count_on\":0,\"count_access\":0}'),
(8, 'ORTUTADORCODE', 1, 'field', 'ORTUTADORCODE', 0, NULL, '2020-12-09 09:36:30', 925, 'herve', '2020-12-09 09:36:30', 0, 16, 6, '', 0, 0, 8, 0, NULL, NULL, 0, 0, 0, 0, 1, 0, 0, '{\"rollover\":\"\",\"comment\":\"\",\"sub_default_value\":\"\",\"sub_default_label\":\"\",\"element_before_label\":1,\"allow_frontend_addtocheckbox\":0,\"database_join_display_type\":\"dropdown\",\"joinType\":\"simple\",\"join_conn_id\":-1,\"date_table_format\":\"Y-m-d\",\"date_form_format\":\"Y-m-d H:i:s\",\"date_showtime\":0,\"date_time_format\":\"H:i\",\"date_defaulttotoday\":1,\"date_firstday\":0,\"multiple\":0,\"allow_frontend_addtodropdown\":0,\"password\":0,\"maxlength\":\"16\",\"text_format\":\"text\",\"integer_length\":6,\"decimal_length\":2,\"guess_linktype\":0,\"disable\":0,\"readonly\":0,\"ul_max_file_size\":16000,\"ul_email_file\":0,\"ul_file_increment\":0,\"upload_allow_folderselect\":1,\"fu_fancy_upload\":0,\"upload_delete_image\":1,\"make_link\":0,\"fu_show_image_in_table\":0,\"image_library\":\"gd2\",\"make_thumbnail\":0,\"imagepath\":\"\\/\",\"selectImage_root_folder\":\"\\/\",\"image_front_end_select\":0,\"show_image_in_table\":0,\"image_float\":\"none\",\"link_target\":\"_self\",\"radio_element_before_label\":0,\"options_per_row\":4,\"ck_options_per_row\":4,\"allow_frontend_addtoradio\":0,\"use_wysiwyg\":0,\"my_table_data\":\"id\",\"update_on_edit\":0,\"view_access\":1,\"show_in_rss_feed\":0,\"show_label_in_rss_feed\":0,\"icon_folder\":-1,\"use_as_row_class\":0,\"filter_access\":1,\"full_words_only\":0,\"inc_in_adv_search\":1,\"sum_on\":0,\"sum_access\":0,\"avg_on\":0,\"avg_access\":0,\"median_on\":0,\"median_access\":0,\"count_on\":0,\"count_access\":0}'),
(9, 'ADTOCODE', 1, 'field', 'ADTOCODE', 0, NULL, '2020-12-09 09:36:30', 925, 'herve', '2020-12-09 09:36:30', 0, 30, 6, '', 0, 0, 9, 0, NULL, NULL, 0, 0, 0, 0, 1, 0, 0, '{\"rollover\":\"\",\"comment\":\"\",\"sub_default_value\":\"\",\"sub_default_label\":\"\",\"element_before_label\":1,\"allow_frontend_addtocheckbox\":0,\"database_join_display_type\":\"dropdown\",\"joinType\":\"simple\",\"join_conn_id\":-1,\"date_table_format\":\"Y-m-d\",\"date_form_format\":\"Y-m-d H:i:s\",\"date_showtime\":0,\"date_time_format\":\"H:i\",\"date_defaulttotoday\":1,\"date_firstday\":0,\"multiple\":0,\"allow_frontend_addtodropdown\":0,\"password\":0,\"maxlength\":\"255\",\"text_format\":\"integer\",\"integer_length\":\"11\",\"decimal_length\":2,\"guess_linktype\":0,\"disable\":0,\"readonly\":0,\"ul_max_file_size\":16000,\"ul_email_file\":0,\"ul_file_increment\":0,\"upload_allow_folderselect\":1,\"fu_fancy_upload\":0,\"upload_delete_image\":1,\"make_link\":0,\"fu_show_image_in_table\":0,\"image_library\":\"gd2\",\"make_thumbnail\":0,\"imagepath\":\"\\/\",\"selectImage_root_folder\":\"\\/\",\"image_front_end_select\":0,\"show_image_in_table\":0,\"image_float\":\"none\",\"link_target\":\"_self\",\"radio_element_before_label\":0,\"options_per_row\":4,\"ck_options_per_row\":4,\"allow_frontend_addtoradio\":0,\"use_wysiwyg\":0,\"my_table_data\":\"id\",\"update_on_edit\":0,\"view_access\":1,\"show_in_rss_feed\":0,\"show_label_in_rss_feed\":0,\"icon_folder\":-1,\"use_as_row_class\":0,\"filter_access\":1,\"full_words_only\":0,\"inc_in_adv_search\":1,\"sum_on\":0,\"sum_access\":0,\"avg_on\":0,\"avg_access\":0,\"median_on\":0,\"median_access\":0,\"count_on\":0,\"count_access\":0}'),
(10, 'ADORCODEX', 1, 'field', 'ADORCODEX', 0, NULL, '2020-12-09 09:36:30', 925, 'herve', '2020-12-09 09:36:30', 0, 30, 6, '', 0, 0, 10, 0, NULL, NULL, 0, 0, 0, 0, 1, 0, 0, '{\"rollover\":\"\",\"comment\":\"\",\"sub_default_value\":\"\",\"sub_default_label\":\"\",\"element_before_label\":1,\"allow_frontend_addtocheckbox\":0,\"database_join_display_type\":\"dropdown\",\"joinType\":\"simple\",\"join_conn_id\":-1,\"date_table_format\":\"Y-m-d\",\"date_form_format\":\"Y-m-d H:i:s\",\"date_showtime\":0,\"date_time_format\":\"H:i\",\"date_defaulttotoday\":1,\"date_firstday\":0,\"multiple\":0,\"allow_frontend_addtodropdown\":0,\"password\":0,\"maxlength\":\"50\",\"text_format\":\"text\",\"integer_length\":6,\"decimal_length\":2,\"guess_linktype\":0,\"disable\":0,\"readonly\":0,\"ul_max_file_size\":16000,\"ul_email_file\":0,\"ul_file_increment\":0,\"upload_allow_folderselect\":1,\"fu_fancy_upload\":0,\"upload_delete_image\":1,\"make_link\":0,\"fu_show_image_in_table\":0,\"image_library\":\"gd2\",\"make_thumbnail\":0,\"imagepath\":\"\\/\",\"selectImage_root_folder\":\"\\/\",\"image_front_end_select\":0,\"show_image_in_table\":0,\"image_float\":\"none\",\"link_target\":\"_self\",\"radio_element_before_label\":0,\"options_per_row\":4,\"ck_options_per_row\":4,\"allow_frontend_addtoradio\":0,\"use_wysiwyg\":0,\"my_table_data\":\"id\",\"update_on_edit\":0,\"view_access\":1,\"show_in_rss_feed\":0,\"show_label_in_rss_feed\":0,\"icon_folder\":-1,\"use_as_row_class\":0,\"filter_access\":1,\"full_words_only\":0,\"inc_in_adv_search\":1,\"sum_on\":0,\"sum_access\":0,\"avg_on\":0,\"avg_access\":0,\"median_on\":0,\"median_access\":0,\"count_on\":0,\"count_access\":0}'),
(11, 'ADORNAME', 1, 'field', 'Nom Organisation', 0, NULL, '2020-12-09 09:36:30', 925, 'herve', '2020-12-09 10:02:37', 925, 30, 6, '', 0, 0, 11, 1, '', 1, 1, 0, 0, 0, 1, 0, 0, '{\"placeholder\":\"\",\"password\":\"0\",\"maxlength\":\"210\",\"disable\":\"0\",\"readonly\":\"0\",\"autocomplete\":\"1\",\"speech\":\"0\",\"advanced_behavior\":\"0\",\"bootstrap_class\":\"input-medium\",\"text_format\":\"text\",\"integer_length\":\"6\",\"decimal_length\":\"2\",\"field_use_number_format\":\"0\",\"field_thousand_sep\":\",\",\"field_decimal_sep\":\".\",\"text_format_string\":\"\",\"field_format_string_blank\":\"1\",\"text_input_mask\":\"\",\"text_input_mask_autoclear\":\"0\",\"text_input_mask_definitions\":\"\",\"render_as_qrcode\":\"0\",\"scan_qrcode\":\"0\",\"guess_linktype\":\"0\",\"link_target_options\":\"default\",\"rel\":\"\",\"link_title\":\"\",\"link_attributes\":\"\",\"show_in_rss_feed\":\"0\",\"show_label_in_rss_feed\":\"0\",\"use_as_rss_enclosure\":\"0\",\"rollover\":\"\",\"tipseval\":\"0\",\"tiplocation\":\"top-left\",\"labelindetails\":\"0\",\"labelinlist\":\"0\",\"comment\":\"\",\"edit_access\":\"1\",\"edit_access_user\":\"\",\"view_access\":\"1\",\"view_access_user\":\"\",\"list_view_access\":\"1\",\"encrypt\":\"0\",\"store_in_db\":\"1\",\"default_on_copy\":\"0\",\"can_order\":\"0\",\"alt_list_heading\":\"\",\"custom_link\":\"\",\"custom_link_target\":\"\",\"custom_link_indetails\":\"1\",\"use_as_row_class\":\"0\",\"include_in_list_query\":\"1\",\"always_render\":\"0\",\"icon_hovertext\":\"1\",\"icon_file\":\"\",\"icon_subdir\":\"\",\"filter_length\":\"20\",\"filter_access\":\"1\",\"full_words_only\":\"0\",\"filter_required\":\"0\",\"filter_build_method\":\"0\",\"filter_groupby\":\"text\",\"inc_in_adv_search\":\"1\",\"filter_class\":\"input-medium\",\"filter_responsive_class\":\"\",\"tablecss_header_class\":\"\",\"tablecss_header\":\"\",\"tablecss_cell_class\":\"\",\"tablecss_cell\":\"\",\"sum_on\":\"0\",\"sum_label\":\"Sum\",\"sum_access\":\"1\",\"sum_split\":\"\",\"avg_on\":\"0\",\"avg_label\":\"Average\",\"avg_access\":\"1\",\"avg_round\":\"0\",\"avg_split\":\"\",\"median_on\":\"0\",\"median_label\":\"Median\",\"median_access\":\"1\",\"median_split\":\"\",\"count_on\":\"0\",\"count_label\":\"Count\",\"count_condition\":\"\",\"count_access\":\"1\",\"count_split\":\"\",\"custom_calc_on\":\"0\",\"custom_calc_label\":\"Custom\",\"custom_calc_query\":\"\",\"custom_calc_access\":\"1\",\"custom_calc_split\":\"\",\"custom_calc_php\":\"\",\"validations\":[]}'),
(12, 'ADORNAME2', 1, 'field', 'ADORNAME2', 0, NULL, '2020-12-09 09:36:30', 925, 'herve', '2020-12-09 09:36:30', 0, 30, 6, '', 0, 0, 12, 0, NULL, NULL, 0, 0, 0, 0, 1, 0, 0, '{\"rollover\":\"\",\"comment\":\"\",\"sub_default_value\":\"\",\"sub_default_label\":\"\",\"element_before_label\":1,\"allow_frontend_addtocheckbox\":0,\"database_join_display_type\":\"dropdown\",\"joinType\":\"simple\",\"join_conn_id\":-1,\"date_table_format\":\"Y-m-d\",\"date_form_format\":\"Y-m-d H:i:s\",\"date_showtime\":0,\"date_time_format\":\"H:i\",\"date_defaulttotoday\":1,\"date_firstday\":0,\"multiple\":0,\"allow_frontend_addtodropdown\":0,\"password\":0,\"maxlength\":\"210\",\"text_format\":\"text\",\"integer_length\":6,\"decimal_length\":2,\"guess_linktype\":0,\"disable\":0,\"readonly\":0,\"ul_max_file_size\":16000,\"ul_email_file\":0,\"ul_file_increment\":0,\"upload_allow_folderselect\":1,\"fu_fancy_upload\":0,\"upload_delete_image\":1,\"make_link\":0,\"fu_show_image_in_table\":0,\"image_library\":\"gd2\",\"make_thumbnail\":0,\"imagepath\":\"\\/\",\"selectImage_root_folder\":\"\\/\",\"image_front_end_select\":0,\"show_image_in_table\":0,\"image_float\":\"none\",\"link_target\":\"_self\",\"radio_element_before_label\":0,\"options_per_row\":4,\"ck_options_per_row\":4,\"allow_frontend_addtoradio\":0,\"use_wysiwyg\":0,\"my_table_data\":\"id\",\"update_on_edit\":0,\"view_access\":1,\"show_in_rss_feed\":0,\"show_label_in_rss_feed\":0,\"icon_folder\":-1,\"use_as_row_class\":0,\"filter_access\":1,\"full_words_only\":0,\"inc_in_adv_search\":1,\"sum_on\":0,\"sum_access\":0,\"avg_on\":0,\"avg_access\":0,\"median_on\":0,\"median_access\":0,\"count_on\":0,\"count_access\":0}'),
(13, 'ADORACRONYM', 1, 'field', 'Acronyme', 0, NULL, '2020-12-09 09:36:30', 925, 'herve', '2020-12-09 10:02:16', 925, 30, 6, '', 0, 0, 13, 1, '', 1, 1, 0, 0, 0, 1, 0, 0, '{\"placeholder\":\"\",\"password\":\"0\",\"maxlength\":\"50\",\"disable\":\"0\",\"readonly\":\"0\",\"autocomplete\":\"1\",\"speech\":\"0\",\"advanced_behavior\":\"0\",\"bootstrap_class\":\"input-medium\",\"text_format\":\"text\",\"integer_length\":\"6\",\"decimal_length\":\"2\",\"field_use_number_format\":\"0\",\"field_thousand_sep\":\",\",\"field_decimal_sep\":\".\",\"text_format_string\":\"\",\"field_format_string_blank\":\"1\",\"text_input_mask\":\"\",\"text_input_mask_autoclear\":\"0\",\"text_input_mask_definitions\":\"\",\"render_as_qrcode\":\"0\",\"scan_qrcode\":\"0\",\"guess_linktype\":\"0\",\"link_target_options\":\"default\",\"rel\":\"\",\"link_title\":\"\",\"link_attributes\":\"\",\"show_in_rss_feed\":\"0\",\"show_label_in_rss_feed\":\"0\",\"use_as_rss_enclosure\":\"0\",\"rollover\":\"\",\"tipseval\":\"0\",\"tiplocation\":\"top-left\",\"labelindetails\":\"0\",\"labelinlist\":\"0\",\"comment\":\"\",\"edit_access\":\"1\",\"edit_access_user\":\"\",\"view_access\":\"1\",\"view_access_user\":\"\",\"list_view_access\":\"1\",\"encrypt\":\"0\",\"store_in_db\":\"1\",\"default_on_copy\":\"0\",\"can_order\":\"0\",\"alt_list_heading\":\"\",\"custom_link\":\"\",\"custom_link_target\":\"\",\"custom_link_indetails\":\"1\",\"use_as_row_class\":\"0\",\"include_in_list_query\":\"1\",\"always_render\":\"0\",\"icon_hovertext\":\"1\",\"icon_file\":\"\",\"icon_subdir\":\"\",\"filter_length\":\"20\",\"filter_access\":\"1\",\"full_words_only\":\"0\",\"filter_required\":\"0\",\"filter_build_method\":\"0\",\"filter_groupby\":\"text\",\"inc_in_adv_search\":\"1\",\"filter_class\":\"input-medium\",\"filter_responsive_class\":\"\",\"tablecss_header_class\":\"\",\"tablecss_header\":\"\",\"tablecss_cell_class\":\"\",\"tablecss_cell\":\"\",\"sum_on\":\"0\",\"sum_label\":\"Sum\",\"sum_access\":\"1\",\"sum_split\":\"\",\"avg_on\":\"0\",\"avg_label\":\"Average\",\"avg_access\":\"1\",\"avg_round\":\"0\",\"avg_split\":\"\",\"median_on\":\"0\",\"median_label\":\"Median\",\"median_access\":\"1\",\"median_split\":\"\",\"count_on\":\"0\",\"count_label\":\"Count\",\"count_condition\":\"\",\"count_access\":\"1\",\"count_split\":\"\",\"custom_calc_on\":\"0\",\"custom_calc_label\":\"Custom\",\"custom_calc_query\":\"\",\"custom_calc_access\":\"1\",\"custom_calc_split\":\"\",\"custom_calc_php\":\"\",\"validations\":[]}'),
(14, 'ADORADRESS1', 1, 'field', 'ADORADRESS1', 0, NULL, '2020-12-09 09:36:30', 925, 'herve', '2020-12-09 09:36:30', 0, 30, 6, '', 0, 0, 14, 0, NULL, NULL, 0, 0, 0, 0, 1, 0, 0, '{\"rollover\":\"\",\"comment\":\"\",\"sub_default_value\":\"\",\"sub_default_label\":\"\",\"element_before_label\":1,\"allow_frontend_addtocheckbox\":0,\"database_join_display_type\":\"dropdown\",\"joinType\":\"simple\",\"join_conn_id\":-1,\"date_table_format\":\"Y-m-d\",\"date_form_format\":\"Y-m-d H:i:s\",\"date_showtime\":0,\"date_time_format\":\"H:i\",\"date_defaulttotoday\":1,\"date_firstday\":0,\"multiple\":0,\"allow_frontend_addtodropdown\":0,\"password\":0,\"maxlength\":\"38\",\"text_format\":\"text\",\"integer_length\":6,\"decimal_length\":2,\"guess_linktype\":0,\"disable\":0,\"readonly\":0,\"ul_max_file_size\":16000,\"ul_email_file\":0,\"ul_file_increment\":0,\"upload_allow_folderselect\":1,\"fu_fancy_upload\":0,\"upload_delete_image\":1,\"make_link\":0,\"fu_show_image_in_table\":0,\"image_library\":\"gd2\",\"make_thumbnail\":0,\"imagepath\":\"\\/\",\"selectImage_root_folder\":\"\\/\",\"image_front_end_select\":0,\"show_image_in_table\":0,\"image_float\":\"none\",\"link_target\":\"_self\",\"radio_element_before_label\":0,\"options_per_row\":4,\"ck_options_per_row\":4,\"allow_frontend_addtoradio\":0,\"use_wysiwyg\":0,\"my_table_data\":\"id\",\"update_on_edit\":0,\"view_access\":1,\"show_in_rss_feed\":0,\"show_label_in_rss_feed\":0,\"icon_folder\":-1,\"use_as_row_class\":0,\"filter_access\":1,\"full_words_only\":0,\"inc_in_adv_search\":1,\"sum_on\":0,\"sum_access\":0,\"avg_on\":0,\"avg_access\":0,\"median_on\":0,\"median_access\":0,\"count_on\":0,\"count_access\":0}'),
(15, 'ADORADRESS2', 1, 'field', 'ADORADRESS2', 0, NULL, '2020-12-09 09:36:30', 925, 'herve', '2020-12-09 09:36:30', 0, 30, 6, '', 0, 0, 15, 0, NULL, NULL, 0, 0, 0, 0, 1, 0, 0, '{\"rollover\":\"\",\"comment\":\"\",\"sub_default_value\":\"\",\"sub_default_label\":\"\",\"element_before_label\":1,\"allow_frontend_addtocheckbox\":0,\"database_join_display_type\":\"dropdown\",\"joinType\":\"simple\",\"join_conn_id\":-1,\"date_table_format\":\"Y-m-d\",\"date_form_format\":\"Y-m-d H:i:s\",\"date_showtime\":0,\"date_time_format\":\"H:i\",\"date_defaulttotoday\":1,\"date_firstday\":0,\"multiple\":0,\"allow_frontend_addtodropdown\":0,\"password\":0,\"maxlength\":\"38\",\"text_format\":\"text\",\"integer_length\":6,\"decimal_length\":2,\"guess_linktype\":0,\"disable\":0,\"readonly\":0,\"ul_max_file_size\":16000,\"ul_email_file\":0,\"ul_file_increment\":0,\"upload_allow_folderselect\":1,\"fu_fancy_upload\":0,\"upload_delete_image\":1,\"make_link\":0,\"fu_show_image_in_table\":0,\"image_library\":\"gd2\",\"make_thumbnail\":0,\"imagepath\":\"\\/\",\"selectImage_root_folder\":\"\\/\",\"image_front_end_select\":0,\"show_image_in_table\":0,\"image_float\":\"none\",\"link_target\":\"_self\",\"radio_element_before_label\":0,\"options_per_row\":4,\"ck_options_per_row\":4,\"allow_frontend_addtoradio\":0,\"use_wysiwyg\":0,\"my_table_data\":\"id\",\"update_on_edit\":0,\"view_access\":1,\"show_in_rss_feed\":0,\"show_label_in_rss_feed\":0,\"icon_folder\":-1,\"use_as_row_class\":0,\"filter_access\":1,\"full_words_only\":0,\"inc_in_adv_search\":1,\"sum_on\":0,\"sum_access\":0,\"avg_on\":0,\"avg_access\":0,\"median_on\":0,\"median_access\":0,\"count_on\":0,\"count_access\":0}'),
(16, 'ADORADRESS3', 1, 'field', 'ADORADRESS3', 0, NULL, '2020-12-09 09:36:30', 925, 'herve', '2020-12-09 09:36:30', 0, 30, 6, '', 0, 0, 16, 0, NULL, NULL, 0, 0, 0, 0, 1, 0, 0, '{\"rollover\":\"\",\"comment\":\"\",\"sub_default_value\":\"\",\"sub_default_label\":\"\",\"element_before_label\":1,\"allow_frontend_addtocheckbox\":0,\"database_join_display_type\":\"dropdown\",\"joinType\":\"simple\",\"join_conn_id\":-1,\"date_table_format\":\"Y-m-d\",\"date_form_format\":\"Y-m-d H:i:s\",\"date_showtime\":0,\"date_time_format\":\"H:i\",\"date_defaulttotoday\":1,\"date_firstday\":0,\"multiple\":0,\"allow_frontend_addtodropdown\":0,\"password\":0,\"maxlength\":\"38\",\"text_format\":\"text\",\"integer_length\":6,\"decimal_length\":2,\"guess_linktype\":0,\"disable\":0,\"readonly\":0,\"ul_max_file_size\":16000,\"ul_email_file\":0,\"ul_file_increment\":0,\"upload_allow_folderselect\":1,\"fu_fancy_upload\":0,\"upload_delete_image\":1,\"make_link\":0,\"fu_show_image_in_table\":0,\"image_library\":\"gd2\",\"make_thumbnail\":0,\"imagepath\":\"\\/\",\"selectImage_root_folder\":\"\\/\",\"image_front_end_select\":0,\"show_image_in_table\":0,\"image_float\":\"none\",\"link_target\":\"_self\",\"radio_element_before_label\":0,\"options_per_row\":4,\"ck_options_per_row\":4,\"allow_frontend_addtoradio\":0,\"use_wysiwyg\":0,\"my_table_data\":\"id\",\"update_on_edit\":0,\"view_access\":1,\"show_in_rss_feed\":0,\"show_label_in_rss_feed\":0,\"icon_folder\":-1,\"use_as_row_class\":0,\"filter_access\":1,\"full_words_only\":0,\"inc_in_adv_search\":1,\"sum_on\":0,\"sum_access\":0,\"avg_on\":0,\"avg_access\":0,\"median_on\":0,\"median_access\":0,\"count_on\":0,\"count_access\":0}'),
(17, 'ADORADRESS4', 1, 'field', 'ADORADRESS4', 0, NULL, '2020-12-09 09:36:30', 925, 'herve', '2020-12-09 09:36:30', 0, 30, 6, '', 0, 0, 17, 0, NULL, NULL, 0, 0, 0, 0, 1, 0, 0, '{\"rollover\":\"\",\"comment\":\"\",\"sub_default_value\":\"\",\"sub_default_label\":\"\",\"element_before_label\":1,\"allow_frontend_addtocheckbox\":0,\"database_join_display_type\":\"dropdown\",\"joinType\":\"simple\",\"join_conn_id\":-1,\"date_table_format\":\"Y-m-d\",\"date_form_format\":\"Y-m-d H:i:s\",\"date_showtime\":0,\"date_time_format\":\"H:i\",\"date_defaulttotoday\":1,\"date_firstday\":0,\"multiple\":0,\"allow_frontend_addtodropdown\":0,\"password\":0,\"maxlength\":\"38\",\"text_format\":\"text\",\"integer_length\":6,\"decimal_length\":2,\"guess_linktype\":0,\"disable\":0,\"readonly\":0,\"ul_max_file_size\":16000,\"ul_email_file\":0,\"ul_file_increment\":0,\"upload_allow_folderselect\":1,\"fu_fancy_upload\":0,\"upload_delete_image\":1,\"make_link\":0,\"fu_show_image_in_table\":0,\"image_library\":\"gd2\",\"make_thumbnail\":0,\"imagepath\":\"\\/\",\"selectImage_root_folder\":\"\\/\",\"image_front_end_select\":0,\"show_image_in_table\":0,\"image_float\":\"none\",\"link_target\":\"_self\",\"radio_element_before_label\":0,\"options_per_row\":4,\"ck_options_per_row\":4,\"allow_frontend_addtoradio\":0,\"use_wysiwyg\":0,\"my_table_data\":\"id\",\"update_on_edit\":0,\"view_access\":1,\"show_in_rss_feed\":0,\"show_label_in_rss_feed\":0,\"icon_folder\":-1,\"use_as_row_class\":0,\"filter_access\":1,\"full_words_only\":0,\"inc_in_adv_search\":1,\"sum_on\":0,\"sum_access\":0,\"avg_on\":0,\"avg_access\":0,\"median_on\":0,\"median_access\":0,\"count_on\":0,\"count_access\":0}'),
(18, 'ADORADRESS5', 1, 'field', 'ADORADRESS5', 0, NULL, '2020-12-09 09:36:30', 925, 'herve', '2020-12-09 09:36:30', 0, 30, 6, '', 0, 0, 18, 0, NULL, NULL, 0, 0, 0, 0, 1, 0, 0, '{\"rollover\":\"\",\"comment\":\"\",\"sub_default_value\":\"\",\"sub_default_label\":\"\",\"element_before_label\":1,\"allow_frontend_addtocheckbox\":0,\"database_join_display_type\":\"dropdown\",\"joinType\":\"simple\",\"join_conn_id\":-1,\"date_table_format\":\"Y-m-d\",\"date_form_format\":\"Y-m-d H:i:s\",\"date_showtime\":0,\"date_time_format\":\"H:i\",\"date_defaulttotoday\":1,\"date_firstday\":0,\"multiple\":0,\"allow_frontend_addtodropdown\":0,\"password\":0,\"maxlength\":\"38\",\"text_format\":\"text\",\"integer_length\":6,\"decimal_length\":2,\"guess_linktype\":0,\"disable\":0,\"readonly\":0,\"ul_max_file_size\":16000,\"ul_email_file\":0,\"ul_file_increment\":0,\"upload_allow_folderselect\":1,\"fu_fancy_upload\":0,\"upload_delete_image\":1,\"make_link\":0,\"fu_show_image_in_table\":0,\"image_library\":\"gd2\",\"make_thumbnail\":0,\"imagepath\":\"\\/\",\"selectImage_root_folder\":\"\\/\",\"image_front_end_select\":0,\"show_image_in_table\":0,\"image_float\":\"none\",\"link_target\":\"_self\",\"radio_element_before_label\":0,\"options_per_row\":4,\"ck_options_per_row\":4,\"allow_frontend_addtoradio\":0,\"use_wysiwyg\":0,\"my_table_data\":\"id\",\"update_on_edit\":0,\"view_access\":1,\"show_in_rss_feed\":0,\"show_label_in_rss_feed\":0,\"icon_folder\":-1,\"use_as_row_class\":0,\"filter_access\":1,\"full_words_only\":0,\"inc_in_adv_search\":1,\"sum_on\":0,\"sum_access\":0,\"avg_on\":0,\"avg_access\":0,\"median_on\":0,\"median_access\":0,\"count_on\":0,\"count_access\":0}'),
(19, 'ADORADRESS6', 1, 'field', 'ADORADRESS6', 0, NULL, '2020-12-09 09:36:30', 925, 'herve', '2020-12-09 09:36:30', 0, 30, 6, '', 0, 0, 19, 0, NULL, NULL, 0, 0, 0, 0, 1, 0, 0, '{\"rollover\":\"\",\"comment\":\"\",\"sub_default_value\":\"\",\"sub_default_label\":\"\",\"element_before_label\":1,\"allow_frontend_addtocheckbox\":0,\"database_join_display_type\":\"dropdown\",\"joinType\":\"simple\",\"join_conn_id\":-1,\"date_table_format\":\"Y-m-d\",\"date_form_format\":\"Y-m-d H:i:s\",\"date_showtime\":0,\"date_time_format\":\"H:i\",\"date_defaulttotoday\":1,\"date_firstday\":0,\"multiple\":0,\"allow_frontend_addtodropdown\":0,\"password\":0,\"maxlength\":\"38\",\"text_format\":\"text\",\"integer_length\":6,\"decimal_length\":2,\"guess_linktype\":0,\"disable\":0,\"readonly\":0,\"ul_max_file_size\":16000,\"ul_email_file\":0,\"ul_file_increment\":0,\"upload_allow_folderselect\":1,\"fu_fancy_upload\":0,\"upload_delete_image\":1,\"make_link\":0,\"fu_show_image_in_table\":0,\"image_library\":\"gd2\",\"make_thumbnail\":0,\"imagepath\":\"\\/\",\"selectImage_root_folder\":\"\\/\",\"image_front_end_select\":0,\"show_image_in_table\":0,\"image_float\":\"none\",\"link_target\":\"_self\",\"radio_element_before_label\":0,\"options_per_row\":4,\"ck_options_per_row\":4,\"allow_frontend_addtoradio\":0,\"use_wysiwyg\":0,\"my_table_data\":\"id\",\"update_on_edit\":0,\"view_access\":1,\"show_in_rss_feed\":0,\"show_label_in_rss_feed\":0,\"icon_folder\":-1,\"use_as_row_class\":0,\"filter_access\":1,\"full_words_only\":0,\"inc_in_adv_search\":1,\"sum_on\":0,\"sum_access\":0,\"avg_on\":0,\"avg_access\":0,\"median_on\":0,\"median_access\":0,\"count_on\":0,\"count_access\":0}'),
(20, 'ADORCP', 1, 'field', 'ADORCP', 0, NULL, '2020-12-09 09:36:30', 925, 'herve', '2020-12-09 09:36:30', 0, 5, 6, '', 0, 0, 20, 0, NULL, NULL, 0, 0, 0, 0, 1, 0, 0, '{\"rollover\":\"\",\"comment\":\"\",\"sub_default_value\":\"\",\"sub_default_label\":\"\",\"element_before_label\":1,\"allow_frontend_addtocheckbox\":0,\"database_join_display_type\":\"dropdown\",\"joinType\":\"simple\",\"join_conn_id\":-1,\"date_table_format\":\"Y-m-d\",\"date_form_format\":\"Y-m-d H:i:s\",\"date_showtime\":0,\"date_time_format\":\"H:i\",\"date_defaulttotoday\":1,\"date_firstday\":0,\"multiple\":0,\"allow_frontend_addtodropdown\":0,\"password\":0,\"maxlength\":\"5\",\"text_format\":\"text\",\"integer_length\":6,\"decimal_length\":2,\"guess_linktype\":0,\"disable\":0,\"readonly\":0,\"ul_max_file_size\":16000,\"ul_email_file\":0,\"ul_file_increment\":0,\"upload_allow_folderselect\":1,\"fu_fancy_upload\":0,\"upload_delete_image\":1,\"make_link\":0,\"fu_show_image_in_table\":0,\"image_library\":\"gd2\",\"make_thumbnail\":0,\"imagepath\":\"\\/\",\"selectImage_root_folder\":\"\\/\",\"image_front_end_select\":0,\"show_image_in_table\":0,\"image_float\":\"none\",\"link_target\":\"_self\",\"radio_element_before_label\":0,\"options_per_row\":4,\"ck_options_per_row\":4,\"allow_frontend_addtoradio\":0,\"use_wysiwyg\":0,\"my_table_data\":\"id\",\"update_on_edit\":0,\"view_access\":1,\"show_in_rss_feed\":0,\"show_label_in_rss_feed\":0,\"icon_folder\":-1,\"use_as_row_class\":0,\"filter_access\":1,\"full_words_only\":0,\"inc_in_adv_search\":1,\"sum_on\":0,\"sum_access\":0,\"avg_on\":0,\"avg_access\":0,\"median_on\":0,\"median_access\":0,\"count_on\":0,\"count_access\":0}'),
(21, 'ADORTEL', 1, 'field', 'ADORTEL', 0, NULL, '2020-12-09 09:36:30', 925, 'herve', '2020-12-09 09:36:30', 0, 30, 6, '', 0, 0, 21, 0, NULL, NULL, 0, 0, 0, 0, 1, 0, 0, '{\"rollover\":\"\",\"comment\":\"\",\"sub_default_value\":\"\",\"sub_default_label\":\"\",\"element_before_label\":1,\"allow_frontend_addtocheckbox\":0,\"database_join_display_type\":\"dropdown\",\"joinType\":\"simple\",\"join_conn_id\":-1,\"date_table_format\":\"Y-m-d\",\"date_form_format\":\"Y-m-d H:i:s\",\"date_showtime\":0,\"date_time_format\":\"H:i\",\"date_defaulttotoday\":1,\"date_firstday\":0,\"multiple\":0,\"allow_frontend_addtodropdown\":0,\"password\":0,\"maxlength\":\"50\",\"text_format\":\"text\",\"integer_length\":6,\"decimal_length\":2,\"guess_linktype\":0,\"disable\":0,\"readonly\":0,\"ul_max_file_size\":16000,\"ul_email_file\":0,\"ul_file_increment\":0,\"upload_allow_folderselect\":1,\"fu_fancy_upload\":0,\"upload_delete_image\":1,\"make_link\":0,\"fu_show_image_in_table\":0,\"image_library\":\"gd2\",\"make_thumbnail\":0,\"imagepath\":\"\\/\",\"selectImage_root_folder\":\"\\/\",\"image_front_end_select\":0,\"show_image_in_table\":0,\"image_float\":\"none\",\"link_target\":\"_self\",\"radio_element_before_label\":0,\"options_per_row\":4,\"ck_options_per_row\":4,\"allow_frontend_addtoradio\":0,\"use_wysiwyg\":0,\"my_table_data\":\"id\",\"update_on_edit\":0,\"view_access\":1,\"show_in_rss_feed\":0,\"show_label_in_rss_feed\":0,\"icon_folder\":-1,\"use_as_row_class\":0,\"filter_access\":1,\"full_words_only\":0,\"inc_in_adv_search\":1,\"sum_on\":0,\"sum_access\":0,\"avg_on\":0,\"avg_access\":0,\"median_on\":0,\"median_access\":0,\"count_on\":0,\"count_access\":0}'),
(22, 'ADORFAX', 1, 'field', 'ADORFAX', 0, NULL, '2020-12-09 09:36:30', 925, 'herve', '2020-12-09 09:36:30', 0, 30, 6, '', 0, 0, 22, 0, NULL, NULL, 0, 0, 0, 0, 1, 0, 0, '{\"rollover\":\"\",\"comment\":\"\",\"sub_default_value\":\"\",\"sub_default_label\":\"\",\"element_before_label\":1,\"allow_frontend_addtocheckbox\":0,\"database_join_display_type\":\"dropdown\",\"joinType\":\"simple\",\"join_conn_id\":-1,\"date_table_format\":\"Y-m-d\",\"date_form_format\":\"Y-m-d H:i:s\",\"date_showtime\":0,\"date_time_format\":\"H:i\",\"date_defaulttotoday\":1,\"date_firstday\":0,\"multiple\":0,\"allow_frontend_addtodropdown\":0,\"password\":0,\"maxlength\":\"50\",\"text_format\":\"text\",\"integer_length\":6,\"decimal_length\":2,\"guess_linktype\":0,\"disable\":0,\"readonly\":0,\"ul_max_file_size\":16000,\"ul_email_file\":0,\"ul_file_increment\":0,\"upload_allow_folderselect\":1,\"fu_fancy_upload\":0,\"upload_delete_image\":1,\"make_link\":0,\"fu_show_image_in_table\":0,\"image_library\":\"gd2\",\"make_thumbnail\":0,\"imagepath\":\"\\/\",\"selectImage_root_folder\":\"\\/\",\"image_front_end_select\":0,\"show_image_in_table\":0,\"image_float\":\"none\",\"link_target\":\"_self\",\"radio_element_before_label\":0,\"options_per_row\":4,\"ck_options_per_row\":4,\"allow_frontend_addtoradio\":0,\"use_wysiwyg\":0,\"my_table_data\":\"id\",\"update_on_edit\":0,\"view_access\":1,\"show_in_rss_feed\":0,\"show_label_in_rss_feed\":0,\"icon_folder\":-1,\"use_as_row_class\":0,\"filter_access\":1,\"full_words_only\":0,\"inc_in_adv_search\":1,\"sum_on\":0,\"sum_access\":0,\"avg_on\":0,\"avg_access\":0,\"median_on\":0,\"median_access\":0,\"count_on\":0,\"count_access\":0}'),
(23, 'ADOREMAIL', 1, 'field', 'ADOREMAIL', 0, NULL, '2020-12-09 09:36:30', 925, 'herve', '2020-12-09 09:36:30', 0, 30, 6, '', 0, 0, 23, 0, NULL, NULL, 0, 0, 0, 0, 1, 0, 0, '{\"rollover\":\"\",\"comment\":\"\",\"sub_default_value\":\"\",\"sub_default_label\":\"\",\"element_before_label\":1,\"allow_frontend_addtocheckbox\":0,\"database_join_display_type\":\"dropdown\",\"joinType\":\"simple\",\"join_conn_id\":-1,\"date_table_format\":\"Y-m-d\",\"date_form_format\":\"Y-m-d H:i:s\",\"date_showtime\":0,\"date_time_format\":\"H:i\",\"date_defaulttotoday\":1,\"date_firstday\":0,\"multiple\":0,\"allow_frontend_addtodropdown\":0,\"password\":0,\"maxlength\":\"100\",\"text_format\":\"text\",\"integer_length\":6,\"decimal_length\":2,\"guess_linktype\":0,\"disable\":0,\"readonly\":0,\"ul_max_file_size\":16000,\"ul_email_file\":0,\"ul_file_increment\":0,\"upload_allow_folderselect\":1,\"fu_fancy_upload\":0,\"upload_delete_image\":1,\"make_link\":0,\"fu_show_image_in_table\":0,\"image_library\":\"gd2\",\"make_thumbnail\":0,\"imagepath\":\"\\/\",\"selectImage_root_folder\":\"\\/\",\"image_front_end_select\":0,\"show_image_in_table\":0,\"image_float\":\"none\",\"link_target\":\"_self\",\"radio_element_before_label\":0,\"options_per_row\":4,\"ck_options_per_row\":4,\"allow_frontend_addtoradio\":0,\"use_wysiwyg\":0,\"my_table_data\":\"id\",\"update_on_edit\":0,\"view_access\":1,\"show_in_rss_feed\":0,\"show_label_in_rss_feed\":0,\"icon_folder\":-1,\"use_as_row_class\":0,\"filter_access\":1,\"full_words_only\":0,\"inc_in_adv_search\":1,\"sum_on\":0,\"sum_access\":0,\"avg_on\":0,\"avg_access\":0,\"median_on\":0,\"median_access\":0,\"count_on\":0,\"count_access\":0}'),
(24, 'ADORWEBSITE', 1, 'field', 'Site Web', 0, NULL, '2020-12-09 09:36:30', 925, 'herve', '2021-06-03 07:50:52', 925, 40, 6, '', 0, 0, 24, 1, '', 1, 1, 0, 0, 0, 1, 0, 0, '{\"placeholder\":\"\",\"password\":\"0\",\"maxlength\":\"255\",\"disable\":\"0\",\"readonly\":\"0\",\"autocomplete\":\"1\",\"speech\":\"0\",\"advanced_behavior\":\"0\",\"bootstrap_class\":\"input-medium\",\"text_format\":\"text\",\"integer_length\":\"11\",\"decimal_length\":\"2\",\"field_use_number_format\":\"0\",\"field_thousand_sep\":\",\",\"field_decimal_sep\":\".\",\"text_format_string\":\"\",\"field_format_string_blank\":\"1\",\"text_input_mask\":\"\",\"text_input_mask_autoclear\":\"0\",\"text_input_mask_definitions\":\"\",\"render_as_qrcode\":\"0\",\"scan_qrcode\":\"0\",\"guess_linktype\":\"1\",\"link_target_options\":\"_blank\",\"rel\":\"\",\"link_title\":\"\",\"link_attributes\":\"\",\"show_in_rss_feed\":\"0\",\"show_label_in_rss_feed\":\"0\",\"use_as_rss_enclosure\":\"0\",\"rollover\":\"\",\"tipseval\":\"0\",\"tiplocation\":\"top-left\",\"labelindetails\":\"0\",\"labelinlist\":\"0\",\"comment\":\"\",\"edit_access\":\"1\",\"edit_access_user\":\"\",\"view_access\":\"1\",\"view_access_user\":\"\",\"list_view_access\":\"1\",\"encrypt\":\"0\",\"store_in_db\":\"1\",\"default_on_copy\":\"0\",\"can_order\":\"0\",\"alt_list_heading\":\"\",\"custom_link\":\"\",\"custom_link_target\":\"\",\"custom_link_indetails\":\"1\",\"use_as_row_class\":\"0\",\"include_in_list_query\":\"1\",\"always_render\":\"0\",\"icon_folder\":\"0\",\"icon_hovertext\":\"1\",\"icon_file\":\"\",\"icon_subdir\":\"\",\"filter_length\":\"20\",\"filter_access\":\"1\",\"full_words_only\":\"0\",\"filter_required\":\"0\",\"filter_build_method\":\"0\",\"filter_groupby\":\"text\",\"inc_in_adv_search\":\"1\",\"filter_class\":\"input-medium\",\"filter_responsive_class\":\"\",\"tablecss_header_class\":\"\",\"tablecss_header\":\"\",\"tablecss_cell_class\":\"\",\"tablecss_cell\":\"\",\"sum_on\":\"0\",\"sum_label\":\"Sum\",\"sum_access\":\"1\",\"sum_split\":\"\",\"avg_on\":\"0\",\"avg_label\":\"Average\",\"avg_access\":\"1\",\"avg_round\":\"0\",\"avg_split\":\"\",\"median_on\":\"0\",\"median_label\":\"Median\",\"median_access\":\"1\",\"median_split\":\"\",\"count_on\":\"0\",\"count_label\":\"Count\",\"count_condition\":\"\",\"count_access\":\"1\",\"count_split\":\"\",\"custom_calc_on\":\"0\",\"custom_calc_label\":\"Custom\",\"custom_calc_query\":\"\",\"custom_calc_access\":\"1\",\"custom_calc_split\":\"\",\"custom_calc_php\":\"\",\"validations\":[]}'),
(25, 'ADORUPWHO', 1, 'field', 'ADORUPWHO', 0, NULL, '2020-12-09 09:36:30', 925, 'herve', '2020-12-09 09:36:30', 0, 30, 6, '', 0, 0, 25, 0, NULL, NULL, 0, 0, 0, 0, 1, 0, 0, '{\"rollover\":\"\",\"comment\":\"\",\"sub_default_value\":\"\",\"sub_default_label\":\"\",\"element_before_label\":1,\"allow_frontend_addtocheckbox\":0,\"database_join_display_type\":\"dropdown\",\"joinType\":\"simple\",\"join_conn_id\":-1,\"date_table_format\":\"Y-m-d\",\"date_form_format\":\"Y-m-d H:i:s\",\"date_showtime\":0,\"date_time_format\":\"H:i\",\"date_defaulttotoday\":1,\"date_firstday\":0,\"multiple\":0,\"allow_frontend_addtodropdown\":0,\"password\":0,\"maxlength\":\"50\",\"text_format\":\"text\",\"integer_length\":6,\"decimal_length\":2,\"guess_linktype\":0,\"disable\":0,\"readonly\":0,\"ul_max_file_size\":16000,\"ul_email_file\":0,\"ul_file_increment\":0,\"upload_allow_folderselect\":1,\"fu_fancy_upload\":0,\"upload_delete_image\":1,\"make_link\":0,\"fu_show_image_in_table\":0,\"image_library\":\"gd2\",\"make_thumbnail\":0,\"imagepath\":\"\\/\",\"selectImage_root_folder\":\"\\/\",\"image_front_end_select\":0,\"show_image_in_table\":0,\"image_float\":\"none\",\"link_target\":\"_self\",\"radio_element_before_label\":0,\"options_per_row\":4,\"ck_options_per_row\":4,\"allow_frontend_addtoradio\":0,\"use_wysiwyg\":0,\"my_table_data\":\"id\",\"update_on_edit\":0,\"view_access\":1,\"show_in_rss_feed\":0,\"show_label_in_rss_feed\":0,\"icon_folder\":-1,\"use_as_row_class\":0,\"filter_access\":1,\"full_words_only\":0,\"inc_in_adv_search\":1,\"sum_on\":0,\"sum_access\":0,\"avg_on\":0,\"avg_access\":0,\"median_on\":0,\"median_access\":0,\"count_on\":0,\"count_access\":0}'),
(26, 'ADORUPDATE', 1, 'date', 'ADORUPDATE', 0, NULL, '2020-12-09 09:36:30', 925, 'herve', '2020-12-09 09:36:30', 0, 10, 6, '', 0, 0, 26, 0, NULL, NULL, 0, 0, 0, 0, 1, 0, 0, '{\"rollover\":\"\",\"comment\":\"\",\"sub_default_value\":\"\",\"sub_default_label\":\"\",\"element_before_label\":1,\"allow_frontend_addtocheckbox\":0,\"database_join_display_type\":\"dropdown\",\"joinType\":\"simple\",\"join_conn_id\":-1,\"date_table_format\":\"Y-m-d\",\"date_form_format\":\"Y-m-d H:i:s\",\"date_showtime\":0,\"date_time_format\":\"H:i\",\"date_defaulttotoday\":1,\"date_firstday\":0,\"multiple\":0,\"allow_frontend_addtodropdown\":0,\"password\":0,\"maxlength\":255,\"text_format\":\"text\",\"integer_length\":6,\"decimal_length\":2,\"guess_linktype\":0,\"disable\":0,\"readonly\":0,\"ul_max_file_size\":16000,\"ul_email_file\":0,\"ul_file_increment\":0,\"upload_allow_folderselect\":1,\"fu_fancy_upload\":0,\"upload_delete_image\":1,\"make_link\":0,\"fu_show_image_in_table\":0,\"image_library\":\"gd2\",\"make_thumbnail\":0,\"imagepath\":\"\\/\",\"selectImage_root_folder\":\"\\/\",\"image_front_end_select\":0,\"show_image_in_table\":0,\"image_float\":\"none\",\"link_target\":\"_self\",\"radio_element_before_label\":0,\"options_per_row\":4,\"ck_options_per_row\":4,\"allow_frontend_addtoradio\":0,\"use_wysiwyg\":0,\"my_table_data\":\"id\",\"update_on_edit\":0,\"view_access\":1,\"show_in_rss_feed\":0,\"show_label_in_rss_feed\":0,\"icon_folder\":-1,\"use_as_row_class\":0,\"filter_access\":1,\"full_words_only\":0,\"inc_in_adv_search\":1,\"sum_on\":0,\"sum_access\":0,\"avg_on\":0,\"avg_access\":0,\"median_on\":0,\"median_access\":0,\"count_on\":0,\"count_access\":0}'),
(27, 'ADORCOMM', 1, 'textarea', 'ADORCOMM', 0, NULL, '2020-12-09 09:36:30', 925, 'herve', '2020-12-09 09:36:30', 0, 40, 6, '', 0, 0, 27, 0, NULL, NULL, 0, 0, 0, 0, 1, 0, 0, '{\"rollover\":\"\",\"comment\":\"\",\"sub_default_value\":\"\",\"sub_default_label\":\"\",\"element_before_label\":1,\"allow_frontend_addtocheckbox\":0,\"database_join_display_type\":\"dropdown\",\"joinType\":\"simple\",\"join_conn_id\":-1,\"date_table_format\":\"Y-m-d\",\"date_form_format\":\"Y-m-d H:i:s\",\"date_showtime\":0,\"date_time_format\":\"H:i\",\"date_defaulttotoday\":1,\"date_firstday\":0,\"multiple\":0,\"allow_frontend_addtodropdown\":0,\"password\":0,\"maxlength\":255,\"text_format\":\"text\",\"integer_length\":6,\"decimal_length\":2,\"guess_linktype\":0,\"disable\":0,\"readonly\":0,\"ul_max_file_size\":16000,\"ul_email_file\":0,\"ul_file_increment\":0,\"upload_allow_folderselect\":1,\"fu_fancy_upload\":0,\"upload_delete_image\":1,\"make_link\":0,\"fu_show_image_in_table\":0,\"image_library\":\"gd2\",\"make_thumbnail\":0,\"imagepath\":\"\\/\",\"selectImage_root_folder\":\"\\/\",\"image_front_end_select\":0,\"show_image_in_table\":0,\"image_float\":\"none\",\"link_target\":\"_self\",\"radio_element_before_label\":0,\"options_per_row\":4,\"ck_options_per_row\":4,\"allow_frontend_addtoradio\":0,\"use_wysiwyg\":0,\"my_table_data\":\"id\",\"update_on_edit\":0,\"view_access\":1,\"show_in_rss_feed\":0,\"show_label_in_rss_feed\":0,\"icon_folder\":-1,\"use_as_row_class\":0,\"filter_access\":1,\"full_words_only\":0,\"inc_in_adv_search\":1,\"sum_on\":0,\"sum_access\":0,\"avg_on\":0,\"avg_access\":0,\"median_on\":0,\"median_access\":0,\"count_on\":0,\"count_access\":0}');
INSERT INTO `jgkzw_fabrik_elements` (`id`, `name`, `group_id`, `plugin`, `label`, `checked_out`, `checked_out_time`, `created`, `created_by`, `created_by_alias`, `modified`, `modified_by`, `width`, `height`, `default`, `hidden`, `eval`, `ordering`, `show_in_list_summary`, `filter_type`, `filter_exact_match`, `published`, `link_to_detail`, `primary_key`, `auto_increment`, `access`, `use_in_page_title`, `parent_id`, `params`) VALUES
(28, 'ADORLOGO', 1, 'field', 'ADORLOGO', 0, NULL, '2020-12-09 09:36:30', 925, 'herve', '2020-12-09 09:36:30', 0, 30, 6, '', 0, 0, 28, 0, NULL, NULL, 0, 0, 0, 0, 1, 0, 0, '{\"rollover\":\"\",\"comment\":\"\",\"sub_default_value\":\"\",\"sub_default_label\":\"\",\"element_before_label\":1,\"allow_frontend_addtocheckbox\":0,\"database_join_display_type\":\"dropdown\",\"joinType\":\"simple\",\"join_conn_id\":-1,\"date_table_format\":\"Y-m-d\",\"date_form_format\":\"Y-m-d H:i:s\",\"date_showtime\":0,\"date_time_format\":\"H:i\",\"date_defaulttotoday\":1,\"date_firstday\":0,\"multiple\":0,\"allow_frontend_addtodropdown\":0,\"password\":0,\"maxlength\":\"150\",\"text_format\":\"text\",\"integer_length\":6,\"decimal_length\":2,\"guess_linktype\":0,\"disable\":0,\"readonly\":0,\"ul_max_file_size\":16000,\"ul_email_file\":0,\"ul_file_increment\":0,\"upload_allow_folderselect\":1,\"fu_fancy_upload\":0,\"upload_delete_image\":1,\"make_link\":0,\"fu_show_image_in_table\":0,\"image_library\":\"gd2\",\"make_thumbnail\":0,\"imagepath\":\"\\/\",\"selectImage_root_folder\":\"\\/\",\"image_front_end_select\":0,\"show_image_in_table\":0,\"image_float\":\"none\",\"link_target\":\"_self\",\"radio_element_before_label\":0,\"options_per_row\":4,\"ck_options_per_row\":4,\"allow_frontend_addtoradio\":0,\"use_wysiwyg\":0,\"my_table_data\":\"id\",\"update_on_edit\":0,\"view_access\":1,\"show_in_rss_feed\":0,\"show_label_in_rss_feed\":0,\"icon_folder\":-1,\"use_as_row_class\":0,\"filter_access\":1,\"full_words_only\":0,\"inc_in_adv_search\":1,\"sum_on\":0,\"sum_access\":0,\"avg_on\":0,\"avg_access\":0,\"median_on\":0,\"median_access\":0,\"count_on\":0,\"count_access\":0}'),
(29, 'OAADAOCODE', 2, 'internalid', 'OAADAOCODE', 0, NULL, '2020-12-09 09:38:26', 925, 'herve', '2020-12-09 09:38:26', 0, 11, 6, '', 0, 0, 0, 0, NULL, NULL, 1, 0, 0, 0, 1, 0, 0, '{\"rollover\":\"\",\"comment\":\"\",\"sub_default_value\":\"\",\"sub_default_label\":\"\",\"element_before_label\":1,\"allow_frontend_addtocheckbox\":0,\"database_join_display_type\":\"dropdown\",\"joinType\":\"simple\",\"join_conn_id\":-1,\"date_table_format\":\"Y-m-d\",\"date_form_format\":\"Y-m-d H:i:s\",\"date_showtime\":0,\"date_time_format\":\"H:i\",\"date_defaulttotoday\":1,\"date_firstday\":0,\"multiple\":0,\"allow_frontend_addtodropdown\":0,\"password\":0,\"maxlength\":\"11\",\"text_format\":\"text\",\"integer_length\":6,\"decimal_length\":2,\"guess_linktype\":0,\"disable\":0,\"readonly\":0,\"ul_max_file_size\":16000,\"ul_email_file\":0,\"ul_file_increment\":0,\"upload_allow_folderselect\":1,\"fu_fancy_upload\":0,\"upload_delete_image\":1,\"make_link\":0,\"fu_show_image_in_table\":0,\"image_library\":\"gd2\",\"make_thumbnail\":0,\"imagepath\":\"\\/\",\"selectImage_root_folder\":\"\\/\",\"image_front_end_select\":0,\"show_image_in_table\":0,\"image_float\":\"none\",\"link_target\":\"_self\",\"radio_element_before_label\":0,\"options_per_row\":4,\"ck_options_per_row\":4,\"allow_frontend_addtoradio\":0,\"use_wysiwyg\":0,\"my_table_data\":\"id\",\"update_on_edit\":0,\"view_access\":1,\"show_in_rss_feed\":0,\"show_label_in_rss_feed\":0,\"icon_folder\":-1,\"use_as_row_class\":0,\"filter_access\":1,\"full_words_only\":0,\"inc_in_adv_search\":1,\"sum_on\":0,\"sum_access\":0,\"avg_on\":0,\"avg_access\":0,\"median_on\":0,\"median_access\":0,\"count_on\":0,\"count_access\":0}'),
(30, 'OAADORCODE', 2, 'field', 'OAADORCODE', 0, NULL, '2020-12-09 09:38:26', 925, 'herve', '2020-12-09 09:38:26', 0, 16, 6, '', 0, 0, 1, 0, NULL, NULL, 0, 0, 0, 0, 1, 0, 0, '{\"rollover\":\"\",\"comment\":\"\",\"sub_default_value\":\"\",\"sub_default_label\":\"\",\"element_before_label\":1,\"allow_frontend_addtocheckbox\":0,\"database_join_display_type\":\"dropdown\",\"joinType\":\"simple\",\"join_conn_id\":-1,\"date_table_format\":\"Y-m-d\",\"date_form_format\":\"Y-m-d H:i:s\",\"date_showtime\":0,\"date_time_format\":\"H:i\",\"date_defaulttotoday\":1,\"date_firstday\":0,\"multiple\":0,\"allow_frontend_addtodropdown\":0,\"password\":0,\"maxlength\":\"16\",\"text_format\":\"text\",\"integer_length\":6,\"decimal_length\":2,\"guess_linktype\":0,\"disable\":0,\"readonly\":0,\"ul_max_file_size\":16000,\"ul_email_file\":0,\"ul_file_increment\":0,\"upload_allow_folderselect\":1,\"fu_fancy_upload\":0,\"upload_delete_image\":1,\"make_link\":0,\"fu_show_image_in_table\":0,\"image_library\":\"gd2\",\"make_thumbnail\":0,\"imagepath\":\"\\/\",\"selectImage_root_folder\":\"\\/\",\"image_front_end_select\":0,\"show_image_in_table\":0,\"image_float\":\"none\",\"link_target\":\"_self\",\"radio_element_before_label\":0,\"options_per_row\":4,\"ck_options_per_row\":4,\"allow_frontend_addtoradio\":0,\"use_wysiwyg\":0,\"my_table_data\":\"id\",\"update_on_edit\":0,\"view_access\":1,\"show_in_rss_feed\":0,\"show_label_in_rss_feed\":0,\"icon_folder\":-1,\"use_as_row_class\":0,\"filter_access\":1,\"full_words_only\":0,\"inc_in_adv_search\":1,\"sum_on\":0,\"sum_access\":0,\"avg_on\":0,\"avg_access\":0,\"median_on\":0,\"median_access\":0,\"count_on\":0,\"count_access\":0}'),
(31, 'OAURLPRES1', 2, 'field', 'OAURLPRES1', 0, NULL, '2020-12-09 09:38:26', 925, 'herve', '2020-12-09 09:38:26', 0, 30, 6, '', 0, 0, 2, 0, NULL, NULL, 0, 0, 0, 0, 1, 0, 0, '{\"rollover\":\"\",\"comment\":\"\",\"sub_default_value\":\"\",\"sub_default_label\":\"\",\"element_before_label\":1,\"allow_frontend_addtocheckbox\":0,\"database_join_display_type\":\"dropdown\",\"joinType\":\"simple\",\"join_conn_id\":-1,\"date_table_format\":\"Y-m-d\",\"date_form_format\":\"Y-m-d H:i:s\",\"date_showtime\":0,\"date_time_format\":\"H:i\",\"date_defaulttotoday\":1,\"date_firstday\":0,\"multiple\":0,\"allow_frontend_addtodropdown\":0,\"password\":0,\"maxlength\":\"100\",\"text_format\":\"text\",\"integer_length\":6,\"decimal_length\":2,\"guess_linktype\":0,\"disable\":0,\"readonly\":0,\"ul_max_file_size\":16000,\"ul_email_file\":0,\"ul_file_increment\":0,\"upload_allow_folderselect\":1,\"fu_fancy_upload\":0,\"upload_delete_image\":1,\"make_link\":0,\"fu_show_image_in_table\":0,\"image_library\":\"gd2\",\"make_thumbnail\":0,\"imagepath\":\"\\/\",\"selectImage_root_folder\":\"\\/\",\"image_front_end_select\":0,\"show_image_in_table\":0,\"image_float\":\"none\",\"link_target\":\"_self\",\"radio_element_before_label\":0,\"options_per_row\":4,\"ck_options_per_row\":4,\"allow_frontend_addtoradio\":0,\"use_wysiwyg\":0,\"my_table_data\":\"id\",\"update_on_edit\":0,\"view_access\":1,\"show_in_rss_feed\":0,\"show_label_in_rss_feed\":0,\"icon_folder\":-1,\"use_as_row_class\":0,\"filter_access\":1,\"full_words_only\":0,\"inc_in_adv_search\":1,\"sum_on\":0,\"sum_access\":0,\"avg_on\":0,\"avg_access\":0,\"median_on\":0,\"median_access\":0,\"count_on\":0,\"count_access\":0}'),
(32, 'OAURLPRES2', 2, 'field', 'OAURLPRES2', 0, NULL, '2020-12-09 09:38:26', 925, 'herve', '2020-12-09 09:38:26', 0, 30, 6, '', 0, 0, 3, 0, NULL, NULL, 0, 0, 0, 0, 1, 0, 0, '{\"rollover\":\"\",\"comment\":\"\",\"sub_default_value\":\"\",\"sub_default_label\":\"\",\"element_before_label\":1,\"allow_frontend_addtocheckbox\":0,\"database_join_display_type\":\"dropdown\",\"joinType\":\"simple\",\"join_conn_id\":-1,\"date_table_format\":\"Y-m-d\",\"date_form_format\":\"Y-m-d H:i:s\",\"date_showtime\":0,\"date_time_format\":\"H:i\",\"date_defaulttotoday\":1,\"date_firstday\":0,\"multiple\":0,\"allow_frontend_addtodropdown\":0,\"password\":0,\"maxlength\":\"100\",\"text_format\":\"text\",\"integer_length\":6,\"decimal_length\":2,\"guess_linktype\":0,\"disable\":0,\"readonly\":0,\"ul_max_file_size\":16000,\"ul_email_file\":0,\"ul_file_increment\":0,\"upload_allow_folderselect\":1,\"fu_fancy_upload\":0,\"upload_delete_image\":1,\"make_link\":0,\"fu_show_image_in_table\":0,\"image_library\":\"gd2\",\"make_thumbnail\":0,\"imagepath\":\"\\/\",\"selectImage_root_folder\":\"\\/\",\"image_front_end_select\":0,\"show_image_in_table\":0,\"image_float\":\"none\",\"link_target\":\"_self\",\"radio_element_before_label\":0,\"options_per_row\":4,\"ck_options_per_row\":4,\"allow_frontend_addtoradio\":0,\"use_wysiwyg\":0,\"my_table_data\":\"id\",\"update_on_edit\":0,\"view_access\":1,\"show_in_rss_feed\":0,\"show_label_in_rss_feed\":0,\"icon_folder\":-1,\"use_as_row_class\":0,\"filter_access\":1,\"full_words_only\":0,\"inc_in_adv_search\":1,\"sum_on\":0,\"sum_access\":0,\"avg_on\":0,\"avg_access\":0,\"median_on\":0,\"median_access\":0,\"count_on\":0,\"count_access\":0}');

-- --------------------------------------------------------

--
-- Structure de la table `jgkzw_fabrik_formgroup`
--

CREATE TABLE `jgkzw_fabrik_formgroup` (
  `id` int(6) NOT NULL,
  `form_id` int(4) NOT NULL DEFAULT 0,
  `group_id` int(4) NOT NULL DEFAULT 0,
  `ordering` int(4) NOT NULL DEFAULT 0
) ENGINE=MyISAM DEFAULT CHARSET=utf8mb3 COLLATE=utf8mb3_general_ci;

--
-- Déchargement des données de la table `jgkzw_fabrik_formgroup`
--

INSERT INTO `jgkzw_fabrik_formgroup` (`id`, `form_id`, `group_id`, `ordering`) VALUES
(1, 1, 1, 1),
(2, 1, 2, 2);

-- --------------------------------------------------------

--
-- Structure de la table `jgkzw_fabrik_forms`
--

CREATE TABLE `jgkzw_fabrik_forms` (
  `id` int(6) NOT NULL,
  `label` varchar(255) NOT NULL DEFAULT '',
  `record_in_database` int(4) NOT NULL DEFAULT 0,
  `error` varchar(150) NOT NULL DEFAULT '',
  `intro` text NOT NULL,
  `created` datetime NOT NULL,
  `created_by` int(11) NOT NULL DEFAULT 0,
  `created_by_alias` varchar(100) NOT NULL DEFAULT '',
  `modified` datetime DEFAULT NULL,
  `modified_by` int(11) NOT NULL DEFAULT 0,
  `checked_out` int(11) NOT NULL DEFAULT 0,
  `checked_out_time` datetime DEFAULT NULL,
  `publish_up` datetime DEFAULT NULL,
  `publish_down` datetime DEFAULT NULL,
  `reset_button_label` varchar(100) NOT NULL DEFAULT '',
  `submit_button_label` varchar(100) NOT NULL DEFAULT '',
  `form_template` varchar(255) DEFAULT '',
  `view_only_template` varchar(255) DEFAULT '',
  `published` int(1) NOT NULL DEFAULT 0,
  `private` tinyint(1) NOT NULL DEFAULT 0,
  `params` mediumtext DEFAULT NULL
) ENGINE=MyISAM DEFAULT CHARSET=utf8mb3 COLLATE=utf8mb3_general_ci;

--
-- Déchargement des données de la table `jgkzw_fabrik_forms`
--

INSERT INTO `jgkzw_fabrik_forms` (`id`, `label`, `record_in_database`, `error`, `intro`, `created`, `created_by`, `created_by_alias`, `modified`, `modified_by`, `checked_out`, `checked_out_time`, `publish_up`, `publish_down`, `reset_button_label`, `submit_button_label`, `form_template`, `view_only_template`, `published`, `private`, `params`) VALUES
(1, 'Liste des acteurs', 1, 'Certaines parties de votre formulaire n\'ont pas été correctement remplies', '', '2020-12-09 00:00:00', 925, 'herve', '2020-12-09 00:00:00', 0, 0, NULL, '2021-06-03 07:45:51', NULL, 'Réinitialiser', 'Sauvegarder', 'bootstrap', 'bootstrap', 1, 0, '{\"outro\":\"\",\"copy_button\":\"0\",\"copy_button_label\":\"Enregistrer comme copie\",\"copy_button_class\":\"\",\"copy_icon\":\"\",\"copy_icon_location\":\"before\",\"reset_button\":\"0\",\"reset_button_label\":\"R\\u00e9initialiser\",\"reset_button_class\":\"btn-warning\",\"reset_icon\":\"\",\"reset_icon_location\":\"before\",\"apply_button\":\"0\",\"apply_button_label\":\"Appliquer\",\"apply_button_class\":\"\",\"apply_icon\":\"\",\"apply_icon_location\":\"before\",\"goback_button\":\"0\",\"goback_button_label\":\"Retour\",\"goback_button_class\":\"\",\"goback_icon\":\"\",\"goback_icon_location\":\"before\",\"submit_button\":\"1\",\"submit_button_label\":\"Sauvegarder\",\"save_button_class\":\"btn-primary\",\"save_icon\":\"\",\"save_icon_location\":\"before\",\"submit_on_enter\":\"0\",\"delete_button\":\"0\",\"delete_button_label\":\"Effacer\",\"delete_button_class\":\"btn-danger\",\"delete_icon\":\"\",\"delete_icon_location\":\"before\",\"ajax_validations\":\"0\",\"ajax_validations_toggle_submit\":\"0\",\"submit-success-msg\":\"\",\"suppress_msgs\":\"0\",\"show_loader_on_submit\":\"0\",\"spoof_check\":\"1\",\"multipage_save\":\"0\",\"note\":\"\",\"labels_above\":\"0\",\"labels_above_details\":\"0\",\"pdf_template\":\"\",\"pdf_orientation\":\"portrait\",\"pdf_size\":\"a4\",\"pdf_include_bootstrap\":\"1\",\"admin_form_template\":\"\",\"admin_details_template\":\"\",\"show-title\":\"1\",\"print\":\"\",\"email\":\"\",\"pdf\":\"\",\"show-referring-table-releated-data\":\"0\",\"tiplocation\":\"tip\",\"process-jplugins\":\"2\",\"plugins\":[],\"plugin_locations\":[],\"plugin_events\":[],\"plugin_description\":[]}');

-- --------------------------------------------------------

--
-- Structure de la table `jgkzw_fabrik_form_sessions`
--

CREATE TABLE `jgkzw_fabrik_form_sessions` (
  `id` int(6) NOT NULL,
  `hash` varchar(255) NOT NULL DEFAULT '',
  `user_id` int(6) NOT NULL DEFAULT 0,
  `form_id` int(6) NOT NULL DEFAULT 0,
  `row_id` int(10) NOT NULL DEFAULT 0,
  `last_page` int(4) NOT NULL DEFAULT 0,
  `referring_url` varchar(255) NOT NULL DEFAULT '',
  `data` mediumtext NOT NULL,
  `time_date` datetime DEFAULT NULL
) ENGINE=MyISAM DEFAULT CHARSET=utf8mb3 COLLATE=utf8mb3_general_ci;

-- --------------------------------------------------------

--
-- Structure de la table `jgkzw_fabrik_groups`
--

CREATE TABLE `jgkzw_fabrik_groups` (
  `id` int(6) NOT NULL,
  `name` varchar(100) NOT NULL DEFAULT '',
  `css` text NOT NULL,
  `label` varchar(100) NOT NULL DEFAULT '',
  `published` int(1) NOT NULL DEFAULT 0,
  `created` datetime NOT NULL,
  `created_by` int(11) NOT NULL DEFAULT 0,
  `created_by_alias` varchar(100) NOT NULL DEFAULT '',
  `modified` datetime DEFAULT NULL,
  `modified_by` int(11) NOT NULL DEFAULT 0,
  `checked_out` int(11) NOT NULL DEFAULT 0,
  `checked_out_time` datetime DEFAULT NULL,
  `is_join` int(1) NOT NULL DEFAULT 0,
  `private` tinyint(1) NOT NULL DEFAULT 0,
  `params` mediumtext DEFAULT NULL
) ENGINE=MyISAM DEFAULT CHARSET=utf8mb3 COLLATE=utf8mb3_general_ci;

--
-- Déchargement des données de la table `jgkzw_fabrik_groups`
--

INSERT INTO `jgkzw_fabrik_groups` (`id`, `name`, `css`, `label`, `published`, `created`, `created_by`, `created_by_alias`, `modified`, `modified_by`, `checked_out`, `checked_out_time`, `is_join`, `private`, `params`) VALUES
(1, 'Liste des acteurs', '', 'Liste des acteurs', 1, '2020-12-09 09:36:30', 925, 'herve', '2020-12-09 09:36:30', 0, 0, NULL, 0, 0, '{\"split_page\":\"0\",\"list_view_and_query\":\"1\",\"access\":\"1\",\"intro\":\"\",\"outro\":\"\",\"repeat_group_button\":0,\"repeat_template\":\"repeatgroup\",\"repeat_max\":\"\",\"repeat_min\":\"\",\"repeat_num_element\":\"\",\"repeat_error_message\":\"\",\"repeat_no_data_message\":\"\",\"repeat_intro\":\"\",\"repeat_add_access\":\"1\",\"repeat_delete_access\":\"1\",\"repeat_delete_access_user\":\"\",\"repeat_copy_element_values\":\"0\",\"group_columns\":\"1\",\"group_column_widths\":\"\",\"repeat_group_show_first\":1,\"random\":\"0\",\"labels_above\":\"-1\",\"labels_above_details\":\"-1\"}'),
(2, 'Liste des acteurs- [tl_orgaacti]', '', 'tl_orgaacti', 1, '2020-12-09 09:38:26', 925, 'herve', '2020-12-09 09:38:26', 0, 0, NULL, 1, 0, '{\"split_page\":\"0\",\"list_view_and_query\":\"1\",\"access\":\"1\",\"intro\":\"\",\"outro\":\"\",\"repeat_group_button\":0,\"repeat_template\":\"repeatgroup\",\"repeat_max\":\"\",\"repeat_min\":\"\",\"repeat_num_element\":\"\",\"repeat_error_message\":\"\",\"repeat_no_data_message\":\"\",\"repeat_intro\":\"\",\"repeat_add_access\":\"1\",\"repeat_delete_access\":\"1\",\"repeat_delete_access_user\":\"\",\"repeat_copy_element_values\":\"0\",\"group_columns\":\"1\",\"group_column_widths\":\"\",\"repeat_group_show_first\":1,\"random\":\"0\",\"labels_above\":\"-1\",\"labels_above_details\":\"-1\"}');

-- --------------------------------------------------------

--
-- Structure de la table `jgkzw_fabrik_joins`
--

CREATE TABLE `jgkzw_fabrik_joins` (
  `id` int(6) NOT NULL,
  `list_id` int(6) NOT NULL DEFAULT 0,
  `element_id` int(6) NOT NULL DEFAULT 0,
  `join_from_table` varchar(255) NOT NULL DEFAULT '',
  `table_join` varchar(255) NOT NULL DEFAULT '',
  `table_key` varchar(255) NOT NULL DEFAULT '',
  `table_join_key` varchar(255) NOT NULL DEFAULT '',
  `join_type` varchar(255) NOT NULL DEFAULT '',
  `group_id` int(10) NOT NULL DEFAULT 0,
  `params` mediumtext DEFAULT NULL
) ENGINE=MyISAM DEFAULT CHARSET=utf8mb3 COLLATE=utf8mb3_general_ci;

--
-- Déchargement des données de la table `jgkzw_fabrik_joins`
--

INSERT INTO `jgkzw_fabrik_joins` (`id`, `list_id`, `element_id`, `join_from_table`, `table_join`, `table_key`, `table_join_key`, `join_type`, `group_id`, `params`) VALUES
(1, 1, 0, 't_adorga', 'tl_orgaacti', 'adorcode', 'OAADORCODE', 'left', 2, '{\"pk\":\"`tl_orgaacti`.`OAADAOCODE`\"}');

-- --------------------------------------------------------

--
-- Structure de la table `jgkzw_fabrik_jsactions`
--

CREATE TABLE `jgkzw_fabrik_jsactions` (
  `id` int(6) NOT NULL,
  `element_id` int(10) NOT NULL DEFAULT 0,
  `action` varchar(255) NOT NULL DEFAULT '',
  `code` text NOT NULL,
  `params` mediumtext DEFAULT NULL
) ENGINE=MyISAM DEFAULT CHARSET=utf8mb3 COLLATE=utf8mb3_general_ci;

-- --------------------------------------------------------

--
-- Structure de la table `jgkzw_fabrik_lists`
--

CREATE TABLE `jgkzw_fabrik_lists` (
  `id` int(6) NOT NULL,
  `label` varchar(255) NOT NULL DEFAULT '',
  `introduction` text NOT NULL,
  `form_id` int(4) NOT NULL DEFAULT 0,
  `db_table_name` varchar(255) NOT NULL DEFAULT '',
  `db_primary_key` varchar(255) NOT NULL DEFAULT '',
  `auto_inc` int(1) NOT NULL DEFAULT 0,
  `connection_id` int(6) NOT NULL DEFAULT 0,
  `created` datetime NOT NULL,
  `created_by` int(4) NOT NULL DEFAULT 0,
  `created_by_alias` varchar(255) NOT NULL DEFAULT '',
  `modified` datetime DEFAULT NULL,
  `modified_by` int(4) NOT NULL DEFAULT 0,
  `checked_out` int(4) NOT NULL DEFAULT 0,
  `checked_out_time` datetime DEFAULT NULL,
  `published` int(1) NOT NULL DEFAULT 0,
  `publish_up` datetime DEFAULT NULL,
  `publish_down` datetime DEFAULT NULL,
  `access` int(4) NOT NULL DEFAULT 0,
  `hits` int(4) NOT NULL DEFAULT 0,
  `rows_per_page` int(5) NOT NULL DEFAULT 0,
  `template` varchar(255) NOT NULL DEFAULT '',
  `order_by` varchar(255) NOT NULL DEFAULT '',
  `order_dir` varchar(255) NOT NULL DEFAULT 'ASC',
  `filter_action` varchar(30) NOT NULL DEFAULT '',
  `group_by` varchar(255) NOT NULL DEFAULT '',
  `private` tinyint(1) NOT NULL DEFAULT 0,
  `params` mediumtext DEFAULT NULL
) ENGINE=MyISAM DEFAULT CHARSET=utf8mb3 COLLATE=utf8mb3_general_ci;

--
-- Déchargement des données de la table `jgkzw_fabrik_lists`
--

INSERT INTO `jgkzw_fabrik_lists` (`id`, `label`, `introduction`, `form_id`, `db_table_name`, `db_primary_key`, `auto_inc`, `connection_id`, `created`, `created_by`, `created_by_alias`, `modified`, `modified_by`, `checked_out`, `checked_out_time`, `published`, `publish_up`, `publish_down`, `access`, `hits`, `rows_per_page`, `template`, `order_by`, `order_dir`, `filter_action`, `group_by`, `private`, `params`) VALUES
(1, 'Liste des acteurs', '', 1, 't_adorga', 't_adorga.adorcode', 0, 2, '2020-12-09 00:00:00', 0, '', '2020-12-09 09:48:42', 925, 0, NULL, 1, '2020-12-09 09:36:30', NULL, 1, 178, 50, 'bootstrap', '[\"2\",\"11\"]', '[\"ASC\",\"ASC\"]', 'onchange', '', 0, '{\"show-table-filters\":\"1\",\"advanced-filter\":\"0\",\"advanced-filter-default-statement\":\"=\",\"search-mode\":\"0\",\"search-mode-advanced\":\"0\",\"search-mode-advanced-default\":\"all\",\"search_elements\":\"\",\"list_search_elements\":\"null\",\"search-all-label\":\"All\",\"require-filter\":\"0\",\"require-filter-msg\":\"\",\"filter-dropdown-method\":\"0\",\"toggle_cols\":\"0\",\"list_filter_cols\":\"1\",\"empty_data_msg\":\"\",\"outro\":\"\",\"list_ajax\":\"0\",\"show-table-add\":\"0\",\"show-table-nav\":\"1\",\"show_displaynum\":\"1\",\"showall-records\":\"0\",\"show-total\":\"1\",\"sef-slug\":\"\",\"show-table-picker\":\"1\",\"admin_template\":\"\",\"show-title\":\"1\",\"pdf\":\"\",\"pdf_template\":\"\",\"pdf_orientation\":\"portrait\",\"pdf_size\":\"a4\",\"pdf_include_bootstrap\":\"1\",\"bootstrap_stripped_class\":\"0\",\"bootstrap_bordered_class\":\"0\",\"bootstrap_condensed_class\":\"1\",\"bootstrap_hover_class\":\"1\",\"responsive_elements\":\"\",\"responsive_class\":\"\",\"list_responsive_elements\":\"null\",\"tabs_field\":\"\",\"tabs_max\":\"10\",\"tabs_all\":\"1\",\"list_ajax_links\":\"0\",\"actionMethod\":\"default\",\"detailurl\":\"\",\"detaillabel\":\"\",\"list_detail_link_icon\":\"search\",\"list_detail_link_target\":\"_self\",\"editurl\":\"\",\"editlabel\":\"\",\"list_edit_link_icon\":\"edit\",\"checkboxLocation\":\"end\",\"addurl\":\"\",\"addlabel\":\"\",\"list_add_icon\":\"plus\",\"list_delete_icon\":\"delete\",\"popup_width\":\"\",\"popup_height\":\"\",\"popup_offset_x\":\"\",\"popup_offset_y\":\"\",\"note\":\"\",\"alter_existing_db_cols\":\"default\",\"process-jplugins\":\"1\",\"cloak_emails\":\"0\",\"enable_single_sorting\":\"default\",\"collation\":\"utf8_general_ci\",\"force_collate\":\"\",\"list_disable_caching\":\"0\",\"distinct\":\"1\",\"group_by_raw\":\"1\",\"group_by_access\":\"2\",\"group_by_order\":\"\",\"group_by_template\":\"\",\"group_by_template_extra\":\"\",\"group_by_order_dir\":\"ASC\",\"group_by_start_collapsed\":\"0\",\"group_by_collapse_others\":\"0\",\"group_by_show_count\":\"1\",\"menu_module_prefilters_override\":\"1\",\"prefilter_query\":\"\",\"join_id\":[\"1\"],\"join_type\":[\"left\"],\"join_from_table\":[\"t_adorga\"],\"table_join\":[\"tl_orgaacti\"],\"table_key\":[\"adorcode\"],\"table_join_key\":[\"OAADORCODE\"],\"join_repeat\":[[\"0\"]],\"join-display\":\"default\",\"delete-joined-rows\":\"0\",\"show_related_add\":\"0\",\"show_related_info\":\"0\",\"rss\":\"0\",\"feed_title\":\"\",\"feed_date\":\"\",\"feed_image_src\":\"\",\"rsslimit\":\"150\",\"rsslimitmax\":\"2500\",\"csv_import_frontend\":\"3\",\"csv_export_frontend\":\"2\",\"csvfullname\":\"0\",\"csv_export_step\":\"100\",\"newline_csv_export\":\"nl2br\",\"csv_clean_html\":\"leave\",\"csv_multi_join_split\":\",\",\"csv_custom_qs\":\"\",\"csv_frontend_selection\":\"0\",\"incfilters\":\"0\",\"csv_format\":\"0\",\"csv_which_elements\":\"selected\",\"show_in_csv\":\"\",\"csv_elements\":\"null\",\"csv_include_data\":\"1\",\"csv_include_raw_data\":\"1\",\"csv_include_calculations\":\"0\",\"csv_filename\":\"\",\"csv_encoding\":\"\",\"csv_double_quote\":\"1\",\"csv_local_delimiter\":\"\",\"csv_end_of_line\":\"n\",\"open_archive_active\":\"0\",\"open_archive_set_spec\":\"\",\"open_archive_timestamp\":\"\",\"open_archive_license\":\"http:\\/\\/creativecommons.org\\/licenses\\/by-nd\\/2.0\\/rdf\",\"dublin_core_element\":\"\",\"dublin_core_type\":\"dc:description.abstract\",\"raw\":\"0\",\"open_archive_elements\":\"null\",\"search_use\":\"0\",\"search_title\":\"\",\"search_description\":\"\",\"search_date\":\"\",\"search_link_type\":\"details\",\"dashboard\":\"0\",\"dashboard_icon\":\"\",\"allow_view_details\":\"2\",\"allow_edit_details\":\"6\",\"allow_edit_details2\":\"\",\"allow_add\":\"6\",\"allow_delete\":\"6\",\"allow_delete2\":\"\",\"allow_drop\":\"6\",\"menu_access_only\":\"0\",\"isview\":\"0\"}');

-- --------------------------------------------------------

--
-- Structure de la table `jgkzw_fabrik_log`
--

CREATE TABLE `jgkzw_fabrik_log` (
  `id` int(10) NOT NULL,
  `timedate_created` timestamp NOT NULL,
  `flag` smallint(3) NOT NULL DEFAULT 0,
  `referring_url` varchar(255) NOT NULL DEFAULT '',
  `message_source` varchar(255) NOT NULL DEFAULT '',
  `message_type` char(60) NOT NULL DEFAULT '',
  `message` text NOT NULL
) ENGINE=MyISAM DEFAULT CHARSET=utf8mb3 COLLATE=utf8mb3_general_ci;

-- --------------------------------------------------------

--
-- Structure de la table `jgkzw_fabrik_validations`
--

CREATE TABLE `jgkzw_fabrik_validations` (
  `id` int(6) NOT NULL,
  `element_id` int(4) NOT NULL DEFAULT 0,
  `validation_plugin` varchar(100) NOT NULL DEFAULT '',
  `message` varchar(255) DEFAULT '',
  `client_side_validation` int(1) NOT NULL DEFAULT 0,
  `checked_out` int(4) NOT NULL DEFAULT 0,
  `checked_out_time` datetime DEFAULT NULL,
  `params` mediumtext DEFAULT NULL
) ENGINE=MyISAM DEFAULT CHARSET=utf8mb3 COLLATE=utf8mb3_general_ci;

-- --------------------------------------------------------

--
-- Structure de la table `jgkzw_fabrik_visualizations`
--

CREATE TABLE `jgkzw_fabrik_visualizations` (
  `id` int(6) NOT NULL,
  `plugin` varchar(100) NOT NULL DEFAULT '',
  `label` varchar(255) NOT NULL DEFAULT '',
  `intro_text` text NOT NULL,
  `created` datetime NOT NULL,
  `created_by` int(11) NOT NULL DEFAULT 0,
  `created_by_alias` varchar(100) NOT NULL DEFAULT '',
  `modified` datetime DEFAULT NULL,
  `modified_by` int(11) NOT NULL DEFAULT 0,
  `checked_out` int(11) NOT NULL DEFAULT 0,
  `checked_out_time` datetime DEFAULT NULL,
  `publish_up` datetime DEFAULT NULL,
  `publish_down` datetime DEFAULT NULL,
  `published` int(1) NOT NULL DEFAULT 0,
  `access` int(6) NOT NULL DEFAULT 0,
  `params` mediumtext DEFAULT NULL
) ENGINE=MyISAM DEFAULT CHARSET=utf8mb3 COLLATE=utf8mb3_general_ci;

-- --------------------------------------------------------

--
-- Structure de la table `jgkzw_fields`
--

CREATE TABLE `jgkzw_fields` (
  `id` int(10) UNSIGNED NOT NULL,
  `asset_id` int(10) UNSIGNED NOT NULL DEFAULT 0,
  `context` varchar(255) NOT NULL DEFAULT '',
  `group_id` int(10) UNSIGNED NOT NULL DEFAULT 0,
  `title` varchar(255) NOT NULL DEFAULT '',
  `name` varchar(255) NOT NULL DEFAULT '',
  `label` varchar(255) NOT NULL DEFAULT '',
  `default_value` text DEFAULT NULL,
  `type` varchar(255) NOT NULL DEFAULT 'text',
  `note` varchar(255) NOT NULL DEFAULT '',
  `description` text NOT NULL,
  `state` tinyint(1) NOT NULL DEFAULT 0,
  `required` tinyint(1) NOT NULL DEFAULT 0,
  `checked_out` int(10) UNSIGNED DEFAULT NULL,
  `checked_out_time` datetime DEFAULT NULL,
  `ordering` int(11) NOT NULL DEFAULT 0,
  `params` text NOT NULL,
  `fieldparams` text NOT NULL,
  `language` char(7) NOT NULL DEFAULT '',
  `created_time` datetime NOT NULL,
  `created_user_id` int(10) UNSIGNED NOT NULL DEFAULT 0,
  `modified_time` datetime NOT NULL,
  `modified_by` int(10) UNSIGNED NOT NULL DEFAULT 0,
  `access` int(11) NOT NULL DEFAULT 1,
  `only_use_in_subform` tinyint(4) NOT NULL DEFAULT 0
) ENGINE=InnoDB DEFAULT CHARSET=utf8mb4 COLLATE=utf8mb4_unicode_ci;

-- --------------------------------------------------------

--
-- Structure de la table `jgkzw_fields_categories`
--

CREATE TABLE `jgkzw_fields_categories` (
  `field_id` int(11) NOT NULL DEFAULT 0,
  `category_id` int(11) NOT NULL DEFAULT 0
) ENGINE=InnoDB DEFAULT CHARSET=utf8mb4 COLLATE=utf8mb4_unicode_ci;

-- --------------------------------------------------------

--
-- Structure de la table `jgkzw_fields_groups`
--

CREATE TABLE `jgkzw_fields_groups` (
  `id` int(10) UNSIGNED NOT NULL,
  `asset_id` int(10) UNSIGNED NOT NULL DEFAULT 0,
  `context` varchar(255) NOT NULL DEFAULT '',
  `title` varchar(255) NOT NULL DEFAULT '',
  `note` varchar(255) NOT NULL DEFAULT '',
  `description` text NOT NULL,
  `state` tinyint(1) NOT NULL DEFAULT 0,
  `checked_out` int(10) UNSIGNED DEFAULT NULL,
  `checked_out_time` datetime DEFAULT NULL,
  `ordering` int(11) NOT NULL DEFAULT 0,
  `params` text NOT NULL,
  `language` char(7) NOT NULL DEFAULT '',
  `created` datetime NOT NULL,
  `created_by` int(10) UNSIGNED NOT NULL DEFAULT 0,
  `modified` datetime NOT NULL,
  `modified_by` int(10) UNSIGNED NOT NULL DEFAULT 0,
  `access` int(11) NOT NULL DEFAULT 1
) ENGINE=InnoDB DEFAULT CHARSET=utf8mb4 COLLATE=utf8mb4_unicode_ci;

-- --------------------------------------------------------

--
-- Structure de la table `jgkzw_fields_values`
--

CREATE TABLE `jgkzw_fields_values` (
  `field_id` int(10) UNSIGNED NOT NULL,
  `item_id` varchar(255) NOT NULL COMMENT 'Allow references to items which have strings as ids, eg. none db systems.',
  `value` text DEFAULT NULL
) ENGINE=InnoDB DEFAULT CHARSET=utf8mb4 COLLATE=utf8mb4_unicode_ci;

-- --------------------------------------------------------

--
-- Structure de la table `jgkzw_finder_filters`
--

CREATE TABLE `jgkzw_finder_filters` (
  `filter_id` int(10) UNSIGNED NOT NULL,
  `title` varchar(255) NOT NULL,
  `alias` varchar(255) NOT NULL,
  `state` tinyint(1) NOT NULL DEFAULT 1,
  `created` datetime NOT NULL,
  `created_by` int(10) UNSIGNED NOT NULL DEFAULT 0,
  `created_by_alias` varchar(255) NOT NULL DEFAULT '',
  `modified` datetime NOT NULL,
  `modified_by` int(10) UNSIGNED NOT NULL DEFAULT 0,
  `checked_out` int(10) UNSIGNED DEFAULT NULL,
  `checked_out_time` datetime DEFAULT NULL,
  `map_count` int(10) UNSIGNED NOT NULL DEFAULT 0,
  `data` text NOT NULL,
  `params` mediumtext DEFAULT NULL
) ENGINE=InnoDB DEFAULT CHARSET=utf8mb4 COLLATE=utf8mb4_unicode_ci;

-- --------------------------------------------------------

--
-- Structure de la table `jgkzw_finder_links`
--

CREATE TABLE `jgkzw_finder_links` (
  `link_id` int(10) UNSIGNED NOT NULL,
  `url` varchar(255) NOT NULL,
  `route` varchar(400) DEFAULT NULL,
  `title` varchar(400) DEFAULT NULL,
  `description` text DEFAULT NULL,
  `indexdate` datetime NOT NULL,
  `md5sum` varchar(32) DEFAULT NULL,
  `published` tinyint(1) NOT NULL DEFAULT 1,
  `state` int(11) NOT NULL DEFAULT 1,
  `access` int(11) NOT NULL DEFAULT 0,
  `language` char(7) NOT NULL DEFAULT '',
  `publish_start_date` datetime DEFAULT NULL,
  `publish_end_date` datetime DEFAULT NULL,
  `start_date` datetime DEFAULT NULL,
  `end_date` datetime DEFAULT NULL,
  `list_price` double UNSIGNED NOT NULL DEFAULT 0,
  `sale_price` double UNSIGNED NOT NULL DEFAULT 0,
  `type_id` int(11) NOT NULL,
  `object` mediumblob NOT NULL
) ENGINE=InnoDB DEFAULT CHARSET=utf8mb4 COLLATE=utf8mb4_unicode_ci;

-- --------------------------------------------------------

--
-- Structure de la table `jgkzw_finder_links_terms`
--

CREATE TABLE `jgkzw_finder_links_terms` (
  `link_id` int(10) UNSIGNED NOT NULL,
  `term_id` int(10) UNSIGNED NOT NULL,
  `weight` float UNSIGNED NOT NULL DEFAULT 0
) ENGINE=InnoDB DEFAULT CHARSET=utf8mb4 COLLATE=utf8mb4_unicode_ci;

-- --------------------------------------------------------

--
-- Structure de la table `jgkzw_finder_logging`
--

CREATE TABLE `jgkzw_finder_logging` (
  `searchterm` varchar(255) NOT NULL DEFAULT '',
  `md5sum` varchar(32) NOT NULL DEFAULT '',
  `query` blob NOT NULL,
  `hits` int(11) NOT NULL DEFAULT 1,
  `results` int(11) NOT NULL DEFAULT 0
) ENGINE=InnoDB DEFAULT CHARSET=utf8mb4 COLLATE=utf8mb4_unicode_ci;

-- --------------------------------------------------------

--
-- Structure de la table `jgkzw_finder_taxonomy`
--

CREATE TABLE `jgkzw_finder_taxonomy` (
  `id` int(10) UNSIGNED NOT NULL,
  `parent_id` int(10) UNSIGNED NOT NULL DEFAULT 0,
  `lft` int(11) NOT NULL DEFAULT 0,
  `rgt` int(11) NOT NULL DEFAULT 0,
  `level` int(10) UNSIGNED NOT NULL DEFAULT 0,
  `path` varchar(400) NOT NULL DEFAULT '',
  `title` varchar(255) NOT NULL DEFAULT '',
  `alias` varchar(400) NOT NULL DEFAULT '',
  `state` tinyint(3) UNSIGNED NOT NULL DEFAULT 1,
  `access` tinyint(3) UNSIGNED NOT NULL DEFAULT 1,
  `language` char(7) NOT NULL DEFAULT ''
) ENGINE=InnoDB DEFAULT CHARSET=utf8mb4 COLLATE=utf8mb4_unicode_ci;

--
-- Déchargement des données de la table `jgkzw_finder_taxonomy`
--

INSERT INTO `jgkzw_finder_taxonomy` (`id`, `parent_id`, `lft`, `rgt`, `level`, `path`, `title`, `alias`, `state`, `access`, `language`) VALUES
(1, 0, 0, 1, 0, '', 'ROOT', 'root', 1, 1, '*');

-- --------------------------------------------------------

--
-- Structure de la table `jgkzw_finder_taxonomy_map`
--

CREATE TABLE `jgkzw_finder_taxonomy_map` (
  `link_id` int(10) UNSIGNED NOT NULL,
  `node_id` int(10) UNSIGNED NOT NULL
) ENGINE=InnoDB DEFAULT CHARSET=utf8mb4 COLLATE=utf8mb4_unicode_ci;

-- --------------------------------------------------------

--
-- Structure de la table `jgkzw_finder_terms`
--

CREATE TABLE `jgkzw_finder_terms` (
  `term_id` int(10) UNSIGNED NOT NULL,
  `term` varchar(75) CHARACTER SET utf8mb4 COLLATE utf8mb4_bin NOT NULL,
  `stem` varchar(75) CHARACTER SET utf8mb4 COLLATE utf8mb4_bin NOT NULL DEFAULT '',
  `common` tinyint(1) UNSIGNED NOT NULL DEFAULT 0,
  `phrase` tinyint(1) UNSIGNED NOT NULL DEFAULT 0,
  `weight` float UNSIGNED NOT NULL DEFAULT 0,
  `soundex` varchar(75) CHARACTER SET utf8mb4 COLLATE utf8mb4_bin NOT NULL DEFAULT '',
  `links` int(10) NOT NULL DEFAULT 0,
  `language` char(7) NOT NULL DEFAULT ''
) ENGINE=InnoDB DEFAULT CHARSET=utf8mb4 COLLATE=utf8mb4_unicode_ci;

-- --------------------------------------------------------

--
-- Structure de la table `jgkzw_finder_terms_common`
--

CREATE TABLE `jgkzw_finder_terms_common` (
  `term` varchar(75) CHARACTER SET utf8mb4 COLLATE utf8mb4_bin NOT NULL DEFAULT '',
  `language` char(7) NOT NULL DEFAULT '',
  `custom` int(11) NOT NULL DEFAULT 0
) ENGINE=InnoDB DEFAULT CHARSET=utf8mb4 COLLATE=utf8mb4_unicode_ci;

--
-- Déchargement des données de la table `jgkzw_finder_terms_common`
--

INSERT INTO `jgkzw_finder_terms_common` (`term`, `language`, `custom`) VALUES
('a', 'en', 0),
('a', 'es', 0),
('a', 'fr', 0),
('a fait', 'fr', 0),
('a fazer', 'pt', 0),
('a été', 'fr', 0),
('abaixo', 'pt', 0),
('abajo', 'es', 0),
('about', 'en', 0),
('above', 'en', 0),
('acima', 'pt', 0),
('activé', 'fr', 0),
('adiante', 'pt', 0),
('after', 'en', 0),
('again', 'en', 0),
('against', 'en', 0),
('al', 'es', 0),
('alguna', 'es', 0),
('algunas', 'es', 0),
('algunos', 'es', 0),
('alguns', 'pt', 0),
('algún', 'es', 0),
('ali', 'pt', 0),
('all', 'en', 0),
('allons', 'fr', 0),
('allí', 'es', 0),
('am', 'en', 0),
('ambos', 'pt', 0),
('an', 'en', 0),
('and', 'en', 0),
('ante', 'es', 0),
('antes', 'es', 0),
('antes', 'pt', 0),
('any', 'en', 0),
('apenas', 'pt', 0),
('après', 'fr', 0),
('aquele', 'pt', 0),
('aqueles', 'pt', 0),
('aqui', 'pt', 0),
('aqui está', 'pt', 0),
('aquí', 'es', 0),
('are', 'en', 0),
('aren\'t', 'en', 0),
('arriba', 'es', 0),
('as', 'en', 0),
('assim', 'pt', 0),
('at', 'en', 0),
('através', 'pt', 0),
('até', 'pt', 0),
('au', 'fr', 0),
('au-dessous', 'fr', 0),
('au-dessus', 'fr', 0),
('autre', 'fr', 0),
('avait', 'fr', 0),
('avant', 'fr', 0),
('avec', 'fr', 0),
('ayant', 'fr', 0),
('bajo', 'es', 0),
('be', 'en', 0),
('because', 'en', 0),
('been', 'en', 0),
('before', 'en', 0),
('being', 'en', 0),
('below', 'en', 0),
('between', 'en', 0),
('both', 'en', 0),
('but', 'en', 0),
('by', 'en', 0),
('c\'est', 'fr', 0),
('cabe', 'es', 0),
('cada', 'es', 0),
('cada', 'pt', 0),
('can\'t', 'en', 0),
('cannot', 'en', 0),
('ce', 'fr', 0),
('ce que', 'fr', 0),
('ce qui', 'fr', 0),
('ce qui est', 'fr', 0),
('ces', 'fr', 0),
('ceux', 'fr', 0),
('chaque', 'fr', 0),
('com', 'pt', 0),
('comme', 'fr', 0),
('comment', 'fr', 0),
('como', 'es', 0),
('como', 'pt', 0),
('con', 'es', 0),
('conque', 'es', 0),
('contra', 'es', 0),
('contra', 'pt', 0),
('contre', 'fr', 0),
('could', 'en', 0),
('couldn\'t', 'en', 0),
('cual', 'es', 0),
('cualquier', 'es', 0),
('cualquiera', 'es', 0),
('cuando', 'es', 0),
('cuál', 'es', 0),
('cuándo', 'es', 0),
('cuánta', 'es', 0),
('cuántas', 'es', 0),
('cuánto', 'es', 0),
('cuántos', 'es', 0),
('cómo', 'es', 0),
('dans', 'fr', 0),
('de', 'es', 0),
('de', 'fr', 0),
('de', 'pt', 0),
('debe', 'es', 0),
('deberá', 'es', 0),
('deberán', 'es', 0),
('debería', 'es', 0),
('deberían', 'es', 0),
('del', 'es', 0),
('dela', 'pt', 0),
('dele', 'pt', 0),
('dentro', 'es', 0),
('dentro', 'pt', 0),
('depois', 'pt', 0),
('descer', 'pt', 0),
('desde', 'es', 0),
('desligado', 'pt', 0),
('después', 'es', 0),
('deve', 'pt', 0),
('deveria', 'pt', 0),
('devrait', 'fr', 0),
('did', 'en', 0),
('didn\'t', 'en', 0),
('do', 'en', 0),
('does', 'en', 0),
('doesn\'t', 'en', 0),
('doing', 'en', 0),
('doit', 'fr', 0),
('don\'t', 'en', 0),
('donc', 'fr', 0),
('donde', 'es', 0),
('down', 'en', 0),
('du', 'fr', 0),
('durant', 'fr', 0),
('durante', 'es', 0),
('durante', 'pt', 0),
('during', 'en', 0),
('désactivé', 'fr', 0),
('dónde', 'es', 0),
('e', 'pt', 0),
('each', 'en', 0),
('el', 'es', 0),
('ela', 'pt', 0),
('ela própria', 'pt', 0),
('ela é', 'pt', 0),
('ele', 'pt', 0),
('ele próprio', 'pt', 0),
('ele é', 'pt', 0),
('eles', 'pt', 0),
('eles mesmos', 'pt', 0),
('ella', 'es', 0),
('ellas', 'es', 0),
('elle', 'fr', 0),
('elle est', 'fr', 0),
('elle va', 'fr', 0),
('elle-même', 'fr', 0),
('ellos', 'es', 0),
('em', 'pt', 0),
('em si', 'pt', 0),
('en', 'es', 0),
('en', 'fr', 0),
('en bas', 'fr', 0),
('en haut', 'fr', 0),
('encore', 'fr', 0),
('enquanto', 'pt', 0),
('entre', 'es', 0),
('entre', 'fr', 0),
('entre', 'pt', 0),
('então', 'pt', 0),
('era', 'es', 0),
('eram', 'pt', 0),
('eran', 'es', 0),
('esas', 'es', 0),
('ese', 'es', 0),
('esos', 'es', 0),
('est', 'fr', 0),
('estaba', 'es', 0),
('estaban', 'es', 0),
('estar', 'es', 0),
('estará', 'es', 0),
('estarán', 'es', 0),
('estaría', 'es', 0),
('estarían', 'es', 0),
('estes', 'pt', 0),
('estoy', 'es', 0),
('está', 'pt', 0),
('están', 'es', 0),
('et', 'fr', 0),
('eu', 'pt', 0),
('eu próprio', 'pt', 0),
('eu sou', 'pt', 0),
('eux-mêmes', 'fr', 0),
('faire', 'fr', 0),
('faisant', 'fr', 0),
('fait', 'fr', 0),
('faz', 'pt', 0),
('fazer', 'pt', 0),
('few', 'en', 0),
('fez', 'pt', 0),
('foi', 'pt', 0),
('for', 'en', 0),
('fora', 'pt', 0),
('foram', 'pt', 0),
('from', 'en', 0),
('fuera', 'es', 0),
('further', 'en', 0),
('habrá', 'es', 0),
('habrán', 'es', 0),
('habría', 'es', 0),
('habrían', 'es', 0),
('había', 'es', 0),
('habían', 'es', 0),
('hace', 'es', 0),
('hacia', 'es', 0),
('had', 'en', 0),
('hadn\'t', 'en', 0),
('hará', 'es', 0),
('harán', 'es', 0),
('haría', 'es', 0),
('harían', 'es', 0),
('has', 'en', 0),
('hasn\'t', 'en', 0),
('hasta', 'es', 0),
('have', 'en', 0),
('haven\'t', 'en', 0),
('having', 'en', 0),
('hay', 'es', 0),
('he', 'en', 0),
('he\'d', 'en', 0),
('he\'d', 'pt', 0),
('he\'ll', 'en', 0),
('he\'ll', 'pt', 0),
('he\'s', 'en', 0),
('her', 'en', 0),
('here', 'en', 0),
('here\'s', 'en', 0),
('hers', 'en', 0),
('herself', 'en', 0),
('him', 'en', 0),
('himself', 'en', 0),
('his', 'en', 0),
('hors', 'fr', 0),
('how', 'en', 0),
('how\'s', 'en', 0),
('href', 'ru', 0),
('há', 'pt', 0),
('i', 'en', 0),
('i\'d', 'en', 0),
('i\'d', 'pt', 0),
('i\'ll', 'en', 0),
('i\'ll', 'pt', 0),
('i\'m', 'en', 0),
('i\'ve', 'en', 0),
('ici', 'fr', 0),
('if', 'en', 0),
('igual', 'es', 0),
('iguales', 'es', 0),
('il', 'fr', 0),
('il est', 'fr', 0),
('il va', 'fr', 0),
('il y a', 'fr', 0),
('ils', 'fr', 0),
('ils ont', 'fr', 0),
('ils sont', 'fr', 0),
('ils vont', 'fr', 0),
('impossible', 'fr', 0),
('in', 'en', 0),
('into', 'en', 0),
('is', 'en', 0),
('isn\'t', 'en', 0),
('isso é', 'pt', 0),
('isto', 'pt', 0),
('it', 'en', 0),
('it\'s', 'en', 0),
('its', 'en', 0),
('itself', 'en', 0),
('j\'ai', 'fr', 0),
('je', 'fr', 0),
('je suis', 'fr', 0),
('je vais', 'fr', 0),
('jusqu\'au', 'fr', 0),
('la', 'es', 0),
('las', 'es', 0),
('le', 'fr', 0),
('le nôtre', 'fr', 0),
('le plus', 'fr', 0),
('le vôtre', 'fr', 0),
('les', 'fr', 0),
('les deux', 'fr', 0),
('let\'s', 'en', 0),
('leur', 'fr', 0),
('leurs', 'fr', 0),
('ligado', 'pt', 0),
('lol', 'ru', 0),
('lorsque', 'fr', 0),
('los', 'es', 0),
('luego', 'es', 0),
('lui', 'fr', 0),
('lui-même', 'fr', 0),
('là', 'fr', 0),
('maioria', 'pt', 0),
('mais', 'fr', 0),
('mais', 'pt', 0),
('mas', 'es', 0),
('mas', 'pt', 0),
('me', 'en', 0),
('mediante', 'es', 0),
('menos', 'es', 0),
('mesmo', 'pt', 0),
('meu', 'pt', 0),
('mi', 'es', 0),
('mim', 'pt', 0),
('misma', 'es', 0),
('mismas', 'es', 0),
('mismo', 'es', 0),
('mismos', 'es', 0),
('moi', 'fr', 0),
('moi-même', 'fr', 0),
('mon', 'fr', 0),
('more', 'en', 0),
('most', 'en', 0),
('mucha', 'es', 0),
('muchas', 'es', 0),
('mucho', 'es', 0),
('muchos', 'es', 0),
('muito', 'pt', 0),
('mustn\'t', 'en', 0),
('my', 'en', 0),
('myself', 'en', 0),
('más', 'es', 0),
('même', 'fr', 0),
('mí', 'es', 0),
('mía', 'es', 0),
('mío', 'es', 0),
('n\'a pas', 'fr', 0),
('n\'a pas pu', 'fr', 0),
('n\'avait pas', 'fr', 0),
('n\'est pas', 'fr', 0),
('n\'importe', 'fr', 0),
('n\'ont pas', 'fr', 0),
('n\'étaient pas', 'fr', 0),
('n\'était pas', 'fr', 0),
('ne devrait pas', 'fr', 0),
('ne doit pas', 'fr', 0),
('ne l\'a pas fait', 'fr', 0),
('ne le fait pas', 'fr', 0),
('ne le ferait pas', 'fr', 0),
('ne le feront pas', 'fr', 0),
('ne le font pas', 'fr', 0),
('ne peut pas', 'fr', 0),
('ne sont pas', 'fr', 0),
('nem', 'pt', 0),
('ni', 'fr', 0),
('no', 'en', 0),
('no', 'es', 0),
('non', 'fr', 0),
('nor', 'en', 0),
('nosotras', 'es', 0),
('nosotros', 'es', 0),
('nosso', 'pt', 0),
('nossos', 'pt', 0),
('not', 'en', 0),
('notre', 'fr', 0),
('nous', 'fr', 0),
('nous allons', 'fr', 0),
('nous avons', 'fr', 0),
('nous sommes', 'fr', 0),
('nous-mêmes', 'fr', 0),
('novamente', 'pt', 0),
('não', 'pt', 0),
('não deve', 'pt', 0),
('não deveria', 'pt', 0),
('não eram', 'pt', 0),
('não farei', 'pt', 0),
('não foi', 'pt', 0),
('não pode', 'pt', 0),
('não pôde', 'pt', 0),
('não são', 'pt', 0),
('não tem', 'pt', 0),
('não tinha', 'pt', 0),
('não vou', 'pt', 0),
('não é', 'pt', 0),
('nós', 'pt', 0),
('nós próprios', 'pt', 0),
('o', 'es', 0),
('o', 'pt', 0),
('o qual', 'pt', 0),
('o que é', 'pt', 0),
('of', 'en', 0),
('off', 'en', 0),
('on', 'en', 0),
('once', 'en', 0),
('onde', 'pt', 0),
('onde está', 'pt', 0),
('only', 'en', 0),
('ont', 'fr', 0),
('or', 'en', 0),
('other', 'en', 0),
('ou', 'fr', 0),
('ou', 'pt', 0),
('ought', 'en', 0),
('our', 'en', 0),
('ours', 'en', 0),
('ourselves', 'en', 0),
('out', 'en', 0),
('outro', 'pt', 0),
('over', 'en', 0),
('own', 'en', 0),
('où', 'fr', 0),
('par', 'fr', 0),
('para', 'es', 0),
('para', 'pt', 0),
('parce que', 'fr', 0),
('pas', 'fr', 0),
('pero', 'es', 0),
('peu', 'fr', 0),
('plus', 'fr', 0),
('plus loin', 'fr', 0),
('poca', 'es', 0),
('pocas', 'es', 0),
('poco', 'es', 0),
('pocos', 'es', 0),
('pode', 'pt', 0),
('podrá', 'es', 0),
('podrán', 'es', 0),
('podría', 'es', 0),
('podrían', 'es', 0),
('por', 'es', 0),
('por', 'pt', 0),
('por que', 'pt', 0),
('porque', 'es', 0),
('porque', 'pt', 0),
('porqué', 'es', 0),
('porquê', 'pt', 0),
('possui', 'pt', 0),
('pour', 'fr', 0),
('pourquoi', 'fr', 0),
('pourrait', 'fr', 0),
('primero', 'es', 0),
('propia', 'es', 0),
('propias', 'es', 0),
('propio', 'es', 0),
('propios', 'es', 0),
('propre', 'fr', 0),
('puede', 'es', 0),
('puis', 'fr', 0),
('qualquer', 'pt', 0),
('quand', 'fr', 0),
('quando', 'pt', 0),
('quando é', 'pt', 0),
('que', 'es', 0),
('que', 'fr', 0),
('que', 'pt', 0),
('que é', 'pt', 0),
('quelques', 'fr', 0),
('quem', 'pt', 0),
('quem é', 'pt', 0),
('qui', 'fr', 0),
('qui est', 'fr', 0),
('quien', 'es', 0),
('quienes', 'es', 0),
('quién', 'es', 0),
('qué', 'es', 0),
('same', 'en', 0),
('se', 'pt', 0),
('según', 'es', 0),
('sendo', 'pt', 0),
('ser', 'es', 0),
('ser', 'pt', 0),
('serait', 'fr', 0),
('seria', 'pt', 0),
('ses', 'fr', 0),
('seu', 'pt', 0),
('seulement', 'fr', 0),
('seus', 'pt', 0),
('shan\'t', 'en', 0),
('she', 'en', 0),
('she\'d', 'en', 0),
('she\'d', 'pt', 0),
('she\'ll', 'en', 0),
('she\'ll', 'pt', 0),
('she\'s', 'en', 0),
('should', 'en', 0),
('shouldn\'t', 'en', 0),
('si', 'es', 0),
('si', 'fr', 0),
('sin', 'es', 0),
('so', 'en', 0),
('so', 'es', 0),
('sob', 'pt', 0),
('sobre', 'es', 0),
('sobre', 'pt', 0),
('soit', 'fr', 0),
('sola', 'es', 0),
('solas', 'es', 0),
('solo', 'es', 0),
('solos', 'es', 0),
('some', 'en', 0),
('somos', 'pt', 0),
('son', 'fr', 0),
('sont', 'fr', 0),
('sou', 'pt', 0),
('sous', 'fr', 0),
('su', 'es', 0),
('subir', 'pt', 0),
('such', 'en', 0),
('suis', 'fr', 0),
('sur', 'fr', 0),
('suya', 'es', 0),
('suyo', 'es', 0),
('são', 'pt', 0),
('sí', 'es', 0),
('tal', 'pt', 0),
('também', 'pt', 0),
('tant que', 'fr', 0),
('tel', 'fr', 0),
('tem', 'pt', 0),
('temos', 'pt', 0),
('tendo', 'pt', 0),
('tendrá', 'es', 0),
('tendrán', 'es', 0),
('tendría', 'es', 0),
('tendrían', 'es', 0),
('tenho', 'pt', 0),
('tens', 'pt', 0),
('tenía', 'es', 0),
('tenían', 'es', 0),
('than', 'en', 0),
('that', 'en', 0),
('that\'s', 'en', 0),
('the', 'en', 0),
('their', 'en', 0),
('theirs', 'en', 0),
('them', 'en', 0),
('themselves', 'en', 0),
('then', 'en', 0),
('there', 'en', 0),
('there\'s', 'en', 0),
('these', 'en', 0),
('they', 'en', 0),
('they\'d', 'en', 0),
('they\'d', 'pt', 0),
('they\'ll', 'en', 0),
('they\'ll', 'pt', 0),
('they\'re', 'en', 0),
('they\'ve', 'en', 0),
('this', 'en', 0),
('those', 'en', 0),
('through', 'en', 0),
('ti', 'es', 0),
('tiene', 'es', 0),
('tienen', 'es', 0),
('tinha', 'pt', 0),
('to', 'en', 0),
('todas', 'es', 0),
('todos', 'es', 0),
('too', 'en', 0),
('tous', 'fr', 0),
('tras', 'es', 0),
('trop', 'fr', 0),
('très', 'fr', 0),
('tu', 'es', 0),
('tu es', 'fr', 0),
('tu vas', 'fr', 0),
('tudo', 'pt', 0),
('tuya', 'es', 0),
('tuyo', 'es', 0),
('têm', 'pt', 0),
('tú', 'es', 0),
('um', 'pt', 0),
('uma', 'pt', 0),
('uma vez', 'pt', 0),
('un', 'fr', 0),
('under', 'en', 0),
('une', 'fr', 0),
('une fois', 'fr', 0),
('until', 'en', 0),
('up', 'en', 0),
('vamos', 'pt', 0),
('versus', 'es', 0),
('very', 'en', 0),
('você', 'pt', 0),
('você mesmo', 'pt', 0),
('você é', 'pt', 0),
('vocês mesmos', 'pt', 0),
('voici', 'fr', 0),
('vosotras', 'es', 0),
('vosotros', 'es', 0),
('votre', 'fr', 0),
('vous', 'fr', 0),
('vous avez', 'fr', 0),
('vous-même', 'fr', 0),
('vous-mêmes', 'fr', 0),
('vía', 'es', 0),
('was', 'en', 0),
('wasn\'t', 'en', 0),
('we', 'en', 0),
('we\'d', 'en', 0),
('we\'d', 'pt', 0),
('we\'ll', 'en', 0),
('we\'ll', 'pt', 0),
('we\'re', 'en', 0),
('we\'ve', 'en', 0),
('were', 'en', 0),
('weren\'t', 'en', 0),
('what', 'en', 0),
('what\'s', 'en', 0),
('when', 'en', 0),
('when\'s', 'en', 0),
('where', 'en', 0),
('where\'s', 'en', 0),
('which', 'en', 0),
('while', 'en', 0),
('who', 'en', 0),
('who\'s', 'en', 0),
('whom', 'en', 0),
('why', 'en', 0),
('why\'s', 'en', 0),
('with', 'en', 0),
('won\'t', 'en', 0),
('would', 'en', 0),
('wouldn\'t', 'en', 0),
('www', 'ru', 0),
('y', 'es', 0),
('yo', 'es', 0),
('you', 'en', 0),
('you\'d', 'en', 0),
('you\'d', 'pt', 0),
('you\'ll', 'en', 0),
('you\'ll', 'pt', 0),
('you\'re', 'en', 0),
('you\'ve', 'en', 0),
('your', 'en', 0),
('yours', 'en', 0),
('yourself', 'en', 0),
('yourselves', 'en', 0),
('à propos', 'fr', 0),
('à travers', 'fr', 0),
('ça', 'fr', 0),
('é', 'pt', 0),
('él', 'es', 0),
('étaient', 'fr', 0),
('était', 'fr', 0),
('être', 'fr', 0),
('а', 'ru', 0),
('без', 'ru', 0),
('благодарю', 'ru', 0),
('благодаря', 'ru', 0),
('близко', 'ru', 0),
('более', 'ru', 0),
('более-менее', 'ru', 0),
('большая', 'ru', 0),
('больше', 'ru', 0),
('большие', 'ru', 0),
('большое', 'ru', 0),
('большой', 'ru', 0),
('будет', 'ru', 0),
('будут', 'ru', 0),
('будучи', 'ru', 0),
('был', 'ru', 0),
('была', 'ru', 0),
('были', 'ru', 0),
('было', 'ru', 0),
('быть', 'ru', 0),
('в', 'ru', 0),
('вам', 'ru', 0),
('вами', 'ru', 0),
('вас', 'ru', 0),
('ваш', 'ru', 0),
('ваша', 'ru', 0),
('ваше', 'ru', 0),
('вашего', 'ru', 0),
('вашей', 'ru', 0),
('вашем', 'ru', 0),
('вашему', 'ru', 0),
('ваши', 'ru', 0),
('вашим', 'ru', 0),
('вашими', 'ru', 0),
('ваших', 'ru', 0),
('вашу', 'ru', 0),
('вблизи', 'ru', 0),
('ведь', 'ru', 0),
('везде', 'ru', 0),
('великолепно', 'ru', 0),
('вне', 'ru', 0),
('внутри', 'ru', 0),
('во', 'ru', 0),
('возле', 'ru', 0),
('вот', 'ru', 0),
('временами', 'ru', 0),
('временем', 'ru', 0),
('времени', 'ru', 0),
('время', 'ru', 0),
('все', 'ru', 0),
('все-таки', 'ru', 0),
('всегда', 'ru', 0),
('всего', 'ru', 0),
('всеми', 'ru', 0),
('всех', 'ru', 0),
('всякая', 'ru', 0),
('всякие', 'ru', 0),
('всякий', 'ru', 0),
('всяким', 'ru', 0),
('всякими', 'ru', 0),
('всяких', 'ru', 0),
('всякого', 'ru', 0),
('всякое', 'ru', 0),
('всякой', 'ru', 0),
('всяком', 'ru', 0),
('всякому', 'ru', 0),
('всякую', 'ru', 0),
('всё', 'ru', 0),
('всё-таки', 'ru', 0),
('выглядит', 'ru', 0),
('выглядят', 'ru', 0),
('где', 'ru', 0),
('да', 'ru', 0),
('далеко', 'ru', 0),
('действительно', 'ru', 0),
('день', 'ru', 0),
('для', 'ru', 0),
('дне', 'ru', 0),
('дней', 'ru', 0),
('днем', 'ru', 0),
('дни', 'ru', 0),
('дню', 'ru', 0),
('дня', 'ru', 0),
('дням', 'ru', 0),
('днями', 'ru', 0),
('днях', 'ru', 0),
('днём', 'ru', 0),
('до', 'ru', 0),
('дом', 'ru', 0),
('дома', 'ru', 0),
('доме', 'ru', 0),
('домом', 'ru', 0),
('дому', 'ru', 0),
('его', 'ru', 0),
('ее', 'ru', 0),
('если', 'ru', 0),
('есть', 'ru', 0),
('еще', 'ru', 0),
('её', 'ru', 0),
('же', 'ru', 0),
('за', 'ru', 0),
('затем', 'ru', 0),
('затем-то', 'ru', 0),
('захотел', 'ru', 0),
('захотела', 'ru', 0),
('захотели', 'ru', 0),
('захочу', 'ru', 0),
('зачем', 'ru', 0),
('зачем-то', 'ru', 0),
('знает', 'ru', 0),
('знал', 'ru', 0),
('знала', 'ru', 0),
('знали', 'ru', 0),
('знало', 'ru', 0),
('знаю', 'ru', 0),
('и', 'ru', 0),
('и т.д', 'ru', 0),
('и т.п', 'ru', 0),
('ибо', 'ru', 0),
('из', 'ru', 0),
('из-под', 'ru', 0),
('или', 'ru', 0),
('им', 'ru', 0),
('имхо', 'ru', 0),
('иначе', 'ru', 0),
('иногда', 'ru', 0),
('искал', 'ru', 0),
('искала', 'ru', 0),
('искали', 'ru', 0),
('искало', 'ru', 0),
('искать', 'ru', 0),
('итак', 'ru', 0),
('их', 'ru', 0),
('к', 'ru', 0),
('каждый', 'ru', 0),
('как', 'ru', 0),
('какая', 'ru', 0),
('какие', 'ru', 0),
('каким', 'ru', 0),
('каких', 'ru', 0),
('какого', 'ru', 0),
('какое', 'ru', 0),
('какой', 'ru', 0),
('каком', 'ru', 0),
('какому', 'ru', 0),
('какую', 'ru', 0),
('кем', 'ru', 0),
('когда', 'ru', 0),
('когда-нибудь', 'ru', 0),
('кого', 'ru', 0),
('ком', 'ru', 0),
('кому', 'ru', 0),
('которая', 'ru', 0),
('которого', 'ru', 0),
('которое', 'ru', 0),
('которой', 'ru', 0),
('котором', 'ru', 0),
('которому', 'ru', 0),
('которую', 'ru', 0),
('которые', 'ru', 0),
('который', 'ru', 0),
('которым', 'ru', 0),
('которых', 'ru', 0),
('кстати', 'ru', 0),
('кто', 'ru', 0),
('кто-то', 'ru', 0),
('куда', 'ru', 0),
('ли', 'ru', 0),
('либо', 'ru', 0),
('лол', 'ru', 0),
('лучшая', 'ru', 0),
('лучшее', 'ru', 0),
('лучшие', 'ru', 0),
('лучший', 'ru', 0),
('любая', 'ru', 0),
('любого', 'ru', 0),
('любое', 'ru', 0),
('любой', 'ru', 0),
('любому', 'ru', 0),
('любую', 'ru', 0),
('любые', 'ru', 0),
('любым', 'ru', 0),
('любыми', 'ru', 0),
('любых', 'ru', 0),
('маленькая', 'ru', 0),
('маленький', 'ru', 0),
('маленьким', 'ru', 0),
('маленького', 'ru', 0),
('маленькое', 'ru', 0),
('маленькой', 'ru', 0),
('маленьком', 'ru', 0),
('маленькому', 'ru', 0),
('маленькую', 'ru', 0),
('между', 'ru', 0),
('менее', 'ru', 0),
('меньше', 'ru', 0),
('меня', 'ru', 0),
('мир', 'ru', 0),
('мне', 'ru', 0),
('много', 'ru', 0),
('мной', 'ru', 0),
('мог', 'ru', 0),
('могла', 'ru', 0),
('могли', 'ru', 0),
('могло', 'ru', 0),
('могу', 'ru', 0),
('мое', 'ru', 0),
('можем', 'ru', 0),
('может', 'ru', 0),
('мои', 'ru', 0),
('мой', 'ru', 0),
('моя', 'ru', 0),
('моё', 'ru', 0),
('мы', 'ru', 0),
('на', 'ru', 0),
('над', 'ru', 0),
('назад', 'ru', 0),
('наиболее', 'ru', 0),
('наименее', 'ru', 0),
('нам', 'ru', 0),
('нами', 'ru', 0),
('напишет', 'ru', 0),
('напишу', 'ru', 0),
('напишут', 'ru', 0),
('например', 'ru', 0),
('нас', 'ru', 0),
('наш', 'ru', 0),
('наша', 'ru', 0),
('наше', 'ru', 0),
('нашего', 'ru', 0),
('нашей', 'ru', 0),
('нашем', 'ru', 0),
('нашему', 'ru', 0),
('наши', 'ru', 0),
('нашим', 'ru', 0),
('нашими', 'ru', 0),
('наших', 'ru', 0),
('нашу', 'ru', 0),
('не', 'ru', 0),
('него', 'ru', 0),
('недавно', 'ru', 0),
('нее', 'ru', 0),
('немного', 'ru', 0),
('нет', 'ru', 0),
('неужели', 'ru', 0),
('неё', 'ru', 0),
('ни', 'ru', 0),
('никогда', 'ru', 0),
('никто', 'ru', 0),
('ним', 'ru', 0),
('ничего', 'ru', 0),
('ничто', 'ru', 0),
('но', 'ru', 0),
('новая', 'ru', 0),
('нового', 'ru', 0),
('новое', 'ru', 0),
('новой', 'ru', 0),
('новом', 'ru', 0),
('новому', 'ru', 0),
('новостей', 'ru', 0),
('новости', 'ru', 0),
('новость', 'ru', 0),
('новостями', 'ru', 0),
('новую', 'ru', 0),
('новый', 'ru', 0),
('новым', 'ru', 0),
('новых', 'ru', 0),
('ну', 'ru', 0),
('нужен', 'ru', 0),
('нужна', 'ru', 0),
('нужно', 'ru', 0),
('нужны', 'ru', 0),
('о', 'ru', 0),
('об', 'ru', 0),
('однако', 'ru', 0),
('около', 'ru', 0),
('он', 'ru', 0),
('она', 'ru', 0),
('они', 'ru', 0),
('оно', 'ru', 0),
('от', 'ru', 0),
('ответ', 'ru', 0),
('ответил', 'ru', 0),
('ответила', 'ru', 0),
('ответили', 'ru', 0),
('ответило', 'ru', 0),
('откуда', 'ru', 0),
('отнюдь', 'ru', 0),
('перед', 'ru', 0),
('писал', 'ru', 0),
('писала', 'ru', 0),
('писали', 'ru', 0),
('писало', 'ru', 0),
('пишет', 'ru', 0),
('пишу', 'ru', 0),
('пишут', 'ru', 0),
('плохо', 'ru', 0),
('по', 'ru', 0),
('поблизости', 'ru', 0),
('под', 'ru', 0),
('пожалуйста', 'ru', 0),
('получала', 'ru', 0),
('получали', 'ru', 0),
('получало', 'ru', 0),
('получать', 'ru', 0),
('получил', 'ru', 0),
('получила', 'ru', 0),
('получили', 'ru', 0),
('получило', 'ru', 0),
('получить', 'ru', 0),
('пор', 'ru', 0),
('пора', 'ru', 0),
('порам', 'ru', 0),
('порами', 'ru', 0),
('поре', 'ru', 0),
('порой', 'ru', 0),
('пору', 'ru', 0),
('поры', 'ru', 0),
('после', 'ru', 0),
('потому', 'ru', 0),
('почему', 'ru', 0),
('почти', 'ru', 0),
('пошли', 'ru', 0),
('правда', 'ru', 0),
('прежде', 'ru', 0),
('примерно', 'ru', 0),
('про', 'ru', 0),
('просто', 'ru', 0),
('прошел', 'ru', 0),
('прошла', 'ru', 0),
('прошли', 'ru', 0),
('прошло', 'ru', 0),
('прошёл', 'ru', 0),
('пускай', 'ru', 0),
('пусть', 'ru', 0),
('раз', 'ru', 0),
('раза', 'ru', 0),
('разве', 'ru', 0),
('реже', 'ru', 0),
('с', 'ru', 0),
('сам', 'ru', 0),
('сама', 'ru', 0),
('самая', 'ru', 0),
('сами', 'ru', 0),
('самим', 'ru', 0),
('самими', 'ru', 0),
('самих', 'ru', 0),
('само', 'ru', 0),
('самого', 'ru', 0),
('самое', 'ru', 0),
('самой', 'ru', 0),
('самом', 'ru', 0),
('самому', 'ru', 0),
('саму', 'ru', 0),
('самую', 'ru', 0),
('самые', 'ru', 0),
('самый', 'ru', 0),
('самым', 'ru', 0),
('самыми', 'ru', 0),
('самых', 'ru', 0),
('сделал', 'ru', 0),
('сделала', 'ru', 0),
('сделали', 'ru', 0),
('сделало', 'ru', 0),
('сейчас', 'ru', 0),
('сквозь', 'ru', 0),
('скорее', 'ru', 0),
('скоро', 'ru', 0),
('случае', 'ru', 0),
('случаем', 'ru', 0),
('случай', 'ru', 0),
('случаю', 'ru', 0),
('случая', 'ru', 0),
('смотря', 'ru', 0),
('со', 'ru', 0),
('совсем', 'ru', 0),
('спасибо', 'ru', 0),
('старая', 'ru', 0),
('старого', 'ru', 0),
('старое', 'ru', 0),
('старой', 'ru', 0),
('старом', 'ru', 0),
('старому', 'ru', 0),
('старую', 'ru', 0),
('старый', 'ru', 0),
('старым', 'ru', 0),
('старых', 'ru', 0),
('так', 'ru', 0),
('также', 'ru', 0),
('твое', 'ru', 0),
('твоего', 'ru', 0),
('твои', 'ru', 0),
('твой', 'ru', 0),
('твою', 'ru', 0),
('твоя', 'ru', 0),
('твоё', 'ru', 0),
('те', 'ru', 0),
('тебя', 'ru', 0),
('тем', 'ru', 0),
('теми', 'ru', 0),
('теперь', 'ru', 0),
('тех', 'ru', 0),
('тобой', 'ru', 0),
('тогда', 'ru', 0),
('того', 'ru', 0),
('тоже', 'ru', 0),
('той', 'ru', 0),
('только', 'ru', 0),
('туда', 'ru', 0),
('у', 'ru', 0),
('ужасно', 'ru', 0),
('уже', 'ru', 0),
('узнает', 'ru', 0),
('узнают', 'ru', 0),
('ушел', 'ru', 0),
('ушла', 'ru', 0),
('ушли', 'ru', 0),
('ушло', 'ru', 0),
('ушёл', 'ru', 0),
('ходил', 'ru', 0),
('ходила', 'ru', 0),
('ходили', 'ru', 0),
('ходило', 'ru', 0),
('ходит', 'ru', 0),
('ходить', 'ru', 0),
('ходят', 'ru', 0),
('хорошо', 'ru', 0),
('хотел', 'ru', 0),
('хотела', 'ru', 0),
('хотели', 'ru', 0),
('хотело', 'ru', 0),
('хотя', 'ru', 0),
('хочу', 'ru', 0),
('чаще', 'ru', 0),
('чего', 'ru', 0),
('чем', 'ru', 0),
('чем-то', 'ru', 0),
('чему', 'ru', 0),
('через', 'ru', 0),
('что', 'ru', 0),
('чтоб', 'ru', 0),
('чтобы', 'ru', 0),
('чье', 'ru', 0),
('чьей', 'ru', 0),
('чьему', 'ru', 0),
('чьи', 'ru', 0),
('чьим', 'ru', 0),
('чьими', 'ru', 0),
('чьих', 'ru', 0),
('чья', 'ru', 0),
('чьё', 'ru', 0),
('чём', 'ru', 0),
('чём-то', 'ru', 0),
('шел', 'ru', 0),
('шла', 'ru', 0),
('шли', 'ru', 0),
('шло', 'ru', 0),
('шёл', 'ru', 0),
('эта', 'ru', 0),
('эти', 'ru', 0),
('этим', 'ru', 0),
('этих', 'ru', 0),
('это', 'ru', 0),
('этой', 'ru', 0),
('этому', 'ru', 0),
('этот', 'ru', 0),
('эту', 'ru', 0),
('я', 'ru', 0),
('является', 'ru', 0),
('являются', 'ru', 0);

-- --------------------------------------------------------

--
-- Structure de la table `jgkzw_finder_tokens`
--

CREATE TABLE `jgkzw_finder_tokens` (
  `term` varchar(75) CHARACTER SET utf8mb4 COLLATE utf8mb4_bin NOT NULL,
  `stem` varchar(75) CHARACTER SET utf8mb4 COLLATE utf8mb4_bin NOT NULL DEFAULT '',
  `common` tinyint(1) UNSIGNED NOT NULL DEFAULT 0,
  `phrase` tinyint(1) UNSIGNED NOT NULL DEFAULT 0,
  `weight` float UNSIGNED NOT NULL DEFAULT 1,
  `context` tinyint(1) UNSIGNED NOT NULL DEFAULT 2,
  `language` char(7) NOT NULL DEFAULT ''
) ENGINE=MEMORY DEFAULT CHARSET=utf8mb4 COLLATE=utf8mb4_unicode_ci;

-- --------------------------------------------------------

--
-- Structure de la table `jgkzw_finder_tokens_aggregate`
--

CREATE TABLE `jgkzw_finder_tokens_aggregate` (
  `term_id` int(10) UNSIGNED NOT NULL,
  `term` varchar(75) CHARACTER SET utf8mb4 COLLATE utf8mb4_bin NOT NULL,
  `stem` varchar(75) CHARACTER SET utf8mb4 COLLATE utf8mb4_bin NOT NULL DEFAULT '',
  `common` tinyint(1) UNSIGNED NOT NULL DEFAULT 0,
  `phrase` tinyint(1) UNSIGNED NOT NULL DEFAULT 0,
  `term_weight` float UNSIGNED NOT NULL DEFAULT 0,
  `context` tinyint(1) UNSIGNED NOT NULL DEFAULT 2,
  `context_weight` float UNSIGNED NOT NULL DEFAULT 0,
  `total_weight` float UNSIGNED NOT NULL DEFAULT 0,
  `language` char(7) NOT NULL DEFAULT ''
) ENGINE=MEMORY DEFAULT CHARSET=utf8mb4 COLLATE=utf8mb4_unicode_ci;

-- --------------------------------------------------------

--
-- Structure de la table `jgkzw_finder_types`
--

CREATE TABLE `jgkzw_finder_types` (
  `id` int(10) UNSIGNED NOT NULL,
  `title` varchar(100) NOT NULL,
  `mime` varchar(100) NOT NULL DEFAULT ''
) ENGINE=InnoDB DEFAULT CHARSET=utf8mb4 COLLATE=utf8mb4_unicode_ci;

-- --------------------------------------------------------

--
-- Structure de la table `jgkzw_guidedtours`
--

CREATE TABLE `jgkzw_guidedtours` (
  `id` int(11) NOT NULL,
  `title` varchar(255) NOT NULL DEFAULT '',
  `description` text NOT NULL,
  `ordering` int(11) NOT NULL DEFAULT 0,
  `extensions` text NOT NULL,
  `url` varchar(255) NOT NULL,
  `created` datetime NOT NULL,
  `created_by` int(11) NOT NULL DEFAULT 0,
  `modified` datetime NOT NULL,
  `modified_by` int(11) NOT NULL DEFAULT 0,
  `checked_out_time` datetime DEFAULT NULL,
  `checked_out` int(10) UNSIGNED DEFAULT NULL,
  `published` tinyint(4) NOT NULL DEFAULT 0,
  `language` varchar(7) NOT NULL,
  `note` varchar(255) NOT NULL DEFAULT '',
  `access` int(10) UNSIGNED NOT NULL DEFAULT 0
) ENGINE=InnoDB DEFAULT CHARSET=utf8mb4 COLLATE=utf8mb4_unicode_ci;

--
-- Déchargement des données de la table `jgkzw_guidedtours`
--

INSERT INTO `jgkzw_guidedtours` (`id`, `title`, `description`, `ordering`, `extensions`, `url`, `created`, `created_by`, `modified`, `modified_by`, `checked_out_time`, `checked_out`, `published`, `language`, `note`, `access`) VALUES
(1, 'COM_GUIDEDTOURS_TOUR_GUIDEDTOURS_TITLE', 'COM_GUIDEDTOURS_TOUR_GUIDEDTOURS_DESCRIPTION', 1, '[\"com_guidedtours\"]', 'administrator/index.php?option=com_guidedtours&view=tours', '2025-12-01 00:16:44', 0, '2025-12-01 00:16:44', 0, NULL, NULL, 1, '*', '', 1),
(2, 'COM_GUIDEDTOURS_TOUR_GUIDEDTOURSTEPS_TITLE', 'COM_GUIDEDTOURS_TOUR_GUIDEDTOURSTEPS_DESCRIPTION', 2, '[\"com_guidedtours\"]', 'administrator/index.php?option=com_guidedtours&view=tours', '2025-12-01 00:16:44', 0, '2025-12-01 00:16:44', 0, NULL, NULL, 1, '*', '', 1),
(3, 'COM_GUIDEDTOURS_TOUR_ARTICLES_TITLE', 'COM_GUIDEDTOURS_TOUR_ARTICLES_DESCRIPTION', 3, '[\"*\"]', 'administrator/index.php?option=com_content&view=articles', '2025-12-01 00:16:44', 0, '2025-12-01 00:16:44', 0, NULL, NULL, 1, '*', '', 1),
(4, 'COM_GUIDEDTOURS_TOUR_CATEGORIES_TITLE', 'COM_GUIDEDTOURS_TOUR_CATEGORIES_DESCRIPTION', 4, '[\"*\"]', 'administrator/index.php?option=com_categories&view=categories&extension=com_content', '2025-12-01 00:16:44', 0, '2025-12-01 00:16:44', 0, NULL, NULL, 1, '*', '', 1),
(5, 'COM_GUIDEDTOURS_TOUR_MENUS_TITLE', 'COM_GUIDEDTOURS_TOUR_MENUS_DESCRIPTION', 5, '[\"*\"]', 'administrator/index.php?option=com_menus&view=menus', '2025-12-01 00:16:44', 0, '2025-12-01 00:16:44', 0, NULL, NULL, 1, '*', '', 1),
(6, 'COM_GUIDEDTOURS_TOUR_TAGS_TITLE', 'COM_GUIDEDTOURS_TOUR_TAGS_DESCRIPTION', 6, '[\"*\"]', 'administrator/index.php?option=com_tags&view=tags', '2025-12-01 00:16:44', 0, '2025-12-01 00:16:44', 0, NULL, NULL, 1, '*', '', 1),
(7, 'COM_GUIDEDTOURS_TOUR_BANNERS_TITLE', 'COM_GUIDEDTOURS_TOUR_BANNERS_DESCRIPTION', 7, '[\"*\"]', 'administrator/index.php?option=com_banners&view=banners', '2025-12-01 00:16:44', 0, '2025-12-01 00:16:44', 0, NULL, NULL, 1, '*', '', 1),
(8, 'COM_GUIDEDTOURS_TOUR_CONTACTS_TITLE', 'COM_GUIDEDTOURS_TOUR_CONTACTS_DESCRIPTION', 8, '[\"*\"]', 'administrator/index.php?option=com_contact&view=contacts', '2025-12-01 00:16:44', 0, '2025-12-01 00:16:44', 0, NULL, NULL, 1, '*', '', 1),
(9, 'COM_GUIDEDTOURS_TOUR_NEWSFEEDS_TITLE', 'COM_GUIDEDTOURS_TOUR_NEWSFEEDS_DESCRIPTION', 9, '[\"*\"]', 'administrator/index.php?option=com_newsfeeds&view=newsfeeds', '2025-12-01 00:16:44', 0, '2025-12-01 00:16:44', 0, NULL, NULL, 1, '*', '', 1),
(10, 'COM_GUIDEDTOURS_TOUR_SMARTSEARCH_TITLE', 'COM_GUIDEDTOURS_TOUR_SMARTSEARCH_DESCRIPTION', 10, '[\"*\"]', 'administrator/index.php?option=com_finder&view=filters', '2025-12-01 00:16:44', 0, '2025-12-01 00:16:44', 0, NULL, NULL, 1, '*', '', 1),
(11, 'COM_GUIDEDTOURS_TOUR_USERS_TITLE', 'COM_GUIDEDTOURS_TOUR_USERS_DESCRIPTION', 11, '[\"*\"]', 'administrator/index.php?option=com_users&view=users', '2025-12-01 00:16:44', 0, '2025-12-01 00:16:44', 0, NULL, NULL, 1, '*', '', 1);

-- --------------------------------------------------------

--
-- Structure de la table `jgkzw_guidedtour_steps`
--

CREATE TABLE `jgkzw_guidedtour_steps` (
  `id` int(11) NOT NULL,
  `tour_id` int(11) NOT NULL DEFAULT 0,
  `title` varchar(255) NOT NULL,
  `published` tinyint(4) NOT NULL DEFAULT 0,
  `description` text NOT NULL,
  `ordering` int(11) NOT NULL DEFAULT 0,
  `position` varchar(255) NOT NULL,
  `target` varchar(255) NOT NULL,
  `type` int(11) NOT NULL,
  `interactive_type` int(11) NOT NULL DEFAULT 1,
  `url` varchar(255) NOT NULL,
  `created` datetime NOT NULL,
  `created_by` int(10) UNSIGNED NOT NULL DEFAULT 0,
  `modified` datetime NOT NULL,
  `modified_by` int(10) UNSIGNED NOT NULL DEFAULT 0,
  `checked_out_time` datetime DEFAULT NULL,
  `checked_out` int(10) UNSIGNED DEFAULT NULL,
  `language` varchar(7) NOT NULL,
  `note` varchar(255) NOT NULL DEFAULT ''
) ENGINE=InnoDB DEFAULT CHARSET=utf8mb4 COLLATE=utf8mb4_unicode_ci;

--
-- Déchargement des données de la table `jgkzw_guidedtour_steps`
--

INSERT INTO `jgkzw_guidedtour_steps` (`id`, `tour_id`, `title`, `published`, `description`, `ordering`, `position`, `target`, `type`, `interactive_type`, `url`, `created`, `created_by`, `modified`, `modified_by`, `checked_out_time`, `checked_out`, `language`, `note`) VALUES
(1, 1, 'COM_GUIDEDTOURS_TOUR_GUIDEDTOURS_STEP_NEW_TITLE', 1, 'COM_GUIDEDTOURS_TOUR_GUIDEDTOURS_STEP_NEW_DESCRIPTION', 1, 'bottom', '.button-new', 2, 1, 'administrator/index.php?option=com_guidedtours&view=tours', '2025-12-01 00:16:44', 0, '2025-12-01 00:16:44', 0, NULL, NULL, '*', ''),
(2, 1, 'COM_GUIDEDTOURS_TOUR_GUIDEDTOURS_STEP_TITLE_TITLE', 1, 'COM_GUIDEDTOURS_TOUR_GUIDEDTOURS_STEP_TITLE_DESCRIPTION', 2, 'bottom', '#jform_title', 2, 2, 'administrator/index.php?option=com_guidedtours&view=tour&layout=edit', '2025-12-01 00:16:44', 0, '2025-12-01 00:16:44', 0, NULL, NULL, '*', ''),
(3, 1, 'COM_GUIDEDTOURS_TOUR_GUIDEDTOURS_STEP_URL_TITLE', 1, 'COM_GUIDEDTOURS_TOUR_GUIDEDTOURS_STEP_URL_DESCRIPTION', 3, 'top', '#jform_url', 2, 2, 'administrator/index.php?option=com_guidedtours&view=tour&layout=edit', '2025-12-01 00:16:44', 0, '2025-12-01 00:16:44', 0, NULL, NULL, '*', ''),
(4, 1, 'COM_GUIDEDTOURS_TOUR_GUIDEDTOURS_STEP_CONTENT_TITLE', 1, 'COM_GUIDEDTOURS_TOUR_GUIDEDTOURS_STEP_CONTENT_DESCRIPTION', 4, 'bottom', '#jform_description,#jform_description_ifr', 2, 3, 'administrator/index.php?option=com_guidedtours&view=tour&layout=edit', '2025-12-01 00:16:44', 0, '2025-12-01 00:16:44', 0, NULL, NULL, '*', ''),
(5, 1, 'COM_GUIDEDTOURS_TOUR_GUIDEDTOURS_STEP_COMPONENT_TITLE', 1, 'COM_GUIDEDTOURS_TOUR_GUIDEDTOURS_STEP_COMPONENT_DESCRIPTION', 5, 'top', 'joomla-field-fancy-select .choices', 2, 3, 'administrator/index.php?option=com_guidedtours&view=tour&layout=edit', '2025-12-01 00:16:44', 0, '2025-12-01 00:16:44', 0, NULL, NULL, '*', ''),
(6, 1, 'COM_GUIDEDTOURS_TOUR_GUIDEDTOURS_STEP_SAVECLOSE_TITLE', 1, 'COM_GUIDEDTOURS_TOUR_GUIDEDTOURS_STEP_SAVECLOSE_DESCRIPTION', 6, 'top', '#save-group-children-save .button-save', 2, 1, 'administrator/index.php?option=com_guidedtours&view=tour&layout=edit', '2025-12-01 00:16:44', 0, '2025-12-01 00:16:44', 0, NULL, NULL, '*', ''),
(7, 1, 'COM_GUIDEDTOURS_TOUR_GUIDEDTOURS_STEP_CONGRATULATIONS_TITLE', 1, 'COM_GUIDEDTOURS_TOUR_GUIDEDTOURS_STEP_CONGRATULATIONS_DESCRIPTION', 7, 'bottom', '', 0, 1, 'administrator/index.php?option=com_guidedtours&view=tour&layout=edit', '2025-12-01 00:16:44', 0, '2025-12-01 00:16:44', 0, NULL, NULL, '*', ''),
(8, 2, 'COM_GUIDEDTOURS_TOUR_GUIDEDTOURSTEPS_STEP_COUNTER_TITLE', 1, 'COM_GUIDEDTOURS_TOUR_GUIDEDTOURSTEPS_STEP_COUNTER_DESCRIPTION', 8, 'top', '#toursList tbody tr:nth-last-of-type(1) td:nth-of-type(5) .btn', 2, 1, '', '2025-12-01 00:16:44', 0, '2025-12-01 00:16:44', 0, NULL, NULL, '*', ''),
(9, 2, 'COM_GUIDEDTOURS_TOUR_GUIDEDTOURSTEPS_STEP_NEW_TITLE', 1, 'COM_GUIDEDTOURS_TOUR_GUIDEDTOURSTEPS_STEP_NEW_DESCRIPTION', 9, 'bottom', '.button-new', 2, 1, '', '2025-12-01 00:16:44', 0, '2025-12-01 00:16:44', 0, NULL, NULL, '*', ''),
(10, 2, 'COM_GUIDEDTOURS_TOUR_GUIDEDTOURSTEPS_STEP_TITLE_TITLE', 1, 'COM_GUIDEDTOURS_TOUR_GUIDEDTOURSTEPS_STEP_TITLE_DESCRIPTION', 10, 'bottom', '#jform_title', 2, 2, '', '2025-12-01 00:16:44', 0, '2025-12-01 00:16:44', 0, NULL, NULL, '*', ''),
(11, 2, 'COM_GUIDEDTOURS_TOUR_GUIDEDTOURSTEPS_STEP_DESCRIPTION_TITLE', 1, 'COM_GUIDEDTOURS_TOUR_GUIDEDTOURSTEPS_STEP_DESCRIPTION_DESCRIPTION', 11, 'bottom', '#jform_description,#jform_description_ifr', 2, 3, '', '2025-12-01 00:16:44', 0, '2025-12-01 00:16:44', 0, NULL, NULL, '*', ''),
(12, 2, 'COM_GUIDEDTOURS_TOUR_GUIDEDTOURSTEPS_STEP_STATUS_TITLE', 1, 'COM_GUIDEDTOURS_TOUR_GUIDEDTOURSTEPS_STEP_STATUS_DESCRIPTION', 12, 'bottom', '#jform_published', 2, 3, '', '2025-12-01 00:16:44', 0, '2025-12-01 00:16:44', 0, NULL, NULL, '*', ''),
(13, 2, 'COM_GUIDEDTOURS_TOUR_GUIDEDTOURSTEPS_STEP_POSITION_TITLE', 1, 'COM_GUIDEDTOURS_TOUR_GUIDEDTOURSTEPS_STEP_POSITION_DESCRIPTION', 13, 'top', '#jform_position', 2, 3, '', '2025-12-01 00:16:44', 0, '2025-12-01 00:16:44', 0, NULL, NULL, '*', ''),
(14, 2, 'COM_GUIDEDTOURS_TOUR_GUIDEDTOURSTEPS_STEP_TARGET_TITLE', 1, 'COM_GUIDEDTOURS_TOUR_GUIDEDTOURSTEPS_STEP_TARGET_DESCRIPTION', 14, 'top', '#jform_target', 2, 3, '', '2025-12-01 00:16:44', 0, '2025-12-01 00:16:44', 0, NULL, NULL, '*', ''),
(15, 2, 'COM_GUIDEDTOURS_TOUR_GUIDEDTOURSTEPS_STEP_TYPE_TITLE', 1, 'COM_GUIDEDTOURS_TOUR_GUIDEDTOURSTEPS_STEP_TYPE_DESCRIPTION', 15, 'top', '#jform_type', 2, 3, '', '2025-12-01 00:16:44', 0, '2025-12-01 00:16:44', 0, NULL, NULL, '*', ''),
(16, 2, 'COM_GUIDEDTOURS_TOUR_GUIDEDTOURSTEPS_STEP_SAVECLOSE_TITLE', 1, 'COM_GUIDEDTOURS_TOUR_GUIDEDTOURSTEPS_STEP_SAVECLOSE_DESCRIPTION', 16, 'bottom', '#save-group-children-save .button-save', 2, 1, '', '2025-12-01 00:16:44', 0, '2025-12-01 00:16:44', 0, NULL, NULL, '*', ''),
(17, 2, 'COM_GUIDEDTOURS_TOUR_GUIDEDTOURSTEPS_STEP_CONGRATULATIONS_TITLE', 1, 'COM_GUIDEDTOURS_TOUR_GUIDEDTOURSTEPS_STEP_CONGRATULATIONS_DESCRIPTION', 17, 'bottom', '', 0, 1, '', '2025-12-01 00:16:44', 0, '2025-12-01 00:16:44', 0, NULL, NULL, '*', ''),
(18, 3, 'COM_GUIDEDTOURS_TOUR_ARTICLES_STEP_NEW_TITLE', 1, 'COM_GUIDEDTOURS_TOUR_ARTICLES_STEP_NEW_DESCRIPTION', 18, 'bottom', '.button-new', 2, 1, 'administrator/index.php?option=com_content&view=articles', '2025-12-01 00:16:44', 0, '2025-12-01 00:16:44', 0, NULL, NULL, '*', ''),
(19, 3, 'COM_GUIDEDTOURS_TOUR_ARTICLES_STEP_TITLE_TITLE', 1, 'COM_GUIDEDTOURS_TOUR_ARTICLES_STEP_TITLE_DESCRIPTION', 19, 'bottom', '#jform_title', 2, 2, 'administrator/index.php?option=com_content&view=article&layout=edit', '2025-12-01 00:16:44', 0, '2025-12-01 00:16:44', 0, NULL, NULL, '*', ''),
(20, 3, 'COM_GUIDEDTOURS_TOUR_ARTICLES_STEP_ALIAS_TITLE', 1, 'COM_GUIDEDTOURS_TOUR_ARTICLES_STEP_ALIAS_DESCRIPTION', 20, 'bottom', '#jform_alias', 2, 2, 'administrator/index.php?option=com_content&view=article&layout=edit', '2025-12-01 00:16:44', 0, '2025-12-01 00:16:44', 0, NULL, NULL, '*', ''),
(21, 3, 'COM_GUIDEDTOURS_TOUR_ARTICLES_STEP_CONTENT_TITLE', 1, 'COM_GUIDEDTOURS_TOUR_ARTICLES_STEP_CONTENT_DESCRIPTION', 21, 'bottom', '#jform_articletext,#jform_articletext_ifr', 2, 3, 'administrator/index.php?option=com_content&view=article&layout=edit', '2025-12-01 00:16:44', 0, '2025-12-01 00:16:44', 0, NULL, NULL, '*', ''),
(22, 3, 'COM_GUIDEDTOURS_TOUR_ARTICLES_STEP_STATUS_TITLE', 1, 'COM_GUIDEDTOURS_TOUR_ARTICLES_STEP_STATUS_DESCRIPTION', 22, 'bottom', '#jform_state', 2, 3, 'administrator/index.php?option=com_content&view=article&layout=edit', '2025-12-01 00:16:44', 0, '2025-12-01 00:16:44', 0, NULL, NULL, '*', ''),
(23, 3, 'COM_GUIDEDTOURS_TOUR_ARTICLES_STEP_CATEGORY_TITLE', 1, 'COM_GUIDEDTOURS_TOUR_ARTICLES_STEP_CATEGORY_DESCRIPTION', 23, 'top', 'joomla-field-fancy-select .choices[data-type=select-one]', 2, 3, 'administrator/index.php?option=com_content&view=article&layout=edit', '2025-12-01 00:16:44', 0, '2025-12-01 00:16:44', 0, NULL, NULL, '*', ''),
(24, 3, 'COM_GUIDEDTOURS_TOUR_ARTICLES_STEP_FEATURED_TITLE', 1, 'COM_GUIDEDTOURS_TOUR_ARTICLES_STEP_FEATURED_DESCRIPTION', 24, 'bottom', '#jform_featured0', 2, 3, 'administrator/index.php?option=com_content&view=article&layout=edit', '2025-12-01 00:16:44', 0, '2025-12-01 00:16:44', 0, NULL, NULL, '*', ''),
(25, 3, 'COM_GUIDEDTOURS_TOUR_ARTICLES_STEP_ACCESS_TITLE', 1, 'COM_GUIDEDTOURS_TOUR_ARTICLES_STEP_ACCESS_DESCRIPTION', 25, 'bottom', '#jform_access', 2, 3, 'administrator/index.php?option=com_content&view=article&layout=edit', '2025-12-01 00:16:44', 0, '2025-12-01 00:16:44', 0, NULL, NULL, '*', ''),
(26, 3, 'COM_GUIDEDTOURS_TOUR_ARTICLES_STEP_TAGS_TITLE', 1, 'COM_GUIDEDTOURS_TOUR_ARTICLES_STEP_TAGS_DESCRIPTION', 26, 'top', 'joomla-field-fancy-select .choices[data-type=select-multiple]', 2, 3, 'administrator/index.php?option=com_content&view=article&layout=edit', '2025-12-01 00:16:44', 0, '2025-12-01 00:16:44', 0, NULL, NULL, '*', ''),
(27, 3, 'COM_GUIDEDTOURS_TOUR_ARTICLES_STEP_NOTE_TITLE', 1, 'COM_GUIDEDTOURS_TOUR_ARTICLES_STEP_NOTE_DESCRIPTION', 27, 'top', '#jform_note', 2, 2, 'administrator/index.php?option=com_content&view=article&layout=edit', '2025-12-01 00:16:44', 0, '2025-12-01 00:16:44', 0, NULL, NULL, '*', ''),
(28, 3, 'COM_GUIDEDTOURS_TOUR_ARTICLES_STEP_VERSIONNOTE_TITLE', 1, 'COM_GUIDEDTOURS_TOUR_ARTICLES_STEP_VERSIONNOTE_DESCRIPTION', 28, 'top', '#jform_version_note', 2, 2, 'administrator/index.php?option=com_content&view=article&layout=edit', '2025-12-01 00:16:44', 0, '2025-12-01 00:16:44', 0, NULL, NULL, '*', ''),
(29, 3, 'COM_GUIDEDTOURS_TOUR_ARTICLES_STEP_SAVECLOSE_TITLE', 1, 'COM_GUIDEDTOURS_TOUR_ARTICLES_STEP_SAVECLOSE_DESCRIPTION', 29, 'bottom', '#save-group-children-save .button-save', 2, 1, 'administrator/index.php?option=com_content&view=article&layout=edit', '2025-12-01 00:16:44', 0, '2025-12-01 00:16:44', 0, NULL, NULL, '*', ''),
(30, 3, 'COM_GUIDEDTOURS_TOUR_ARTICLES_STEP_CONGRATULATIONS_TITLE', 1, 'COM_GUIDEDTOURS_TOUR_ARTICLES_STEP_CONGRATULATIONS_DESCRIPTION', 30, 'bottom', '', 0, 1, 'administrator/index.php?option=com_content&view=article&layout=edit', '2025-12-01 00:16:44', 0, '2025-12-01 00:16:44', 0, NULL, NULL, '*', ''),
(31, 4, 'COM_GUIDEDTOURS_TOUR_CATEGORIES_STEP_NEW_TITLE', 1, 'COM_GUIDEDTOURS_TOUR_CATEGORIES_STEP_NEW_DESCRIPTION', 31, 'bottom', '.button-new', 2, 1, 'administrator/index.php?option=com_categories&view=categories&extension=com_content', '2025-12-01 00:16:44', 0, '2025-12-01 00:16:44', 0, NULL, NULL, '*', ''),
(32, 4, 'COM_GUIDEDTOURS_TOUR_CATEGORIES_STEP_TITLE_TITLE', 1, 'COM_GUIDEDTOURS_TOUR_CATEGORIES_STEP_TITLE_DESCRIPTION', 32, 'bottom', '#jform_title', 2, 2, 'administrator/index.php?option=com_categories&view=category&layout=edit&extension=com_content', '2025-12-01 00:16:44', 0, '2025-12-01 00:16:44', 0, NULL, NULL, '*', ''),
(33, 4, 'COM_GUIDEDTOURS_TOUR_CATEGORIES_STEP_ALIAS_TITLE', 1, 'COM_GUIDEDTOURS_TOUR_CATEGORIES_STEP_ALIAS_DESCRIPTION', 33, 'bottom', '#jform_alias', 2, 2, 'administrator/index.php?option=com_categories&view=category&layout=edit&extension=com_content', '2025-12-01 00:16:44', 0, '2025-12-01 00:16:44', 0, NULL, NULL, '*', ''),
(34, 4, 'COM_GUIDEDTOURS_TOUR_CATEGORIES_STEP_CONTENT_TITLE', 1, 'COM_GUIDEDTOURS_TOUR_CATEGORIES_STEP_CONTENT_DESCRIPTION', 34, 'bottom', '#jform_description,#jform_description_ifr', 2, 3, 'administrator/index.php?option=com_categories&view=category&layout=edit&extension=com_content', '2025-12-01 00:16:44', 0, '2025-12-01 00:16:44', 0, NULL, NULL, '*', ''),
(35, 4, 'COM_GUIDEDTOURS_TOUR_CATEGORIES_STEP_PARENT_TITLE', 1, 'COM_GUIDEDTOURS_TOUR_CATEGORIES_STEP_PARENT_DESCRIPTION', 35, 'top', 'joomla-field-fancy-select .choices[data-type=select-one]', 2, 3, 'administrator/index.php?option=com_categories&view=category&layout=edit&extension=com_content', '2025-12-01 00:16:44', 0, '2025-12-01 00:16:44', 0, NULL, NULL, '*', ''),
(36, 4, 'COM_GUIDEDTOURS_TOUR_CATEGORIES_STEP_STATUS_TITLE', 1, 'COM_GUIDEDTOURS_TOUR_CATEGORIES_STEP_STATUS_DESCRIPTION', 36, 'bottom', '#jform_published', 2, 3, 'administrator/index.php?option=com_categories&view=category&layout=edit&extension=com_content', '2025-12-01 00:16:44', 0, '2025-12-01 00:16:44', 0, NULL, NULL, '*', ''),
(37, 4, 'COM_GUIDEDTOURS_TOUR_CATEGORIES_STEP_ACCESS_TITLE', 1, 'COM_GUIDEDTOURS_TOUR_CATEGORIES_STEP_ACCESS_DESCRIPTION', 37, 'bottom', '#jform_access', 2, 3, 'administrator/index.php?option=com_categories&view=category&layout=edit&extension=com_content', '2025-12-01 00:16:44', 0, '2025-12-01 00:16:44', 0, NULL, NULL, '*', ''),
(38, 4, 'COM_GUIDEDTOURS_TOUR_CATEGORIES_STEP_TAGS_TITLE', 1, 'COM_GUIDEDTOURS_TOUR_CATEGORIES_STEP_TAGS_DESCRIPTION', 38, 'top', 'joomla-field-fancy-select .choices[data-type=select-multiple]', 2, 3, 'administrator/index.php?option=com_categories&view=category&layout=edit&extension=com_content', '2025-12-01 00:16:44', 0, '2025-12-01 00:16:44', 0, NULL, NULL, '*', ''),
(39, 4, 'COM_GUIDEDTOURS_TOUR_CATEGORIES_STEP_NOTE_TITLE', 1, 'COM_GUIDEDTOURS_TOUR_CATEGORIES_STEP_NOTE_DESCRIPTION', 39, 'top', '#jform_note', 2, 2, 'administrator/index.php?option=com_categories&view=category&layout=edit&extension=com_content', '2025-12-01 00:16:44', 0, '2025-12-01 00:16:44', 0, NULL, NULL, '*', ''),
(40, 4, 'COM_GUIDEDTOURS_TOUR_CATEGORIES_STEP_VERSIONNOTE_TITLE', 1, 'COM_GUIDEDTOURS_TOUR_CATEGORIES_STEP_VERSIONNOTE_DESCRIPTION', 40, 'top', '#jform_version_note', 2, 2, 'administrator/index.php?option=com_categories&view=category&layout=edit&extension=com_content', '2025-12-01 00:16:44', 0, '2025-12-01 00:16:44', 0, NULL, NULL, '*', ''),
(41, 4, 'COM_GUIDEDTOURS_TOUR_CATEGORIES_STEP_SAVECLOSE_TITLE', 1, 'COM_GUIDEDTOURS_TOUR_CATEGORIES_STEP_SAVECLOSE_DESCRIPTION', 41, 'bottom', '#save-group-children-save .button-save', 2, 1, 'administrator/index.php?option=com_categories&view=category&layout=edit&extension=com_content', '2025-12-01 00:16:44', 0, '2025-12-01 00:16:44', 0, NULL, NULL, '*', ''),
(42, 4, 'COM_GUIDEDTOURS_TOUR_CATEGORIES_STEP_CONGRATULATIONS_TITLE', 1, 'COM_GUIDEDTOURS_TOUR_CATEGORIES_STEP_CONGRATULATIONS_DESCRIPTION', 42, 'bottom', '', 0, 1, 'administrator/index.php?option=com_categories&view=category&layout=edit&extension=com_content', '2025-12-01 00:16:44', 0, '2025-12-01 00:16:44', 0, NULL, NULL, '*', ''),
(43, 5, 'COM_GUIDEDTOURS_TOUR_MENUS_STEP_NEW_TITLE', 1, 'COM_GUIDEDTOURS_TOUR_MENUS_STEP_NEW_DESCRIPTION', 43, 'bottom', '.button-new', 2, 1, 'administrator/index.php?option=com_menus&view=menus', '2025-12-01 00:16:44', 0, '2025-12-01 00:16:44', 0, NULL, NULL, '*', ''),
(44, 5, 'COM_GUIDEDTOURS_TOUR_MENUS_STEP_TITLE_TITLE', 1, 'COM_GUIDEDTOURS_TOUR_MENUS_STEP_TITLE_DESCRIPTION', 44, 'bottom', '#jform_title', 2, 2, 'administrator/index.php?option=com_menus&view=menu&layout=edit', '2025-12-01 00:16:44', 0, '2025-12-01 00:16:44', 0, NULL, NULL, '*', ''),
(45, 5, 'COM_GUIDEDTOURS_TOUR_MENUS_STEP_UNIQUENAME_TITLE', 1, 'COM_GUIDEDTOURS_TOUR_MENUS_STEP_UNIQUENAME_DESCRIPTION', 45, 'top', '#jform_menutype', 2, 2, 'administrator/index.php?option=com_menus&view=menu&layout=edit', '2025-12-01 00:16:44', 0, '2025-12-01 00:16:44', 0, NULL, NULL, '*', ''),
(46, 5, 'COM_GUIDEDTOURS_TOUR_MENUS_STEP_DESCRIPTION_TITLE', 1, 'COM_GUIDEDTOURS_TOUR_MENUS_STEP_DESCRIPTION_DESCRIPTION', 46, 'top', '#jform_menudescription', 2, 2, 'administrator/index.php?option=com_menus&view=menu&layout=edit', '2025-12-01 00:16:44', 0, '2025-12-01 00:16:44', 0, NULL, NULL, '*', ''),
(47, 5, 'COM_GUIDEDTOURS_TOUR_MENUS_STEP_SAVECLOSE_TITLE', 1, 'COM_GUIDEDTOURS_TOUR_MENUS_STEP_SAVECLOSE_DESCRIPTION', 47, 'bottom', '#save-group-children-save .button-save', 2, 1, 'administrator/index.php?option=com_menus&view=menu&layout=edit', '2025-12-01 00:16:44', 0, '2025-12-01 00:16:44', 0, NULL, NULL, '*', ''),
(48, 5, 'COM_GUIDEDTOURS_TOUR_MENUS_STEP_CONGRATULATIONS_TITLE', 1, 'COM_GUIDEDTOURS_TOUR_MENUS_STEP_CONGRATULATIONS_DESCRIPTION', 48, 'bottom', '', 0, 1, 'administrator/index.php?option=com_menus&view=menu&layout=edit', '2025-12-01 00:16:44', 0, '2025-12-01 00:16:44', 0, NULL, NULL, '*', ''),
(49, 6, 'COM_GUIDEDTOURS_TOUR_TAGS_STEP_NEW_TITLE', 1, 'COM_GUIDEDTOURS_TOUR_TAGS_STEP_NEW_DESCRIPTION', 49, 'bottom', '.button-new', 2, 1, 'administrator/index.php?option=com_tags&view=tags', '2025-12-01 00:16:44', 0, '2025-12-01 00:16:44', 0, NULL, NULL, '*', ''),
(50, 6, 'COM_GUIDEDTOURS_TOUR_TAGS_STEP_TITLE_TITLE', 1, 'COM_GUIDEDTOURS_TOUR_TAGS_STEP_TITLE_DESCRIPTION', 50, 'bottom', '#jform_title', 2, 2, 'administrator/index.php?option=com_tags&view=tag&layout=edit', '2025-12-01 00:16:44', 0, '2025-12-01 00:16:44', 0, NULL, NULL, '*', ''),
(51, 6, 'COM_GUIDEDTOURS_TOUR_TAGS_STEP_ALIAS_TITLE', 1, 'COM_GUIDEDTOURS_TOUR_TAGS_STEP_ALIAS_DESCRIPTION', 51, 'bottom', '#jform_alias', 2, 2, 'administrator/index.php?option=com_tags&view=tag&layout=edit', '2025-12-01 00:16:44', 0, '2025-12-01 00:16:44', 0, NULL, NULL, '*', ''),
(52, 6, 'COM_GUIDEDTOURS_TOUR_TAGS_STEP_CONTENT_TITLE', 1, 'COM_GUIDEDTOURS_TOUR_TAGS_STEP_CONTENT_DESCRIPTION', 52, 'bottom', '#jform_description,#jform_description_ifr', 2, 3, 'administrator/index.php?option=com_tags&view=tag&layout=edit', '2025-12-01 00:16:44', 0, '2025-12-01 00:16:44', 0, NULL, NULL, '*', ''),
(53, 6, 'COM_GUIDEDTOURS_TOUR_TAGS_STEP_PARENT_TITLE', 1, 'COM_GUIDEDTOURS_TOUR_TAGS_STEP_PARENT_DESCRIPTION', 53, 'top', 'joomla-field-fancy-select .choices[data-type=select-one]', 2, 3, 'administrator/index.php?option=com_tags&view=tag&layout=edit', '2025-12-01 00:16:44', 0, '2025-12-01 00:16:44', 0, NULL, NULL, '*', ''),
(54, 6, 'COM_GUIDEDTOURS_TOUR_TAGS_STEP_STATUS_TITLE', 1, 'COM_GUIDEDTOURS_TOUR_TAGS_STEP_STATUS_DESCRIPTION', 54, 'bottom', '#jform_published', 2, 3, 'administrator/index.php?option=com_tags&view=tag&layout=edit', '2025-12-01 00:16:44', 0, '2025-12-01 00:16:44', 0, NULL, NULL, '*', ''),
(55, 6, 'COM_GUIDEDTOURS_TOUR_TAGS_STEP_ACCESS_TITLE', 1, 'COM_GUIDEDTOURS_TOUR_TAGS_STEP_ACCESS_DESCRIPTION', 55, 'bottom', '#jform_access', 2, 3, 'administrator/index.php?option=com_tags&view=tag&layout=edit', '2025-12-01 00:16:44', 0, '2025-12-01 00:16:44', 0, NULL, NULL, '*', ''),
(56, 6, 'COM_GUIDEDTOURS_TOUR_TAGS_STEP_NOTE_TITLE', 1, 'COM_GUIDEDTOURS_TOUR_TAGS_STEP_NOTE_DESCRIPTION', 56, 'top', '#jform_note', 2, 2, 'administrator/index.php?option=com_tags&view=tag&layout=edit', '2025-12-01 00:16:44', 0, '2025-12-01 00:16:44', 0, NULL, NULL, '*', ''),
(57, 6, 'COM_GUIDEDTOURS_TOUR_TAGS_STEP_VERSIONNOTE_TITLE', 1, 'COM_GUIDEDTOURS_TOUR_TAGS_STEP_VERSIONNOTE_DESCRIPTION', 57, 'top', '#jform_version_note', 2, 2, 'administrator/index.php?option=com_tags&view=tag&layout=edit', '2025-12-01 00:16:44', 0, '2025-12-01 00:16:44', 0, NULL, NULL, '*', ''),
(58, 6, 'COM_GUIDEDTOURS_TOUR_TAGS_STEP_SAVECLOSE_TITLE', 1, 'COM_GUIDEDTOURS_TOUR_TAGS_STEP_SAVECLOSE_DESCRIPTION', 58, 'bottom', '#save-group-children-save .button-save', 2, 1, 'administrator/index.php?option=com_tags&view=tag&layout=edit', '2025-12-01 00:16:44', 0, '2025-12-01 00:16:44', 0, NULL, NULL, '*', ''),
(59, 6, 'COM_GUIDEDTOURS_TOUR_TAGS_STEP_CONGRATULATIONS_TITLE', 1, 'COM_GUIDEDTOURS_TOUR_TAGS_STEP_CONGRATULATIONS_DESCRIPTION', 59, 'bottom', '', 0, 1, 'administrator/index.php?option=com_tags&view=tag&layout=edit', '2025-12-01 00:16:44', 0, '2025-12-01 00:16:44', 0, NULL, NULL, '*', ''),
(60, 7, 'COM_GUIDEDTOURS_TOUR_BANNERS_STEP_NEW_TITLE', 1, 'COM_GUIDEDTOURS_TOUR_BANNERS_STEP_NEW_DESCRIPTION', 60, 'bottom', '.button-new', 2, 1, 'administrator/index.php?option=com_banners&view=banners', '2025-12-01 00:16:44', 0, '2025-12-01 00:16:44', 0, NULL, NULL, '*', ''),
(61, 7, 'COM_GUIDEDTOURS_TOUR_BANNERS_STEP_TITLE_TITLE', 1, 'COM_GUIDEDTOURS_TOUR_BANNERS_STEP_TITLE_DESCRIPTION', 61, 'bottom', '#jform_name', 2, 2, 'administrator/index.php?option=com_banners&view=banner&layout=edit', '2025-12-01 00:16:44', 0, '2025-12-01 00:16:44', 0, NULL, NULL, '*', ''),
(62, 7, 'COM_GUIDEDTOURS_TOUR_BANNERS_STEP_ALIAS_TITLE', 1, 'COM_GUIDEDTOURS_TOUR_BANNERS_STEP_ALIAS_DESCRIPTION', 62, 'bottom', '#jform_alias', 2, 2, 'administrator/index.php?option=com_banners&view=banner&layout=edit', '2025-12-01 00:16:44', 0, '2025-12-01 00:16:44', 0, NULL, NULL, '*', ''),
(63, 7, 'COM_GUIDEDTOURS_TOUR_BANNERS_STEP_DETAILS_TITLE', 1, 'COM_GUIDEDTOURS_TOUR_BANNERS_STEP_DETAILS_DESCRIPTION', 63, 'bottom', '.col-lg-9', 2, 3, 'administrator/index.php?option=com_banners&view=banner&layout=edit', '2025-12-01 00:16:44', 0, '2025-12-01 00:16:44', 0, NULL, NULL, '*', ''),
(64, 7, 'COM_GUIDEDTOURS_TOUR_BANNERS_STEP_STATUS_TITLE', 1, 'COM_GUIDEDTOURS_TOUR_BANNERS_STEP_STATUS_DESCRIPTION', 64, 'bottom', '#jform_state', 2, 3, 'administrator/index.php?option=com_banners&view=banner&layout=edit', '2025-12-01 00:16:44', 0, '2025-12-01 00:16:44', 0, NULL, NULL, '*', ''),
(65, 7, 'COM_GUIDEDTOURS_TOUR_BANNERS_STEP_CATEGORY_TITLE', 1, 'COM_GUIDEDTOURS_TOUR_BANNERS_STEP_CATEGORY_DESCRIPTION', 65, 'top', 'joomla-field-fancy-select .choices[data-type=select-one]', 2, 3, 'administrator/index.php?option=com_banners&view=banner&layout=edit', '2025-12-01 00:16:44', 0, '2025-12-01 00:16:44', 0, NULL, NULL, '*', ''),
(66, 7, 'COM_GUIDEDTOURS_TOUR_BANNERS_STEP_PINNED_TITLE', 1, 'COM_GUIDEDTOURS_TOUR_BANNERS_STEP_PINNED_DESCRIPTION', 66, 'bottom', '#jform_sticky1', 2, 3, 'administrator/index.php?option=com_banners&view=banner&layout=edit', '2025-12-01 00:16:44', 0, '2025-12-01 00:16:44', 0, NULL, NULL, '*', ''),
(67, 7, 'COM_GUIDEDTOURS_TOUR_BANNERS_STEP_VERSIONNOTE_TITLE', 1, 'COM_GUIDEDTOURS_TOUR_BANNERS_STEP_VERSIONNOTE_DESCRIPTION', 67, 'top', '#jform_version_note', 2, 2, 'administrator/index.php?option=com_banners&view=banner&layout=edit', '2025-12-01 00:16:44', 0, '2025-12-01 00:16:44', 0, NULL, NULL, '*', ''),
(68, 7, 'COM_GUIDEDTOURS_TOUR_BANNERS_STEP_SAVECLOSE_TITLE', 1, 'COM_GUIDEDTOURS_TOUR_BANNERS_STEP_SAVECLOSE_DESCRIPTION', 68, 'bottom', '#save-group-children-save .button-save', 2, 1, 'administrator/index.php?option=com_banners&view=banner&layout=edit', '2025-12-01 00:16:44', 0, '2025-12-01 00:16:44', 0, NULL, NULL, '*', ''),
(69, 7, 'COM_GUIDEDTOURS_TOUR_BANNERS_STEP_CONGRATULATIONS_TITLE', 1, 'COM_GUIDEDTOURS_TOUR_BANNERS_STEP_CONGRATULATIONS_DESCRIPTION', 69, 'bottom', '', 0, 1, 'administrator/index.php?option=com_banners&view=banner&layout=edit', '2025-12-01 00:16:44', 0, '2025-12-01 00:16:44', 0, NULL, NULL, '*', ''),
(70, 8, 'COM_GUIDEDTOURS_TOUR_CONTACTS_STEP_NEW_TITLE', 1, 'COM_GUIDEDTOURS_TOUR_CONTACTS_STEP_NEW_DESCRIPTION', 70, 'bottom', '.button-new', 2, 1, 'administrator/index.php?option=com_contact&view=contacts', '2025-12-01 00:16:44', 0, '2025-12-01 00:16:44', 0, NULL, NULL, '*', ''),
(71, 8, 'COM_GUIDEDTOURS_TOUR_CONTACTS_STEP_TITLE_TITLE', 1, 'COM_GUIDEDTOURS_TOUR_CONTACTS_STEP_TITLE_DESCRIPTION', 71, 'bottom', '#jform_name', 2, 2, 'administrator/index.php?option=com_contact&view=contact&layout=edit', '2025-12-01 00:16:44', 0, '2025-12-01 00:16:44', 0, NULL, NULL, '*', ''),
(72, 8, 'COM_GUIDEDTOURS_TOUR_CONTACTS_STEP_ALIAS_TITLE', 1, 'COM_GUIDEDTOURS_TOUR_CONTACTS_STEP_ALIAS_DESCRIPTION', 72, 'bottom', '#jform_alias', 2, 2, 'administrator/index.php?option=com_contact&view=contact&layout=edit', '2025-12-01 00:16:44', 0, '2025-12-01 00:16:44', 0, NULL, NULL, '*', ''),
(73, 8, 'COM_GUIDEDTOURS_TOUR_CONTACTS_STEP_DETAILS_TITLE', 1, 'COM_GUIDEDTOURS_TOUR_CONTACTS_STEP_DETAILS_DESCRIPTION', 73, 'bottom', '.col-lg-9', 0, 1, 'administrator/index.php?option=com_contact&view=contact&layout=edit', '2025-12-01 00:16:44', 0, '2025-12-01 00:16:44', 0, NULL, NULL, '*', ''),
(74, 8, 'COM_GUIDEDTOURS_TOUR_CONTACTS_STEP_STATUS_TITLE', 1, 'COM_GUIDEDTOURS_TOUR_CONTACTS_STEP_STATUS_DESCRIPTION', 74, 'bottom', '#jform_published', 2, 3, 'administrator/index.php?option=com_contact&view=contact&layout=edit', '2025-12-01 00:16:44', 0, '2025-12-01 00:16:44', 0, NULL, NULL, '*', ''),
(75, 8, 'COM_GUIDEDTOURS_TOUR_CONTACTS_STEP_CATEGORY_TITLE', 1, 'COM_GUIDEDTOURS_TOUR_CONTACTS_STEP_CATEGORY_DESCRIPTION', 75, 'top', 'joomla-field-fancy-select .choices[data-type=select-one]', 2, 3, 'administrator/index.php?option=com_contact&view=contact&layout=edit', '2025-12-01 00:16:44', 0, '2025-12-01 00:16:44', 0, NULL, NULL, '*', ''),
(76, 8, 'COM_GUIDEDTOURS_TOUR_CONTACTS_STEP_FEATURED_TITLE', 1, 'COM_GUIDEDTOURS_TOUR_CONTACTS_STEP_FEATURED_DESCRIPTION', 76, 'bottom', '#jform_featured0', 2, 3, 'administrator/index.php?option=com_contact&view=contact&layout=edit', '2025-12-01 00:16:44', 0, '2025-12-01 00:16:44', 0, NULL, NULL, '*', ''),
(77, 8, 'COM_GUIDEDTOURS_TOUR_CONTACTS_STEP_ACCESS_TITLE', 1, 'COM_GUIDEDTOURS_TOUR_CONTACTS_STEP_ACCESS_DESCRIPTION', 77, 'bottom', '#jform_access', 2, 3, 'administrator/index.php?option=com_contact&view=contact&layout=edit', '2025-12-01 00:16:44', 0, '2025-12-01 00:16:44', 0, NULL, NULL, '*', ''),
(78, 8, 'COM_GUIDEDTOURS_TOUR_CONTACTS_STEP_TAGS_TITLE', 1, 'COM_GUIDEDTOURS_TOUR_CONTACTS_STEP_TAGS_DESCRIPTION', 78, 'top', 'joomla-field-fancy-select .choices[data-type=select-multiple]', 2, 3, 'administrator/index.php?option=com_contact&view=contact&layout=edit', '2025-12-01 00:16:44', 0, '2025-12-01 00:16:44', 0, NULL, NULL, '*', ''),
(79, 8, 'COM_GUIDEDTOURS_TOUR_CONTACTS_STEP_VERSIONNOTE_TITLE', 1, 'COM_GUIDEDTOURS_TOUR_CONTACTS_STEP_VERSIONNOTE_DESCRIPTION', 79, 'top', '#jform_version_note', 2, 2, 'administrator/index.php?option=com_contact&view=contact&layout=edit', '2025-12-01 00:16:44', 0, '2025-12-01 00:16:44', 0, NULL, NULL, '*', ''),
(80, 8, 'COM_GUIDEDTOURS_TOUR_CONTACTS_STEP_SAVECLOSE_TITLE', 1, 'COM_GUIDEDTOURS_TOUR_CONTACTS_STEP_SAVECLOSE_DESCRIPTION', 80, 'bottom', '#save-group-children-save .button-save', 2, 1, 'administrator/index.php?option=com_contact&view=contact&layout=edit', '2025-12-01 00:16:44', 0, '2025-12-01 00:16:44', 0, NULL, NULL, '*', ''),
(81, 8, 'COM_GUIDEDTOURS_TOUR_CONTACTS_STEP_CONGRATULATIONS_TITLE', 1, 'COM_GUIDEDTOURS_TOUR_CONTACTS_STEP_CONGRATULATIONS_DESCRIPTION', 81, 'bottom', '', 0, 1, 'administrator/index.php?option=com_contact&view=contact&layout=edit', '2025-12-01 00:16:44', 0, '2025-12-01 00:16:44', 0, NULL, NULL, '*', ''),
(82, 9, 'COM_GUIDEDTOURS_TOUR_NEWSFEEDS_STEP_NEW_TITLE', 1, 'COM_GUIDEDTOURS_TOUR_NEWSFEEDS_STEP_NEW_DESCRIPTION', 82, 'bottom', '.button-new', 2, 1, 'administrator/index.php?option=com_newsfeeds&view=newsfeeds', '2025-12-01 00:16:44', 0, '2025-12-01 00:16:44', 0, NULL, NULL, '*', ''),
(83, 9, 'COM_GUIDEDTOURS_TOUR_NEWSFEEDS_STEP_TITLE_TITLE', 1, 'COM_GUIDEDTOURS_TOUR_NEWSFEEDS_STEP_TITLE_DESCRIPTION', 83, 'bottom', '#jform_name', 2, 2, 'administrator/index.php?option=com_newsfeeds&view=newsfeed&layout=edit', '2025-12-01 00:16:44', 0, '2025-12-01 00:16:44', 0, NULL, NULL, '*', ''),
(84, 9, 'COM_GUIDEDTOURS_TOUR_NEWSFEEDS_STEP_ALIAS_TITLE', 1, 'COM_GUIDEDTOURS_TOUR_NEWSFEEDS_STEP_ALIAS_DESCRIPTION', 84, 'bottom', '#jform_alias', 2, 2, 'administrator/index.php?option=com_newsfeeds&view=newsfeed&layout=edit', '2025-12-01 00:16:44', 0, '2025-12-01 00:16:44', 0, NULL, NULL, '*', ''),
(85, 9, 'COM_GUIDEDTOURS_TOUR_NEWSFEEDS_STEP_LINK_TITLE', 1, 'COM_GUIDEDTOURS_TOUR_NEWSFEEDS_STEP_LINK_DESCRIPTION', 85, 'bottom', '#jform_link', 2, 2, 'administrator/index.php?option=com_newsfeeds&view=newsfeed&layout=edit', '2025-12-01 00:16:44', 0, '2025-12-01 00:16:44', 0, NULL, NULL, '*', ''),
(86, 9, 'COM_GUIDEDTOURS_TOUR_NEWSFEEDS_STEP_DESCRIPTION_TITLE', 1, 'COM_GUIDEDTOURS_TOUR_NEWSFEEDS_STEP_DESCRIPTION_DESCRIPTION', 86, 'bottom', '#jform_description,#jform_description_ifr', 2, 3, 'administrator/index.php?option=com_newsfeeds&view=newsfeed&layout=edit', '2025-12-01 00:16:44', 0, '2025-12-01 00:16:44', 0, NULL, NULL, '*', ''),
(87, 9, 'COM_GUIDEDTOURS_TOUR_NEWSFEEDS_STEP_STATUS_TITLE', 1, 'COM_GUIDEDTOURS_TOUR_NEWSFEEDS_STEP_STATUS_DESCRIPTION', 87, 'bottom', '#jform_published', 2, 3, 'administrator/index.php?option=com_newsfeeds&view=newsfeed&layout=edit', '2025-12-01 00:16:44', 0, '2025-12-01 00:16:44', 0, NULL, NULL, '*', ''),
(88, 9, 'COM_GUIDEDTOURS_TOUR_NEWSFEEDS_STEP_CATEGORY_TITLE', 1, 'COM_GUIDEDTOURS_TOUR_NEWSFEEDS_STEP_CATEGORY_DESCRIPTION', 88, 'top', 'joomla-field-fancy-select .choices[data-type=select-one]', 2, 3, 'administrator/index.php?option=com_newsfeeds&view=newsfeed&layout=edit', '2025-12-01 00:16:44', 0, '2025-12-01 00:16:44', 0, NULL, NULL, '*', ''),
(89, 9, 'COM_GUIDEDTOURS_TOUR_NEWSFEEDS_STEP_ACCESS_TITLE', 1, 'COM_GUIDEDTOURS_TOUR_NEWSFEEDS_STEP_ACCESS_DESCRIPTION', 89, 'bottom', '#jform_access', 2, 3, 'administrator/index.php?option=com_newsfeeds&view=newsfeed&layout=edit', '2025-12-01 00:16:44', 0, '2025-12-01 00:16:44', 0, NULL, NULL, '*', ''),
(90, 9, 'COM_GUIDEDTOURS_TOUR_NEWSFEEDS_STEP_TAGS_TITLE', 1, 'COM_GUIDEDTOURS_TOUR_NEWSFEEDS_STEP_TAGS_DESCRIPTION', 90, 'top', 'joomla-field-fancy-select .choices[data-type=select-multiple]', 2, 3, 'administrator/index.php?option=com_newsfeeds&view=newsfeed&layout=edit', '2025-12-01 00:16:44', 0, '2025-12-01 00:16:44', 0, NULL, NULL, '*', ''),
(91, 9, 'COM_GUIDEDTOURS_TOUR_NEWSFEEDS_STEP_VERSIONNOTE_TITLE', 1, 'COM_GUIDEDTOURS_TOUR_NEWSFEEDS_STEP_VERSIONNOTE_DESCRIPTION', 91, 'top', '#jform_version_note', 2, 2, 'administrator/index.php?option=com_newsfeeds&view=newsfeed&layout=edit', '2025-12-01 00:16:44', 0, '2025-12-01 00:16:44', 0, NULL, NULL, '*', ''),
(92, 9, 'COM_GUIDEDTOURS_TOUR_NEWSFEEDS_STEP_SAVECLOSE_TITLE', 1, 'COM_GUIDEDTOURS_TOUR_NEWSFEEDS_STEP_SAVECLOSE_DESCRIPTION', 92, 'bottom', '#save-group-children-save .button-save', 2, 1, 'administrator/index.php?option=com_newsfeeds&view=newsfeed&layout=edit', '2025-12-01 00:16:44', 0, '2025-12-01 00:16:44', 0, NULL, NULL, '*', ''),
(93, 9, 'COM_GUIDEDTOURS_TOUR_NEWSFEEDS_STEP_CONGRATULATIONS_TITLE', 1, 'COM_GUIDEDTOURS_TOUR_NEWSFEEDS_STEP_CONGRATULATIONS_DESCRIPTION', 93, 'bottom', '', 0, 1, 'administrator/index.php?option=com_newsfeeds&view=newsfeed&layout=edit', '2025-12-01 00:16:44', 0, '2025-12-01 00:16:44', 0, NULL, NULL, '*', ''),
(94, 10, 'COM_GUIDEDTOURS_TOUR_SMARTSEARCH_STEP_NEW_TITLE', 1, 'COM_GUIDEDTOURS_TOUR_SMARTSEARCH_STEP_NEW_DESCRIPTION', 94, 'bottom', '.button-new', 2, 1, 'administrator/index.php?option=com_finder&view=filters', '2025-12-01 00:16:44', 0, '2025-12-01 00:16:44', 0, NULL, NULL, '*', ''),
(95, 10, 'COM_GUIDEDTOURS_TOUR_SMARTSEARCH_STEP_TITLE_TITLE', 1, 'COM_GUIDEDTOURS_TOUR_SMARTSEARCH_STEP_TITLE_DESCRIPTION', 95, 'bottom', '#jform_title', 2, 2, 'administrator/index.php?option=com_finder&view=filter&layout=edit', '2025-12-01 00:16:44', 0, '2025-12-01 00:16:44', 0, NULL, NULL, '*', ''),
(96, 10, 'COM_GUIDEDTOURS_TOUR_SMARTSEARCH_STEP_ALIAS_TITLE', 1, 'COM_GUIDEDTOURS_TOUR_SMARTSEARCH_STEP_ALIAS_DESCRIPTION', 96, 'bottom', '#jform_alias', 2, 2, 'administrator/index.php?option=com_finder&view=filter&layout=edit', '2025-12-01 00:16:44', 0, '2025-12-01 00:16:44', 0, NULL, NULL, '*', ''),
(97, 10, 'COM_GUIDEDTOURS_TOUR_SMARTSEARCH_STEP_CONTENT_TITLE', 1, 'COM_GUIDEDTOURS_TOUR_SMARTSEARCH_STEP_CONTENT_DESCRIPTION', 97, 'bottom', '.col-lg-9', 0, 1, 'administrator/index.php?option=com_finder&view=filter&layout=edit', '2025-12-01 00:16:44', 0, '2025-12-01 00:16:44', 0, NULL, NULL, '*', ''),
(98, 10, 'COM_GUIDEDTOURS_TOUR_SMARTSEARCH_STEP_STATUS_TITLE', 1, 'COM_GUIDEDTOURS_TOUR_SMARTSEARCH_STEP_STATUS_DESCRIPTION', 98, 'bottom', '#jform_state', 2, 3, 'administrator/index.php?option=com_finder&view=filter&layout=edit', '2025-12-01 00:16:44', 0, '2025-12-01 00:16:44', 0, NULL, NULL, '*', ''),
(99, 10, 'COM_GUIDEDTOURS_TOUR_SMARTSEARCH_STEP_SAVECLOSE_TITLE', 1, 'COM_GUIDEDTOURS_TOUR_SMARTSEARCH_STEP_SAVECLOSE_DESCRIPTION', 99, 'bottom', '#save-group-children-save .button-save', 2, 1, 'administrator/index.php?option=com_finder&view=filter&layout=edit', '2025-12-01 00:16:44', 0, '2025-12-01 00:16:44', 0, NULL, NULL, '*', ''),
(100, 10, 'COM_GUIDEDTOURS_TOUR_SMARTSEARCH_STEP_CONGRATULATIONS_TITLE', 1, 'COM_GUIDEDTOURS_TOUR_SMARTSEARCH_STEP_CONGRATULATIONS_DESCRIPTION', 100, 'bottom', '', 0, 1, 'administrator/index.php?option=com_finder&view=filter&layout=edit', '2025-12-01 00:16:44', 0, '2025-12-01 00:16:44', 0, NULL, NULL, '*', ''),
(101, 11, 'COM_GUIDEDTOURS_TOUR_USERS_STEP_NEW_TITLE', 1, 'COM_GUIDEDTOURS_TOUR_USERS_STEP_NEW_DESCRIPTION', 101, 'bottom', '.button-new', 2, 1, 'administrator/index.php?option=com_users&view=user&layout=edit', '2025-12-01 00:16:44', 0, '2025-12-01 00:16:44', 0, NULL, NULL, '*', ''),
(102, 11, 'COM_GUIDEDTOURS_TOUR_USERS_STEP_NAME_TITLE', 1, 'COM_GUIDEDTOURS_TOUR_USERS_STEP_NAME_DESCRIPTION', 102, 'bottom', '#jform_name', 2, 2, 'administrator/index.php?option=com_users&view=user&layout=edit', '2025-12-01 00:16:44', 0, '2025-12-01 00:16:44', 0, NULL, NULL, '*', ''),
(103, 11, 'COM_GUIDEDTOURS_TOUR_USERS_STEP_LOGINNAME_TITLE', 1, 'COM_GUIDEDTOURS_TOUR_USERS_STEP_LOGINNAME_DESCRIPTION', 103, 'bottom', '#jform_username', 2, 2, 'administrator/index.php?option=com_users&view=user&layout=edit', '2025-12-01 00:16:44', 0, '2025-12-01 00:16:44', 0, NULL, NULL, '*', ''),
(104, 11, 'COM_GUIDEDTOURS_TOUR_USERS_STEP_PASSWORD_TITLE', 1, 'COM_GUIDEDTOURS_TOUR_USERS_STEP_PASSWORD_DESCRIPTION', 104, 'bottom', '#jform_password', 2, 2, 'administrator/index.php?option=com_users&view=user&layout=edit', '2025-12-01 00:16:44', 0, '2025-12-01 00:16:44', 0, NULL, NULL, '*', ''),
(105, 11, 'COM_GUIDEDTOURS_TOUR_USERS_STEP_PASSWORD2_TITLE', 1, 'COM_GUIDEDTOURS_TOUR_USERS_STEP_PASSWORD2_DESCRIPTION', 105, 'bottom', '#jform_password2', 2, 2, 'administrator/index.php?option=com_users&view=user&layout=edit', '2025-12-01 00:16:44', 0, '2025-12-01 00:16:44', 0, NULL, NULL, '*', ''),
(106, 11, 'COM_GUIDEDTOURS_TOUR_USERS_STEP_EMAIL_TITLE', 1, 'COM_GUIDEDTOURS_TOUR_USERS_STEP_EMAIL_DESCRIPTION', 106, 'bottom', '#jform_email', 2, 2, 'administrator/index.php?option=com_users&view=user&layout=edit', '2025-12-01 00:16:44', 0, '2025-12-01 00:16:44', 0, NULL, NULL, '*', ''),
(107, 11, 'COM_GUIDEDTOURS_TOUR_USERS_STEP_SYSTEMEMAIL_TITLE', 1, 'COM_GUIDEDTOURS_TOUR_USERS_STEP_SYSTEMEMAIL_DESCRIPTION', 107, 'top', '#jform_sendEmail0', 2, 3, 'administrator/index.php?option=com_users&view=user&layout=edit', '2025-12-01 00:16:44', 0, '2025-12-01 00:16:44', 0, NULL, NULL, '*', ''),
(108, 11, 'COM_GUIDEDTOURS_TOUR_USERS_STEP_STATUS_TITLE', 1, 'COM_GUIDEDTOURS_TOUR_USERS_STEP_STATUS_DESCRIPTION', 108, 'top', '#jform_block0', 2, 3, 'administrator/index.php?option=com_users&view=user&layout=edit', '2025-12-01 00:16:44', 0, '2025-12-01 00:16:44', 0, NULL, NULL, '*', ''),
(109, 11, 'COM_GUIDEDTOURS_TOUR_USERS_STEP_PASSWORDRESET_TITLE', 1, 'COM_GUIDEDTOURS_TOUR_USERS_STEP_PASSWORDRESET_DESCRIPTION', 109, 'top', '#jform_requireReset0', 2, 3, 'administrator/index.php?option=com_users&view=user&layout=edit', '2025-12-01 00:16:44', 0, '2025-12-01 00:16:44', 0, NULL, NULL, '*', ''),
(110, 11, 'COM_GUIDEDTOURS_TOUR_USERS_STEP_SAVECLOSE_TITLE', 1, 'COM_GUIDEDTOURS_TOUR_USERS_STEP_SAVECLOSE_DESCRIPTION', 110, 'bottom', '#save-group-children-save .button-save', 2, 1, 'administrator/index.php?option=com_users&view=user&layout=edit', '2025-12-01 00:16:44', 0, '2025-12-01 00:16:44', 0, NULL, NULL, '*', ''),
(111, 11, 'COM_GUIDEDTOURS_TOUR_USERS_STEP_CONGRATULATIONS_TITLE', 1, 'COM_GUIDEDTOURS_TOUR_USERS_STEP_CONGRATULATIONS_DESCRIPTION', 111, 'bottom', '', 0, 1, 'administrator/index.php?option=com_users&view=user&layout=edit', '2025-12-01 00:16:44', 0, '2025-12-01 00:16:44', 0, NULL, NULL, '*', '');

-- --------------------------------------------------------

--
-- Structure de la table `jgkzw_history`
--

CREATE TABLE `jgkzw_history` (
  `version_id` int(10) UNSIGNED NOT NULL,
  `item_id` varchar(50) NOT NULL,
  `version_note` varchar(255) NOT NULL DEFAULT '' COMMENT 'Optional version name',
  `save_date` datetime NOT NULL,
  `editor_user_id` int(10) UNSIGNED NOT NULL DEFAULT 0,
  `character_count` int(10) UNSIGNED NOT NULL DEFAULT 0 COMMENT 'Number of characters in this version.',
  `sha1_hash` varchar(50) NOT NULL DEFAULT '' COMMENT 'SHA1 hash of the version_data column.',
  `version_data` mediumtext NOT NULL COMMENT 'json-encoded string of version data',
  `keep_forever` tinyint(4) NOT NULL DEFAULT 0 COMMENT '0=auto delete; 1=keep'
) ENGINE=InnoDB DEFAULT CHARSET=utf8mb4 COLLATE=utf8mb4_unicode_ci;

--
-- Déchargement des données de la table `jgkzw_history`
--

INSERT INTO `jgkzw_history` (`version_id`, `item_id`, `version_note`, `save_date`, `editor_user_id`, `character_count`, `sha1_hash`, `version_data`, `keep_forever`) VALUES
(1, 'com_content.category.8', '', '2019-06-17 13:45:28', 0, 558, '6613987f4f4751b9a87ccb14384dfc1779bd0431', '{\"id\":8,\"asset_id\":66,\"parent_id\":\"1\",\"lft\":\"11\",\"rgt\":12,\"level\":1,\"path\":null,\"extension\":\"com_content\",\"title\":\"Category (en-gb)\",\"alias\":\"category-en-gb\",\"note\":null,\"description\":\"\",\"published\":1,\"checked_out\":null,\"checked_out_time\":null,\"access\":1,\"params\":\"{\\\"target\\\":\\\"\\\",\\\"image\\\":\\\"\\\"}\",\"metadesc\":\"\",\"metakey\":\"\",\"metadata\":\"{\\\"page_title\\\":\\\"\\\",\\\"author\\\":\\\"\\\",\\\"robots\\\":\\\"\\\"}\",\"created_user_id\":0,\"created_time\":\"2019-06-17 13:45:28\",\"modified_user_id\":null,\"modified_time\":\"2019-06-17 13:45:28\",\"hits\":null,\"language\":\"en-GB\",\"version\":null}', 0),
(2, 'com_content.article.1', '', '2019-06-17 13:45:28', 0, 1188, 'db22225dfc2239e6bfbda374aae4e77a40008371', '{\"id\":1,\"asset_id\":67,\"title\":\"Article (en-gb)\",\"alias\":\"article-en-gb\",\"introtext\":\"<p>Lorem ipsum ad his scripta blandit partiendo, eum fastidii accumsan euripidis in, eum liber hendrerit an. Qui ut wisi vocibus suscipiantur, quo dicit ridens inciderint id. Quo mundi lobortis reformidans eu, legimus senseritdefiniebas an eos. Eu sit tincidunt incorrupte definitionem, vis mutat affert percipit cu, eirmod consectetuer signiferumque eu per. In usu latineequidem dolores. Quo no falli viris intellegam, ut fugit veritus placeratper. Ius id vidit volumus mandamus, vide veritus democritum te nec, ei eosdebet libris consulatu.<\\/p>\",\"fulltext\":\"\",\"state\":1,\"catid\":8,\"created\":\"2019-06-17 13:45:28\",\"created_by\":0,\"created_by_alias\":\"Joomla\",\"modified\":\"2019-06-17 13:45:28\",\"modified_by\":null,\"checked_out\":null,\"checked_out_time\":null,\"publish_up\":\"2019-06-17 13:45:28\",\"publish_down\":\"0000-00-00 00:00:00\",\"images\":\"[]\",\"urls\":\"[]\",\"attribs\":\"{}\",\"version\":1,\"ordering\":null,\"metakey\":\"\",\"metadesc\":\"\",\"access\":1,\"hits\":null,\"metadata\":\"{\\\"robots\\\":\\\"\\\",\\\"author\\\":\\\"\\\",\\\"rights\\\":\\\"\\\",\\\"xreference\\\":\\\"\\\",\\\"tags\\\":null}\",\"featured\":1,\"language\":\"en-GB\",\"xreference\":null,\"note\":null}', 0),
(3, 'com_content.category.9', '', '2019-06-17 13:45:28', 0, 565, '66b951c1b57b4d37c3584a4a2b05bf10d623411a', '{\"id\":9,\"asset_id\":70,\"parent_id\":\"1\",\"lft\":\"13\",\"rgt\":14,\"level\":1,\"path\":null,\"extension\":\"com_content\",\"title\":\"Cat\\u00e9gorie (fr-fr)\",\"alias\":\"categorie-fr-fr\",\"note\":null,\"description\":\"\",\"published\":1,\"checked_out\":null,\"checked_out_time\":null,\"access\":1,\"params\":\"{\\\"target\\\":\\\"\\\",\\\"image\\\":\\\"\\\"}\",\"metadesc\":\"\",\"metakey\":\"\",\"metadata\":\"{\\\"page_title\\\":\\\"\\\",\\\"author\\\":\\\"\\\",\\\"robots\\\":\\\"\\\"}\",\"created_user_id\":0,\"created_time\":\"2019-06-17 13:45:28\",\"modified_user_id\":null,\"modified_time\":\"2019-06-17 13:45:28\",\"hits\":null,\"language\":\"fr-FR\",\"version\":null}', 0),
(4, 'com_content.article.2', '', '2019-06-17 13:45:28', 0, 1188, '0918073f033b84022cacf417959e173c040323d9', '{\"id\":2,\"asset_id\":71,\"title\":\"Article (fr-fr)\",\"alias\":\"article-fr-fr\",\"introtext\":\"<p>Lorem ipsum ad his scripta blandit partiendo, eum fastidii accumsan euripidis in, eum liber hendrerit an. Qui ut wisi vocibus suscipiantur, quo dicit ridens inciderint id. Quo mundi lobortis reformidans eu, legimus senseritdefiniebas an eos. Eu sit tincidunt incorrupte definitionem, vis mutat affert percipit cu, eirmod consectetuer signiferumque eu per. In usu latineequidem dolores. Quo no falli viris intellegam, ut fugit veritus placeratper. Ius id vidit volumus mandamus, vide veritus democritum te nec, ei eosdebet libris consulatu.<\\/p>\",\"fulltext\":\"\",\"state\":1,\"catid\":9,\"created\":\"2019-06-17 13:45:28\",\"created_by\":0,\"created_by_alias\":\"Joomla\",\"modified\":\"2019-06-17 13:45:28\",\"modified_by\":null,\"checked_out\":null,\"checked_out_time\":null,\"publish_up\":\"2019-06-17 13:45:28\",\"publish_down\":\"0000-00-00 00:00:00\",\"images\":\"[]\",\"urls\":\"[]\",\"attribs\":\"{}\",\"version\":1,\"ordering\":null,\"metakey\":\"\",\"metadesc\":\"\",\"access\":1,\"hits\":null,\"metadata\":\"{\\\"robots\\\":\\\"\\\",\\\"author\\\":\\\"\\\",\\\"rights\\\":\\\"\\\",\\\"xreference\\\":\\\"\\\",\\\"tags\\\":null}\",\"featured\":1,\"language\":\"fr-FR\",\"xreference\":null,\"note\":null}', 0),
(5, 'com_content.category.10', '', '2019-06-17 13:45:28', 0, 561, '83d129579dcceb2eb62673dd4f0daad73225028e', '{\"id\":10,\"asset_id\":74,\"parent_id\":\"1\",\"lft\":\"15\",\"rgt\":16,\"level\":1,\"path\":null,\"extension\":\"com_content\",\"title\":\"Categoria (pt-pt)\",\"alias\":\"categoria-pt-pt\",\"note\":null,\"description\":\"\",\"published\":1,\"checked_out\":null,\"checked_out_time\":null,\"access\":1,\"params\":\"{\\\"target\\\":\\\"\\\",\\\"image\\\":\\\"\\\"}\",\"metadesc\":\"\",\"metakey\":\"\",\"metadata\":\"{\\\"page_title\\\":\\\"\\\",\\\"author\\\":\\\"\\\",\\\"robots\\\":\\\"\\\"}\",\"created_user_id\":0,\"created_time\":\"2019-06-17 13:45:28\",\"modified_user_id\":null,\"modified_time\":\"2019-06-17 13:45:28\",\"hits\":null,\"language\":\"pt-PT\",\"version\":null}', 0),
(6, 'com_content.article.3', '', '2019-06-17 13:45:28', 0, 1187, '6e75b3bb623694dd5450b96943ffc1bbd4e25600', '{\"id\":3,\"asset_id\":75,\"title\":\"Artigo (pt-pt)\",\"alias\":\"artigo-pt-pt\",\"introtext\":\"<p>Lorem ipsum ad his scripta blandit partiendo, eum fastidii accumsan euripidis in, eum liber hendrerit an. Qui ut wisi vocibus suscipiantur, quo dicit ridens inciderint id. Quo mundi lobortis reformidans eu, legimus senseritdefiniebas an eos. Eu sit tincidunt incorrupte definitionem, vis mutat affert percipit cu, eirmod consectetuer signiferumque eu per. In usu latineequidem dolores. Quo no falli viris intellegam, ut fugit veritus placeratper. Ius id vidit volumus mandamus, vide veritus democritum te nec, ei eosdebet libris consulatu.<\\/p>\",\"fulltext\":\"\",\"state\":1,\"catid\":10,\"created\":\"2019-06-17 13:45:28\",\"created_by\":0,\"created_by_alias\":\"Joomla\",\"modified\":\"2019-06-17 13:45:28\",\"modified_by\":null,\"checked_out\":null,\"checked_out_time\":null,\"publish_up\":\"2019-06-17 13:45:28\",\"publish_down\":\"0000-00-00 00:00:00\",\"images\":\"[]\",\"urls\":\"[]\",\"attribs\":\"{}\",\"version\":1,\"ordering\":null,\"metakey\":\"\",\"metadesc\":\"\",\"access\":1,\"hits\":null,\"metadata\":\"{\\\"robots\\\":\\\"\\\",\\\"author\\\":\\\"\\\",\\\"rights\\\":\\\"\\\",\\\"xreference\\\":\\\"\\\",\\\"tags\\\":null}\",\"featured\":1,\"language\":\"pt-PT\",\"xreference\":null,\"note\":null}', 0),
(7, 'com_content.category.11', '', '2019-06-17 13:45:28', 0, 566, '4ed7a1b6dfbc5c4ff292c175d52afc25610d3eeb', '{\"id\":11,\"asset_id\":78,\"parent_id\":\"1\",\"lft\":\"17\",\"rgt\":18,\"level\":1,\"path\":null,\"extension\":\"com_content\",\"title\":\"Categor\\u00eda (es-es)\",\"alias\":\"categoria-es-es\",\"note\":null,\"description\":\"\",\"published\":1,\"checked_out\":null,\"checked_out_time\":null,\"access\":1,\"params\":\"{\\\"target\\\":\\\"\\\",\\\"image\\\":\\\"\\\"}\",\"metadesc\":\"\",\"metakey\":\"\",\"metadata\":\"{\\\"page_title\\\":\\\"\\\",\\\"author\\\":\\\"\\\",\\\"robots\\\":\\\"\\\"}\",\"created_user_id\":0,\"created_time\":\"2019-06-17 13:45:28\",\"modified_user_id\":null,\"modified_time\":\"2019-06-17 13:45:28\",\"hits\":null,\"language\":\"es-ES\",\"version\":null}', 0),
(8, 'com_content.article.4', '', '2019-06-17 13:45:28', 0, 1196, '92759583767f6f5c6f623860870e388853d369b8', '{\"id\":4,\"asset_id\":79,\"title\":\"Art\\u00edculo (es-es)\",\"alias\":\"articulo-es-es\",\"introtext\":\"<p>Lorem ipsum ad his scripta blandit partiendo, eum fastidii accumsan euripidis in, eum liber hendrerit an. Qui ut wisi vocibus suscipiantur, quo dicit ridens inciderint id. Quo mundi lobortis reformidans eu, legimus senseritdefiniebas an eos. Eu sit tincidunt incorrupte definitionem, vis mutat affert percipit cu, eirmod consectetuer signiferumque eu per. In usu latineequidem dolores. Quo no falli viris intellegam, ut fugit veritus placeratper. Ius id vidit volumus mandamus, vide veritus democritum te nec, ei eosdebet libris consulatu.<\\/p>\",\"fulltext\":\"\",\"state\":1,\"catid\":11,\"created\":\"2019-06-17 13:45:28\",\"created_by\":0,\"created_by_alias\":\"Joomla\",\"modified\":\"2019-06-17 13:45:28\",\"modified_by\":null,\"checked_out\":null,\"checked_out_time\":null,\"publish_up\":\"2019-06-17 13:45:28\",\"publish_down\":\"0000-00-00 00:00:00\",\"images\":\"[]\",\"urls\":\"[]\",\"attribs\":\"{}\",\"version\":1,\"ordering\":null,\"metakey\":\"\",\"metadesc\":\"\",\"access\":1,\"hits\":null,\"metadata\":\"{\\\"robots\\\":\\\"\\\",\\\"author\\\":\\\"\\\",\\\"rights\\\":\\\"\\\",\\\"xreference\\\":\\\"\\\",\\\"tags\\\":null}\",\"featured\":1,\"language\":\"es-ES\",\"xreference\":null,\"note\":null}', 0),
(9, 'com_content.category.12', '', '2019-06-17 13:45:28', 0, 607, 'c8c2ab7f00af426ec81e2cd9a669d422c5e3094d', '{\"id\":12,\"asset_id\":82,\"parent_id\":\"1\",\"lft\":\"19\",\"rgt\":20,\"level\":1,\"path\":null,\"extension\":\"com_content\",\"title\":\"\\u041a\\u0430\\u0442\\u0435\\u0433\\u043e\\u0440\\u0438\\u044f (ru-ru)\",\"alias\":\"kategoriya-ru-ru\",\"note\":null,\"description\":\"\",\"published\":1,\"checked_out\":null,\"checked_out_time\":null,\"access\":1,\"params\":\"{\\\"target\\\":\\\"\\\",\\\"image\\\":\\\"\\\"}\",\"metadesc\":\"\",\"metakey\":\"\",\"metadata\":\"{\\\"page_title\\\":\\\"\\\",\\\"author\\\":\\\"\\\",\\\"robots\\\":\\\"\\\"}\",\"created_user_id\":0,\"created_time\":\"2019-06-17 13:45:28\",\"modified_user_id\":null,\"modified_time\":\"2019-06-17 13:45:28\",\"hits\":null,\"language\":\"ru-RU\",\"version\":null}', 0),
(10, 'com_content.article.5', '', '2019-06-17 13:45:28', 0, 1231, 'e69386c652df6bd62a02dea0c8c1fc7b43912934', '{\"id\":5,\"asset_id\":83,\"title\":\"\\u041c\\u0430\\u0442\\u0435\\u0440\\u0438\\u0430\\u043b (ru-ru)\",\"alias\":\"material-ru-ru\",\"introtext\":\"<p>Lorem ipsum ad his scripta blandit partiendo, eum fastidii accumsan euripidis in, eum liber hendrerit an. Qui ut wisi vocibus suscipiantur, quo dicit ridens inciderint id. Quo mundi lobortis reformidans eu, legimus senseritdefiniebas an eos. Eu sit tincidunt incorrupte definitionem, vis mutat affert percipit cu, eirmod consectetuer signiferumque eu per. In usu latineequidem dolores. Quo no falli viris intellegam, ut fugit veritus placeratper. Ius id vidit volumus mandamus, vide veritus democritum te nec, ei eosdebet libris consulatu.<\\/p>\",\"fulltext\":\"\",\"state\":1,\"catid\":12,\"created\":\"2019-06-17 13:45:28\",\"created_by\":0,\"created_by_alias\":\"Joomla\",\"modified\":\"2019-06-17 13:45:28\",\"modified_by\":null,\"checked_out\":null,\"checked_out_time\":null,\"publish_up\":\"2019-06-17 13:45:28\",\"publish_down\":\"0000-00-00 00:00:00\",\"images\":\"[]\",\"urls\":\"[]\",\"attribs\":\"{}\",\"version\":1,\"ordering\":null,\"metakey\":\"\",\"metadesc\":\"\",\"access\":1,\"hits\":null,\"metadata\":\"{\\\"robots\\\":\\\"\\\",\\\"author\\\":\\\"\\\",\\\"rights\\\":\\\"\\\",\\\"xreference\\\":\\\"\\\",\\\"tags\\\":null}\",\"featured\":1,\"language\":\"ru-RU\",\"xreference\":null,\"note\":null}', 0),
(11, 'com_content.article.1', '', '2019-06-21 06:20:27', 926, 1830, 'd9bbb425325c77827b18ec428c2262c1fc59d1ee', '{\"id\":1,\"asset_id\":\"67\",\"title\":\"Article (en-gb)\",\"alias\":\"article-en-gb\",\"introtext\":\"<p>Welcome to Data 4 IWRM portail <\\/p>\",\"fulltext\":\"\",\"state\":1,\"catid\":\"8\",\"created\":\"2019-06-17 13:45:28\",\"created_by\":\"0\",\"created_by_alias\":\"Joomla\",\"modified\":\"2019-06-21 06:20:27\",\"modified_by\":\"926\",\"checked_out\":\"926\",\"checked_out_time\":\"2019-06-21 06:19:56\",\"publish_up\":\"2019-06-17 13:45:28\",\"publish_down\":\"0000-00-00 00:00:00\",\"images\":\"{\\\"image_intro\\\":\\\"\\\",\\\"float_intro\\\":\\\"\\\",\\\"image_intro_alt\\\":\\\"\\\",\\\"image_intro_caption\\\":\\\"\\\",\\\"image_fulltext\\\":\\\"\\\",\\\"float_fulltext\\\":\\\"\\\",\\\"image_fulltext_alt\\\":\\\"\\\",\\\"image_fulltext_caption\\\":\\\"\\\"}\",\"urls\":\"{\\\"urla\\\":false,\\\"urlatext\\\":\\\"\\\",\\\"targeta\\\":\\\"\\\",\\\"urlb\\\":false,\\\"urlbtext\\\":\\\"\\\",\\\"targetb\\\":\\\"\\\",\\\"urlc\\\":false,\\\"urlctext\\\":\\\"\\\",\\\"targetc\\\":\\\"\\\"}\",\"attribs\":\"{\\\"article_layout\\\":\\\"\\\",\\\"show_title\\\":\\\"\\\",\\\"link_titles\\\":\\\"\\\",\\\"show_tags\\\":\\\"\\\",\\\"show_intro\\\":\\\"\\\",\\\"info_block_position\\\":\\\"\\\",\\\"info_block_show_title\\\":\\\"\\\",\\\"show_category\\\":\\\"\\\",\\\"link_category\\\":\\\"\\\",\\\"show_parent_category\\\":\\\"\\\",\\\"link_parent_category\\\":\\\"\\\",\\\"show_associations\\\":\\\"\\\",\\\"show_author\\\":\\\"\\\",\\\"link_author\\\":\\\"\\\",\\\"show_create_date\\\":\\\"\\\",\\\"show_modify_date\\\":\\\"\\\",\\\"show_publish_date\\\":\\\"\\\",\\\"show_item_navigation\\\":\\\"\\\",\\\"show_icons\\\":\\\"\\\",\\\"show_print_icon\\\":\\\"\\\",\\\"show_email_icon\\\":\\\"\\\",\\\"show_vote\\\":\\\"\\\",\\\"show_hits\\\":\\\"\\\",\\\"show_noauth\\\":\\\"\\\",\\\"urls_position\\\":\\\"\\\",\\\"alternative_readmore\\\":\\\"\\\",\\\"article_page_title\\\":\\\"\\\",\\\"show_publishing_options\\\":\\\"\\\",\\\"show_article_options\\\":\\\"\\\",\\\"show_urls_images_backend\\\":\\\"\\\",\\\"show_urls_images_frontend\\\":\\\"\\\"}\",\"version\":2,\"ordering\":\"0\",\"metakey\":\"\",\"metadesc\":\"\",\"access\":\"1\",\"hits\":\"0\",\"metadata\":\"{\\\"robots\\\":\\\"\\\",\\\"author\\\":\\\"\\\",\\\"rights\\\":\\\"\\\",\\\"xreference\\\":\\\"\\\"}\",\"featured\":\"1\",\"language\":\"en-GB\",\"xreference\":\"\",\"note\":\"\"}', 0),
(12, 'com_content.article.2', '', '2019-07-03 06:28:21', 928, 1829, '93c21dfa96a7ee4ddf831ff9e883ef7c45daa0bc', '{\"id\":2,\"asset_id\":\"71\",\"title\":\"Article (fr-fr)\",\"alias\":\"article-fr-fr\",\"introtext\":\"<p>Article \\u00e0 d\\u00e9velopper<\\/p>\",\"fulltext\":\"\",\"state\":1,\"catid\":\"9\",\"created\":\"2019-06-17 13:45:28\",\"created_by\":\"0\",\"created_by_alias\":\"Joomla\",\"modified\":\"2019-07-03 06:28:21\",\"modified_by\":\"928\",\"checked_out\":\"928\",\"checked_out_time\":\"2019-07-03 06:28:05\",\"publish_up\":\"2019-06-17 13:45:28\",\"publish_down\":\"0000-00-00 00:00:00\",\"images\":\"{\\\"image_intro\\\":\\\"\\\",\\\"float_intro\\\":\\\"\\\",\\\"image_intro_alt\\\":\\\"\\\",\\\"image_intro_caption\\\":\\\"\\\",\\\"image_fulltext\\\":\\\"\\\",\\\"float_fulltext\\\":\\\"\\\",\\\"image_fulltext_alt\\\":\\\"\\\",\\\"image_fulltext_caption\\\":\\\"\\\"}\",\"urls\":\"{\\\"urla\\\":false,\\\"urlatext\\\":\\\"\\\",\\\"targeta\\\":\\\"\\\",\\\"urlb\\\":false,\\\"urlbtext\\\":\\\"\\\",\\\"targetb\\\":\\\"\\\",\\\"urlc\\\":false,\\\"urlctext\\\":\\\"\\\",\\\"targetc\\\":\\\"\\\"}\",\"attribs\":\"{\\\"article_layout\\\":\\\"\\\",\\\"show_title\\\":\\\"\\\",\\\"link_titles\\\":\\\"\\\",\\\"show_tags\\\":\\\"\\\",\\\"show_intro\\\":\\\"\\\",\\\"info_block_position\\\":\\\"\\\",\\\"info_block_show_title\\\":\\\"\\\",\\\"show_category\\\":\\\"\\\",\\\"link_category\\\":\\\"\\\",\\\"show_parent_category\\\":\\\"\\\",\\\"link_parent_category\\\":\\\"\\\",\\\"show_associations\\\":\\\"\\\",\\\"show_author\\\":\\\"\\\",\\\"link_author\\\":\\\"\\\",\\\"show_create_date\\\":\\\"\\\",\\\"show_modify_date\\\":\\\"\\\",\\\"show_publish_date\\\":\\\"\\\",\\\"show_item_navigation\\\":\\\"\\\",\\\"show_icons\\\":\\\"\\\",\\\"show_print_icon\\\":\\\"\\\",\\\"show_email_icon\\\":\\\"\\\",\\\"show_vote\\\":\\\"\\\",\\\"show_hits\\\":\\\"\\\",\\\"show_noauth\\\":\\\"\\\",\\\"urls_position\\\":\\\"\\\",\\\"alternative_readmore\\\":\\\"\\\",\\\"article_page_title\\\":\\\"\\\",\\\"show_publishing_options\\\":\\\"\\\",\\\"show_article_options\\\":\\\"\\\",\\\"show_urls_images_backend\\\":\\\"\\\",\\\"show_urls_images_frontend\\\":\\\"\\\"}\",\"version\":2,\"ordering\":\"0\",\"metakey\":\"\",\"metadesc\":\"\",\"access\":\"1\",\"hits\":\"2\",\"metadata\":\"{\\\"robots\\\":\\\"\\\",\\\"author\\\":\\\"\\\",\\\"rights\\\":\\\"\\\",\\\"xreference\\\":\\\"\\\"}\",\"featured\":\"1\",\"language\":\"fr-FR\",\"xreference\":\"\",\"note\":\"\"}', 0),
(13, 'com_content.article.6', '', '2019-07-03 16:42:27', 928, 2995, 'd1b6db4be3906236183fed3fcfc2af5d1e9128d9', '{\"id\":6,\"asset_id\":147,\"title\":\"Intro projet FR\",\"alias\":\"intro-projet-fr\",\"introtext\":\"<p>Bienvenu sur le site du projet d\'appui \\u00e0 la GIRE au Senegal.<\\/p>\\r\\n<p>Ce projet a pour objectifs<\\/p>\\r\\n<ul>\\r\\n<li>L\\u2019am\\u00e9lioration des connaissances et des moyens de gestion, <strong>y compris en termes de planification aux diff\\u00e9rentes \\u00e9chelles pertinentes dans le pays, en se basant sur du benchmarking international et sous-r\\u00e9gional (Afrique de l\\u2019Ouest)&nbsp;;<\\/strong><\\/li>\\r\\n<li><em>&nbsp;<\\/em>La cr\\u00e9ation d\\u2019un environnement favorable \\u00e0 la GIRE faisant appel \\u00e0 une gouvernance adapt\\u00e9e, <strong style=\\\"background-color: inherit; color: inherit; font-family: inherit; font-size: 1rem;\\\">notamment en termes de concertation\\/participation&nbsp;;<\\/strong><\\/li>\\r\\n<li><em>&nbsp;<\\/em>L\\u2019am\\u00e9lioration de la communication, l\\u2019information, l\\u2019\\u00e9ducation et la sensibilisation sur l\\u2019eau et la biodiversit\\u00e9 li\\u00e9e aux milieux aquatiques, <strong style=\\\"background-color: inherit; color: inherit; font-family: inherit; font-size: 1rem;\\\">en particulier par l\\u2019am\\u00e9lioration du fonctionnement des syst\\u00e8mes d\\u2019information sur l\\u2019eau et la mise \\u00e0 disposition des connaissances.<\\/strong><\\/li>\\r\\n<\\/ul>\",\"fulltext\":\"\",\"state\":1,\"catid\":\"2\",\"created\":\"2019-07-03 16:42:27\",\"created_by\":\"928\",\"created_by_alias\":\"\",\"modified\":\"2019-07-03 16:42:27\",\"modified_by\":null,\"checked_out\":null,\"checked_out_time\":null,\"publish_up\":\"2019-07-03 16:42:27\",\"publish_down\":\"0000-00-00 00:00:00\",\"images\":\"{\\\"image_intro\\\":\\\"\\\",\\\"float_intro\\\":\\\"\\\",\\\"image_intro_alt\\\":\\\"\\\",\\\"image_intro_caption\\\":\\\"\\\",\\\"image_fulltext\\\":\\\"\\\",\\\"float_fulltext\\\":\\\"\\\",\\\"image_fulltext_alt\\\":\\\"\\\",\\\"image_fulltext_caption\\\":\\\"\\\"}\",\"urls\":\"{\\\"urla\\\":false,\\\"urlatext\\\":\\\"\\\",\\\"targeta\\\":\\\"\\\",\\\"urlb\\\":false,\\\"urlbtext\\\":\\\"\\\",\\\"targetb\\\":\\\"\\\",\\\"urlc\\\":false,\\\"urlctext\\\":\\\"\\\",\\\"targetc\\\":\\\"\\\"}\",\"attribs\":\"{\\\"article_layout\\\":\\\"\\\",\\\"show_title\\\":\\\"\\\",\\\"link_titles\\\":\\\"\\\",\\\"show_tags\\\":\\\"\\\",\\\"show_intro\\\":\\\"\\\",\\\"info_block_position\\\":\\\"\\\",\\\"info_block_show_title\\\":\\\"\\\",\\\"show_category\\\":\\\"\\\",\\\"link_category\\\":\\\"\\\",\\\"show_parent_category\\\":\\\"\\\",\\\"link_parent_category\\\":\\\"\\\",\\\"show_associations\\\":\\\"\\\",\\\"show_author\\\":\\\"\\\",\\\"link_author\\\":\\\"\\\",\\\"show_create_date\\\":\\\"\\\",\\\"show_modify_date\\\":\\\"\\\",\\\"show_publish_date\\\":\\\"\\\",\\\"show_item_navigation\\\":\\\"\\\",\\\"show_icons\\\":\\\"\\\",\\\"show_print_icon\\\":\\\"\\\",\\\"show_email_icon\\\":\\\"\\\",\\\"show_vote\\\":\\\"\\\",\\\"show_hits\\\":\\\"\\\",\\\"show_noauth\\\":\\\"\\\",\\\"urls_position\\\":\\\"\\\",\\\"alternative_readmore\\\":\\\"\\\",\\\"article_page_title\\\":\\\"\\\",\\\"show_publishing_options\\\":\\\"\\\",\\\"show_article_options\\\":\\\"\\\",\\\"show_urls_images_backend\\\":\\\"\\\",\\\"show_urls_images_frontend\\\":\\\"\\\"}\",\"version\":1,\"ordering\":null,\"metakey\":\"\",\"metadesc\":\"\",\"access\":\"1\",\"hits\":null,\"metadata\":\"{\\\"robots\\\":\\\"\\\",\\\"author\\\":\\\"\\\",\\\"rights\\\":\\\"\\\",\\\"xreference\\\":\\\"\\\"}\",\"featured\":\"0\",\"language\":\"*\",\"xreference\":\"\",\"note\":\"\"}', 0),
(14, 'com_content.article.7', '', '2019-07-04 09:22:21', 925, 1888, 'b0fdcf0a0e0e4ac671622be6f17384f558893f04', '{\"id\":7,\"asset_id\":149,\"title\":\"Liste des Organismes\",\"alias\":\"liste-des-organismes\",\"introtext\":\"<p>Liste des organismes du S\\u00e9n\\u00e9gal.<\\/p>\\r\\n<p>{tabulizer:data_source[jNlhzk18HFaJE6oZNgJCxZCt]}<\\/p>\",\"fulltext\":\"\",\"state\":1,\"catid\":\"2\",\"created\":\"2019-07-04 09:22:21\",\"created_by\":\"925\",\"created_by_alias\":\"\",\"modified\":\"2019-07-04 09:22:21\",\"modified_by\":null,\"checked_out\":null,\"checked_out_time\":null,\"publish_up\":\"2019-07-04 09:22:21\",\"publish_down\":\"0000-00-00 00:00:00\",\"images\":\"{\\\"image_intro\\\":\\\"\\\",\\\"float_intro\\\":\\\"\\\",\\\"image_intro_alt\\\":\\\"\\\",\\\"image_intro_caption\\\":\\\"\\\",\\\"image_fulltext\\\":\\\"\\\",\\\"float_fulltext\\\":\\\"\\\",\\\"image_fulltext_alt\\\":\\\"\\\",\\\"image_fulltext_caption\\\":\\\"\\\"}\",\"urls\":\"{\\\"urla\\\":false,\\\"urlatext\\\":\\\"\\\",\\\"targeta\\\":\\\"\\\",\\\"urlb\\\":false,\\\"urlbtext\\\":\\\"\\\",\\\"targetb\\\":\\\"\\\",\\\"urlc\\\":false,\\\"urlctext\\\":\\\"\\\",\\\"targetc\\\":\\\"\\\"}\",\"attribs\":\"{\\\"article_layout\\\":\\\"\\\",\\\"show_title\\\":\\\"\\\",\\\"link_titles\\\":\\\"\\\",\\\"show_tags\\\":\\\"\\\",\\\"show_intro\\\":\\\"\\\",\\\"info_block_position\\\":\\\"\\\",\\\"info_block_show_title\\\":\\\"\\\",\\\"show_category\\\":\\\"\\\",\\\"link_category\\\":\\\"\\\",\\\"show_parent_category\\\":\\\"\\\",\\\"link_parent_category\\\":\\\"\\\",\\\"show_associations\\\":\\\"\\\",\\\"show_author\\\":\\\"\\\",\\\"link_author\\\":\\\"\\\",\\\"show_create_date\\\":\\\"\\\",\\\"show_modify_date\\\":\\\"\\\",\\\"show_publish_date\\\":\\\"\\\",\\\"show_item_navigation\\\":\\\"\\\",\\\"show_icons\\\":\\\"\\\",\\\"show_print_icon\\\":\\\"\\\",\\\"show_email_icon\\\":\\\"\\\",\\\"show_vote\\\":\\\"\\\",\\\"show_hits\\\":\\\"\\\",\\\"show_noauth\\\":\\\"\\\",\\\"urls_position\\\":\\\"\\\",\\\"alternative_readmore\\\":\\\"\\\",\\\"article_page_title\\\":\\\"\\\",\\\"show_publishing_options\\\":\\\"\\\",\\\"show_article_options\\\":\\\"\\\",\\\"show_urls_images_backend\\\":\\\"\\\",\\\"show_urls_images_frontend\\\":\\\"\\\"}\",\"version\":1,\"ordering\":null,\"metakey\":\"\",\"metadesc\":\"\",\"access\":\"1\",\"hits\":null,\"metadata\":\"{\\\"robots\\\":\\\"\\\",\\\"author\\\":\\\"\\\",\\\"rights\\\":\\\"\\\",\\\"xreference\\\":\\\"\\\"}\",\"featured\":\"0\",\"language\":\"*\",\"xreference\":\"\",\"note\":\"\"}', 0),
(15, 'com_content.article.7', '', '2019-07-04 09:22:43', 925, 1911, '1a3b4dd401865c618c49e4a89e3db25b05586983', '{\"id\":7,\"asset_id\":\"149\",\"title\":\"Liste des Organismes\",\"alias\":\"liste-des-organismes\",\"introtext\":\"<p>Liste des organismes du S\\u00e9n\\u00e9gal.<\\/p>\\r\\n<p>{tabulizer:data_source[jNlhzk18HFaJE6oZNgJCxZCt]}<\\/p>\",\"fulltext\":\"\",\"state\":1,\"catid\":\"2\",\"created\":\"2019-07-04 09:22:21\",\"created_by\":\"925\",\"created_by_alias\":\"\",\"modified\":\"2019-07-04 09:22:43\",\"modified_by\":\"925\",\"checked_out\":\"925\",\"checked_out_time\":\"2019-07-04 09:22:36\",\"publish_up\":\"2019-07-04 09:22:21\",\"publish_down\":\"0000-00-00 00:00:00\",\"images\":\"{\\\"image_intro\\\":\\\"\\\",\\\"float_intro\\\":\\\"\\\",\\\"image_intro_alt\\\":\\\"\\\",\\\"image_intro_caption\\\":\\\"\\\",\\\"image_fulltext\\\":\\\"\\\",\\\"float_fulltext\\\":\\\"\\\",\\\"image_fulltext_alt\\\":\\\"\\\",\\\"image_fulltext_caption\\\":\\\"\\\"}\",\"urls\":\"{\\\"urla\\\":false,\\\"urlatext\\\":\\\"\\\",\\\"targeta\\\":\\\"\\\",\\\"urlb\\\":false,\\\"urlbtext\\\":\\\"\\\",\\\"targetb\\\":\\\"\\\",\\\"urlc\\\":false,\\\"urlctext\\\":\\\"\\\",\\\"targetc\\\":\\\"\\\"}\",\"attribs\":\"{\\\"article_layout\\\":\\\"\\\",\\\"show_title\\\":\\\"\\\",\\\"link_titles\\\":\\\"\\\",\\\"show_tags\\\":\\\"\\\",\\\"show_intro\\\":\\\"\\\",\\\"info_block_position\\\":\\\"\\\",\\\"info_block_show_title\\\":\\\"\\\",\\\"show_category\\\":\\\"\\\",\\\"link_category\\\":\\\"\\\",\\\"show_parent_category\\\":\\\"\\\",\\\"link_parent_category\\\":\\\"\\\",\\\"show_associations\\\":\\\"\\\",\\\"show_author\\\":\\\"\\\",\\\"link_author\\\":\\\"\\\",\\\"show_create_date\\\":\\\"\\\",\\\"show_modify_date\\\":\\\"\\\",\\\"show_publish_date\\\":\\\"\\\",\\\"show_item_navigation\\\":\\\"\\\",\\\"show_icons\\\":\\\"\\\",\\\"show_print_icon\\\":\\\"\\\",\\\"show_email_icon\\\":\\\"\\\",\\\"show_vote\\\":\\\"\\\",\\\"show_hits\\\":\\\"\\\",\\\"show_noauth\\\":\\\"\\\",\\\"urls_position\\\":\\\"\\\",\\\"alternative_readmore\\\":\\\"\\\",\\\"article_page_title\\\":\\\"\\\",\\\"show_publishing_options\\\":\\\"\\\",\\\"show_article_options\\\":\\\"\\\",\\\"show_urls_images_backend\\\":\\\"\\\",\\\"show_urls_images_frontend\\\":\\\"\\\"}\",\"version\":2,\"ordering\":\"0\",\"metakey\":\"\",\"metadesc\":\"\",\"access\":\"1\",\"hits\":\"0\",\"metadata\":\"{\\\"robots\\\":\\\"\\\",\\\"author\\\":\\\"\\\",\\\"rights\\\":\\\"\\\",\\\"xreference\\\":\\\"\\\"}\",\"featured\":\"0\",\"language\":\"fr-FR\",\"xreference\":\"\",\"note\":\"\"}', 0),
(16, 'com_content.article.7', '', '2019-07-04 09:54:40', 928, 1970, 'a89ee0e6545e7bc7734a04b4c54a8196e18e152a', '{\"id\":7,\"asset_id\":\"149\",\"title\":\"Liste des Organismes\",\"alias\":\"liste-des-organismes\",\"introtext\":\"<p><span style=\\\"font-size: 18pt;\\\"><strong>Liste des organismes du S\\u00e9n\\u00e9gal:<\\/strong><\\/span><\\/p>\\r\\n<p>{tabulizer:data_source[jNlhzk18HFaJE6oZNgJCxZCt]}<\\/p>\",\"fulltext\":\"\",\"state\":1,\"catid\":\"2\",\"created\":\"2019-07-04 09:22:21\",\"created_by\":\"925\",\"created_by_alias\":\"\",\"modified\":\"2019-07-04 09:54:40\",\"modified_by\":\"928\",\"checked_out\":\"928\",\"checked_out_time\":\"2019-07-04 09:53:40\",\"publish_up\":\"2019-07-04 09:22:21\",\"publish_down\":\"0000-00-00 00:00:00\",\"images\":\"{\\\"image_intro\\\":\\\"\\\",\\\"float_intro\\\":\\\"\\\",\\\"image_intro_alt\\\":\\\"\\\",\\\"image_intro_caption\\\":\\\"\\\",\\\"image_fulltext\\\":\\\"\\\",\\\"float_fulltext\\\":\\\"\\\",\\\"image_fulltext_alt\\\":\\\"\\\",\\\"image_fulltext_caption\\\":\\\"\\\"}\",\"urls\":\"{\\\"urla\\\":false,\\\"urlatext\\\":\\\"\\\",\\\"targeta\\\":\\\"\\\",\\\"urlb\\\":false,\\\"urlbtext\\\":\\\"\\\",\\\"targetb\\\":\\\"\\\",\\\"urlc\\\":false,\\\"urlctext\\\":\\\"\\\",\\\"targetc\\\":\\\"\\\"}\",\"attribs\":\"{\\\"article_layout\\\":\\\"\\\",\\\"show_title\\\":\\\"\\\",\\\"link_titles\\\":\\\"\\\",\\\"show_tags\\\":\\\"\\\",\\\"show_intro\\\":\\\"\\\",\\\"info_block_position\\\":\\\"\\\",\\\"info_block_show_title\\\":\\\"\\\",\\\"show_category\\\":\\\"\\\",\\\"link_category\\\":\\\"\\\",\\\"show_parent_category\\\":\\\"\\\",\\\"link_parent_category\\\":\\\"\\\",\\\"show_associations\\\":\\\"\\\",\\\"show_author\\\":\\\"\\\",\\\"link_author\\\":\\\"\\\",\\\"show_create_date\\\":\\\"\\\",\\\"show_modify_date\\\":\\\"\\\",\\\"show_publish_date\\\":\\\"\\\",\\\"show_item_navigation\\\":\\\"\\\",\\\"show_icons\\\":\\\"\\\",\\\"show_print_icon\\\":\\\"\\\",\\\"show_email_icon\\\":\\\"\\\",\\\"show_vote\\\":\\\"\\\",\\\"show_hits\\\":\\\"\\\",\\\"show_noauth\\\":\\\"\\\",\\\"urls_position\\\":\\\"\\\",\\\"alternative_readmore\\\":\\\"\\\",\\\"article_page_title\\\":\\\"\\\",\\\"show_publishing_options\\\":\\\"\\\",\\\"show_article_options\\\":\\\"\\\",\\\"show_urls_images_backend\\\":\\\"\\\",\\\"show_urls_images_frontend\\\":\\\"\\\"}\",\"version\":3,\"ordering\":\"0\",\"metakey\":\"\",\"metadesc\":\"\",\"access\":\"1\",\"hits\":\"8\",\"metadata\":\"{\\\"robots\\\":\\\"\\\",\\\"author\\\":\\\"\\\",\\\"rights\\\":\\\"\\\",\\\"xreference\\\":\\\"\\\"}\",\"featured\":\"0\",\"language\":\"fr-FR\",\"xreference\":\"\",\"note\":\"\"}', 0),
(17, 'com_content.article.1', '', '2019-12-11 08:46:18', 925, 1824, '979c090add5f24286f121352c584078b4e7fff18', '{\"id\":1,\"asset_id\":\"67\",\"title\":\"Article (en-gb)\",\"alias\":\"article-en-gb\",\"introtext\":\"<p>Welcome to&nbsp; portail<\\/p>\",\"fulltext\":\"\",\"state\":1,\"catid\":\"8\",\"created\":\"2019-06-17 13:45:28\",\"created_by\":\"0\",\"created_by_alias\":\"Joomla\",\"modified\":\"2019-12-11 08:46:18\",\"modified_by\":\"925\",\"checked_out\":\"925\",\"checked_out_time\":\"2019-12-11 08:46:03\",\"publish_up\":\"2019-06-17 13:45:28\",\"publish_down\":\"0000-00-00 00:00:00\",\"images\":\"{\\\"image_intro\\\":\\\"\\\",\\\"float_intro\\\":\\\"\\\",\\\"image_intro_alt\\\":\\\"\\\",\\\"image_intro_caption\\\":\\\"\\\",\\\"image_fulltext\\\":\\\"\\\",\\\"float_fulltext\\\":\\\"\\\",\\\"image_fulltext_alt\\\":\\\"\\\",\\\"image_fulltext_caption\\\":\\\"\\\"}\",\"urls\":\"{\\\"urla\\\":false,\\\"urlatext\\\":\\\"\\\",\\\"targeta\\\":\\\"\\\",\\\"urlb\\\":false,\\\"urlbtext\\\":\\\"\\\",\\\"targetb\\\":\\\"\\\",\\\"urlc\\\":false,\\\"urlctext\\\":\\\"\\\",\\\"targetc\\\":\\\"\\\"}\",\"attribs\":\"{\\\"article_layout\\\":\\\"\\\",\\\"show_title\\\":\\\"\\\",\\\"link_titles\\\":\\\"\\\",\\\"show_tags\\\":\\\"\\\",\\\"show_intro\\\":\\\"\\\",\\\"info_block_position\\\":\\\"\\\",\\\"info_block_show_title\\\":\\\"\\\",\\\"show_category\\\":\\\"\\\",\\\"link_category\\\":\\\"\\\",\\\"show_parent_category\\\":\\\"\\\",\\\"link_parent_category\\\":\\\"\\\",\\\"show_associations\\\":\\\"\\\",\\\"show_author\\\":\\\"\\\",\\\"link_author\\\":\\\"\\\",\\\"show_create_date\\\":\\\"\\\",\\\"show_modify_date\\\":\\\"\\\",\\\"show_publish_date\\\":\\\"\\\",\\\"show_item_navigation\\\":\\\"\\\",\\\"show_icons\\\":\\\"\\\",\\\"show_print_icon\\\":\\\"\\\",\\\"show_email_icon\\\":\\\"\\\",\\\"show_vote\\\":\\\"\\\",\\\"show_hits\\\":\\\"\\\",\\\"show_noauth\\\":\\\"\\\",\\\"urls_position\\\":\\\"\\\",\\\"alternative_readmore\\\":\\\"\\\",\\\"article_page_title\\\":\\\"\\\",\\\"show_publishing_options\\\":\\\"\\\",\\\"show_article_options\\\":\\\"\\\",\\\"show_urls_images_backend\\\":\\\"\\\",\\\"show_urls_images_frontend\\\":\\\"\\\"}\",\"version\":3,\"ordering\":\"0\",\"metakey\":\"\",\"metadesc\":\"\",\"access\":\"1\",\"hits\":\"10\",\"metadata\":\"{\\\"robots\\\":\\\"\\\",\\\"author\\\":\\\"\\\",\\\"rights\\\":\\\"\\\",\\\"xreference\\\":\\\"\\\"}\",\"featured\":\"1\",\"language\":\"en-GB\",\"xreference\":\"\",\"note\":\"\"}', 0),
(18, 'com_content.category.11', '', '2021-01-12 13:22:15', 925, 611, '8d2de9d17f8b3ccf69309a7df9b6c0dea3c790ef', '{\"id\":11,\"asset_id\":\"78\",\"parent_id\":\"1\",\"lft\":\"17\",\"rgt\":\"18\",\"level\":\"1\",\"path\":\"categoria-es-es\",\"extension\":\"com_content\",\"title\":\"Categor\\u00eda (es-es)\",\"alias\":\"categoria-es\",\"note\":\"\",\"description\":\"\",\"published\":\"1\",\"checked_out\":\"925\",\"checked_out_time\":\"2021-01-12 13:22:02\",\"access\":\"1\",\"params\":\"{\\\"category_layout\\\":\\\"\\\",\\\"image\\\":\\\"\\\",\\\"image_alt\\\":\\\"\\\"}\",\"metadesc\":\"\",\"metakey\":\"\",\"metadata\":\"{\\\"author\\\":\\\"\\\",\\\"robots\\\":\\\"\\\"}\",\"created_user_id\":\"0\",\"created_time\":\"2019-06-17 15:45:28\",\"modified_user_id\":\"925\",\"modified_time\":\"2021-01-12 13:22:15\",\"hits\":\"0\",\"language\":\"es-ES\",\"version\":\"1\"}', 0),
(19, 'com_content.article.2', '', '2021-06-03 12:25:42', 925, 1808, 'aa82690365ff745a777b444d3ee849c9ad054bce', '{\"id\":2,\"asset_id\":\"71\",\"title\":\"Article (fr-fr)\",\"alias\":\"article-fr-fr\",\"introtext\":\"<p>Article<\\/p>\",\"fulltext\":\"\",\"state\":1,\"catid\":\"9\",\"created\":\"2019-06-17 13:45:28\",\"created_by\":\"0\",\"created_by_alias\":\"Joomla\",\"modified\":\"2021-06-03 12:25:42\",\"modified_by\":\"925\",\"checked_out\":\"925\",\"checked_out_time\":\"2021-06-03 12:25:31\",\"publish_up\":\"2019-06-17 13:45:28\",\"publish_down\":\"0000-00-00 00:00:00\",\"images\":\"{\\\"image_intro\\\":\\\"\\\",\\\"float_intro\\\":\\\"\\\",\\\"image_intro_alt\\\":\\\"\\\",\\\"image_intro_caption\\\":\\\"\\\",\\\"image_fulltext\\\":\\\"\\\",\\\"float_fulltext\\\":\\\"\\\",\\\"image_fulltext_alt\\\":\\\"\\\",\\\"image_fulltext_caption\\\":\\\"\\\"}\",\"urls\":\"{\\\"urla\\\":false,\\\"urlatext\\\":\\\"\\\",\\\"targeta\\\":\\\"\\\",\\\"urlb\\\":false,\\\"urlbtext\\\":\\\"\\\",\\\"targetb\\\":\\\"\\\",\\\"urlc\\\":false,\\\"urlctext\\\":\\\"\\\",\\\"targetc\\\":\\\"\\\"}\",\"attribs\":\"{\\\"article_layout\\\":\\\"\\\",\\\"show_title\\\":\\\"\\\",\\\"link_titles\\\":\\\"\\\",\\\"show_tags\\\":\\\"\\\",\\\"show_intro\\\":\\\"\\\",\\\"info_block_position\\\":\\\"\\\",\\\"info_block_show_title\\\":\\\"\\\",\\\"show_category\\\":\\\"\\\",\\\"link_category\\\":\\\"\\\",\\\"show_parent_category\\\":\\\"\\\",\\\"link_parent_category\\\":\\\"\\\",\\\"show_associations\\\":\\\"\\\",\\\"show_author\\\":\\\"\\\",\\\"link_author\\\":\\\"\\\",\\\"show_create_date\\\":\\\"\\\",\\\"show_modify_date\\\":\\\"\\\",\\\"show_publish_date\\\":\\\"\\\",\\\"show_item_navigation\\\":\\\"\\\",\\\"show_icons\\\":\\\"\\\",\\\"show_print_icon\\\":\\\"\\\",\\\"show_email_icon\\\":\\\"\\\",\\\"show_vote\\\":\\\"\\\",\\\"show_hits\\\":\\\"\\\",\\\"show_noauth\\\":\\\"\\\",\\\"urls_position\\\":\\\"\\\",\\\"alternative_readmore\\\":\\\"\\\",\\\"article_page_title\\\":\\\"\\\",\\\"show_publishing_options\\\":\\\"\\\",\\\"show_article_options\\\":\\\"\\\",\\\"show_urls_images_backend\\\":\\\"\\\",\\\"show_urls_images_frontend\\\":\\\"\\\"}\",\"version\":3,\"ordering\":\"0\",\"metakey\":\"\",\"metadesc\":\"\",\"access\":\"1\",\"hits\":\"161\",\"metadata\":\"{\\\"robots\\\":\\\"\\\",\\\"author\\\":\\\"\\\",\\\"rights\\\":\\\"\\\",\\\"xreference\\\":\\\"\\\"}\",\"featured\":\"1\",\"language\":\"fr-FR\",\"xreference\":\"\",\"note\":\"\"}', 0),
(20, 'com_content.article.1', '', '2021-06-03 12:27:03', 925, 1834, '69db91aacf60e297189cb02ec7fd9a55eebce1bc', '{\"id\":1,\"asset_id\":\"67\",\"title\":\"Article (en-gb)\",\"alias\":\"article-en-gb\",\"introtext\":\"<p>Welcome to&nbsp; portail - Article<\\/p>\",\"fulltext\":\"\",\"state\":1,\"catid\":\"8\",\"created\":\"2019-06-17 13:45:28\",\"created_by\":\"0\",\"created_by_alias\":\"Joomla\",\"modified\":\"2021-06-03 12:27:03\",\"modified_by\":\"925\",\"checked_out\":\"925\",\"checked_out_time\":\"2021-06-03 12:26:38\",\"publish_up\":\"2019-06-17 13:45:28\",\"publish_down\":\"0000-00-00 00:00:00\",\"images\":\"{\\\"image_intro\\\":\\\"\\\",\\\"float_intro\\\":\\\"\\\",\\\"image_intro_alt\\\":\\\"\\\",\\\"image_intro_caption\\\":\\\"\\\",\\\"image_fulltext\\\":\\\"\\\",\\\"float_fulltext\\\":\\\"\\\",\\\"image_fulltext_alt\\\":\\\"\\\",\\\"image_fulltext_caption\\\":\\\"\\\"}\",\"urls\":\"{\\\"urla\\\":false,\\\"urlatext\\\":\\\"\\\",\\\"targeta\\\":\\\"\\\",\\\"urlb\\\":false,\\\"urlbtext\\\":\\\"\\\",\\\"targetb\\\":\\\"\\\",\\\"urlc\\\":false,\\\"urlctext\\\":\\\"\\\",\\\"targetc\\\":\\\"\\\"}\",\"attribs\":\"{\\\"article_layout\\\":\\\"\\\",\\\"show_title\\\":\\\"\\\",\\\"link_titles\\\":\\\"\\\",\\\"show_tags\\\":\\\"\\\",\\\"show_intro\\\":\\\"\\\",\\\"info_block_position\\\":\\\"\\\",\\\"info_block_show_title\\\":\\\"\\\",\\\"show_category\\\":\\\"\\\",\\\"link_category\\\":\\\"\\\",\\\"show_parent_category\\\":\\\"\\\",\\\"link_parent_category\\\":\\\"\\\",\\\"show_associations\\\":\\\"\\\",\\\"show_author\\\":\\\"\\\",\\\"link_author\\\":\\\"\\\",\\\"show_create_date\\\":\\\"\\\",\\\"show_modify_date\\\":\\\"\\\",\\\"show_publish_date\\\":\\\"\\\",\\\"show_item_navigation\\\":\\\"\\\",\\\"show_icons\\\":\\\"\\\",\\\"show_print_icon\\\":\\\"\\\",\\\"show_email_icon\\\":\\\"\\\",\\\"show_vote\\\":\\\"\\\",\\\"show_hits\\\":\\\"\\\",\\\"show_noauth\\\":\\\"\\\",\\\"urls_position\\\":\\\"\\\",\\\"alternative_readmore\\\":\\\"\\\",\\\"article_page_title\\\":\\\"\\\",\\\"show_publishing_options\\\":\\\"\\\",\\\"show_article_options\\\":\\\"\\\",\\\"show_urls_images_backend\\\":\\\"\\\",\\\"show_urls_images_frontend\\\":\\\"\\\"}\",\"version\":4,\"ordering\":\"0\",\"metakey\":\"\",\"metadesc\":\"\",\"access\":\"1\",\"hits\":\"47\",\"metadata\":\"{\\\"robots\\\":\\\"\\\",\\\"author\\\":\\\"\\\",\\\"rights\\\":\\\"\\\",\\\"xreference\\\":\\\"\\\"}\",\"featured\":\"1\",\"language\":\"en-GB\",\"xreference\":\"\",\"note\":\"\"}', 0),
(21, 'com_content.article.8', '', '2021-09-28 12:55:20', 925, 8053, 'ddcaf7c30b91343ba75d949064a1a6072c6e079f', '{\"id\":8,\"asset_id\":178,\"title\":\"pl02_30d\",\"alias\":\"pl02-30d\",\"introtext\":\"<h3 style=\\\"text-align: left;\\\"><strong>\\u0413\\u0440\\u0430\\u0444\\u0438\\u043a \\u0441 \\u0434\\u043e\\u0441\\u0442\\u0443\\u043f\\u043d\\u044b\\u043c\\u0438 &nbsp;\\u0434\\u0430\\u043d\\u043d\\u044b\\u043c\\u0438&nbsp;\\u0437\\u0430 \\u043f\\u043e\\u0441\\u043b\\u0435\\u0434\\u043d\\u0438\\u0435 30 \\u0434\\u043d\\u0435\\u0439<\\/strong><strong><br \\/><\\/strong><\\/h3>\\r\\n<table style=\\\"border: 1px solid #000000; width: 800px; height: 164px;\\\" align=\\\"left\\\">\\r\\n<tbody>\\r\\n<tr>\\r\\n<td style=\\\"background-color: #b3b3b3; border: 1px solid #000000;\\\"><span style=\\\"font-size: 10pt;\\\"><strong><code><strong><code><strong><code>\\u041a\\u043e\\u0434 \\u0441\\u0442\\u0430\\u043d\\u0446\\u0438\\u0438<\\/code><\\/strong><\\/code><\\/strong><\\/code><\\/strong><\\/span><\\/td>\\r\\n<td colspan=\\\"2\\\" style=\\\"border: 1px solid #000000;\\\"><span style=\\\"font-size: 10pt;\\\"><code><span style=\\\"background-color: #ffffff; color: #000000;\\\">{plotalot id=\\\"20\\\" P1=\\\"_MOScode\\\"}<\\/span><\\/code><\\/span><\\/td>\\r\\n<\\/tr>\\r\\n<tr>\\r\\n<td style=\\\"background-color: #b3b3b3; border: 1px solid #000000;\\\"><span style=\\\"font-size: 10pt;\\\"><strong><code><strong><code>\\u041d\\u0430\\u0438\\u043c\\u0435\\u043d\\u043e\\u0432\\u0430\\u043d\\u0438\\u0435 \\u0441\\u0442\\u0430\\u043d\\u0446\\u0438\\u0438<\\/code><\\/strong><\\/code><\\/strong><\\/span><\\/td>\\r\\n<td style=\\\"border: 1px solid #000000;\\\"><span style=\\\"font-family: arial,helvetica,sans-serif; font-size: 10pt;\\\"><code><span style=\\\"background-color: #ffffff; color: #000000;\\\"><span style=\\\"background-color: #ffffff; color: #000000;\\\">{plotalot id=\\\"21\\\" P1=\\\"_MOScode\\\" error_txt=\\\"<code><code><code>\\u041a \\u0441\\u043e\\u0436\\u0430\\u043b\\u0435\\u043d\\u0438\\u044e, \\u043d\\u0435\\u0442 \\u0434\\u0430\\u043d\\u043d\\u044b\\u0445<\\/code><\\/code><\\/code>\\\"}<\\/span><\\/span><\\/code><\\/span><\\/td>\\r\\n<td style=\\\"border: 1px solid #000000;\\\"><span style=\\\"font-family: arial,helvetica,sans-serif; font-size: 10pt;\\\"><code><span style=\\\"background-color: #ffffff; color: #000000;\\\"><span style=\\\"background-color: #ffffff; color: #000000;\\\"><span style=\\\"font-family: arial,helvetica,sans-serif; font-size: 10pt;\\\"><code><span style=\\\"background-color: #ffffff; color: #000000;\\\"><span style=\\\"background-color: #ffffff; color: #000000;\\\">{plotalot id=\\\"22\\\" P1=\\\"_MOScode\\\" error_txt=\\\"<code><code><code>\\u041a \\u0441\\u043e\\u0436\\u0430\\u043b\\u0435\\u043d\\u0438\\u044e, \\u043d\\u0435\\u0442 \\u0434\\u0430\\u043d\\u043d\\u044b\\u0445<\\/code><\\/code><\\/code>\\\"}<\\/span><\\/span><\\/code><\\/span><\\/span><\\/span><\\/code><\\/span><\\/td>\\r\\n<\\/tr>\\r\\n<tr>\\r\\n<td style=\\\"background-color: #b3b3b3; border: 1px solid #000000;\\\"><span style=\\\"font-size: 10pt;\\\"><strong><code><strong><code>\\u041d\\u0430\\u0438\\u043c\\u0435\\u043d\\u043e\\u0432\\u0430\\u043d\\u0438\\u0435 \\u043f\\u0430\\u0440\\u0430\\u043c\\u0435\\u0442\\u0440\\u0430<\\/code><\\/strong><\\/code><\\/strong><\\/span><\\/td>\\r\\n<td style=\\\"border: 1px solid #000000;\\\"><span style=\\\"font-family: arial,helvetica,sans-serif; font-size: 10pt;\\\"><code><span style=\\\"background-color: #ffffff; color: #000000;\\\"><span style=\\\"background-color: #ffffff; color: #000000;\\\">{plotalot id=\\\"23\\\" P2=\\\"_MOPAcode\\\" error_txt=\\\"<code><code><code>\\u041a \\u0441\\u043e\\u0436\\u0430\\u043b\\u0435\\u043d\\u0438\\u044e, \\u043d\\u0435\\u0442 \\u0434\\u0430\\u043d\\u043d\\u044b\\u0445<\\/code><\\/code><\\/code>\\\"}<\\/span><\\/span><\\/code><\\/span><\\/td>\\r\\n<td style=\\\"border: 1px solid #000000;\\\"><span style=\\\"font-family: arial,helvetica,sans-serif; font-size: 10pt;\\\"><code><span style=\\\"background-color: #ffffff; color: #000000;\\\"><span style=\\\"background-color: #ffffff; color: #000000;\\\"><span style=\\\"font-family: arial,helvetica,sans-serif; font-size: 10pt;\\\"><code><span style=\\\"background-color: #ffffff; color: #000000;\\\"><span style=\\\"background-color: #ffffff; color: #000000;\\\">{plotalot id=\\\"24\\\"<span style=\\\"background-color: #ffffff; color: #000000;\\\">&nbsp;P2=\\\"_MOPAcode\\\" error_txt=\\\"<code><code><code>\\u041a \\u0441\\u043e\\u0436\\u0430\\u043b\\u0435\\u043d\\u0438\\u044e, \\u043d\\u0435\\u0442 \\u0434\\u0430\\u043d\\u043d\\u044b\\u0445<\\/code><\\/code><\\/code>\\\"<\\/span>}<\\/span><\\/span><\\/code><\\/span><\\/span><\\/span><\\/code><\\/span><\\/td>\\r\\n<\\/tr>\\r\\n<tr>\\r\\n<td style=\\\"background-color: #b3b3b3; border: 1px solid #000000;\\\"><span style=\\\"font-size: 10pt;\\\"><strong><span style=\\\"font-family: arial,helvetica,sans-serif;\\\"><code><strong><code>\\u0415\\u0434\\u0438\\u043d\\u0438\\u0446\\u0430 \\u0438\\u0437\\u043c\\u0435\\u0440\\u0435\\u043d\\u0438\\u044f<\\/code><\\/strong><\\/code><\\/span><\\/strong><\\/span><\\/td>\\r\\n<td colspan=\\\"2\\\" style=\\\"border: 1px solid #000000;\\\"><span style=\\\"font-family: arial,helvetica,sans-serif; font-size: 10pt;\\\"><code><span style=\\\"background-color: #ffffff; color: #000000;\\\"><span style=\\\"background-color: #ffffff; color: #000000;\\\">{plotalot id=\\\"25\\\" P2=\\\"_MOPAcode\\\"}<\\/span><\\/span><\\/code><\\/span><span style=\\\"font-family: arial,helvetica,sans-serif; font-size: 10pt;\\\"><code><span style=\\\"background-color: #ffffff; color: #000000;\\\"><span style=\\\"background-color: #ffffff; color: #000000;\\\"><\\/span><\\/span><\\/code><\\/span><\\/td>\\r\\n<\\/tr>\\r\\n<\\/tbody>\\r\\n<\\/table>\\r\\n<p style=\\\"text-align: center;\\\">{plotalot id=\\\"26\\\" P1=\\\"_MOScode\\\" P2=\\\"_MOPAcode\\\" error_txt=\\\"\\u041a \\u0441\\u043e\\u0436\\u0430\\u043b\\u0435\\u043d\\u0438\\u044e, \\u043d\\u0435\\u0442 \\u0434\\u043e\\u0441\\u0442\\u0443\\u043f\\u043d\\u044b\\u0445 \\u0434\\u0430\\u043d\\u043d\\u044b\\u0445 \\u043f\\u043e \\u044d\\u0442\\u043e\\u0439 \\u0441\\u0442\\u0430\\u043d\\u0446\\u0438\\u0438 \\u0434\\u043b\\u044f \\u044d\\u0442\\u043e\\u0433\\u043e \\u043f\\u0430\\u0440\\u0430\\u043c\\u0435\\u0442\\u0440\\u0430\\\" }<span><span style=\\\"color: #ffffff;\\\">({plotalot id=\\\"20\\\" P1=\\\"_MOScode\\\"})<\\/span><\\/span><\\/p>\\r\\n<p style=\\\"text-align: left;\\\"><a href=\\\"index.php\\/ru\\/?option=com_fabrik&amp;view=form&amp;formid=24&amp;QTDSWMOScode={plotalot id=\\\">\\u0413\\u0440\\u0430\\u0444\\u0438\\u043a \\u0434\\u043b\\u044f \\u0434\\u0440\\u0443\\u0433\\u0438\\u0445 \\u043f\\u0430\\u0440\\u0430\\u043c\\u0435\\u0442\\u0440\\u043e\\u0432 \\u0432 \\u044d\\u0442\\u043e\\u0439 \\u0442\\u043e\\u0447\\u043a\\u0435<\\/a><\\/p>\\r\\n<p style=\\\"text-align: left;\\\"><span style=\\\"text-decoration: underline;\\\"><a href=\\\"http:\\/\\/37.187.128.205\\/cawis\\/index.php\\/ru\\/pl02-1y?MOScode={plotalot id=\\\" id=\\\"139\\\">\\u0413\\u0440\\u0430\\u0444\\u0438\\u043a \\u0437\\u0430 \\u043f\\u043e\\u0441\\u043b\\u0435\\u0434\\u043d\\u0438\\u0439 \\u0433\\u043e\\u0434<\\/a><\\/span><\\/p>\",\"fulltext\":\"\",\"state\":1,\"catid\":\"2\",\"created\":\"2021-09-28 12:55:20\",\"created_by\":\"925\",\"created_by_alias\":\"\",\"modified\":\"2021-09-28 12:55:20\",\"modified_by\":null,\"checked_out\":null,\"checked_out_time\":null,\"publish_up\":\"2021-09-28 12:54:48\",\"publish_down\":\"0000-00-00 00:00:00\",\"images\":\"{\\\"image_intro\\\":\\\"\\\",\\\"float_intro\\\":\\\"\\\",\\\"image_intro_alt\\\":\\\"\\\",\\\"image_intro_caption\\\":\\\"\\\",\\\"image_fulltext\\\":\\\"\\\",\\\"float_fulltext\\\":\\\"\\\",\\\"image_fulltext_alt\\\":\\\"\\\",\\\"image_fulltext_caption\\\":\\\"\\\"}\",\"urls\":\"{\\\"urla\\\":false,\\\"urlatext\\\":\\\"\\\",\\\"targeta\\\":\\\"\\\",\\\"urlb\\\":false,\\\"urlbtext\\\":\\\"\\\",\\\"targetb\\\":\\\"\\\",\\\"urlc\\\":false,\\\"urlctext\\\":\\\"\\\",\\\"targetc\\\":\\\"\\\"}\",\"attribs\":\"{\\\"article_layout\\\":\\\"\\\",\\\"show_title\\\":\\\"\\\",\\\"link_titles\\\":\\\"\\\",\\\"show_tags\\\":\\\"\\\",\\\"show_intro\\\":\\\"\\\",\\\"info_block_position\\\":\\\"\\\",\\\"info_block_show_title\\\":\\\"\\\",\\\"show_category\\\":\\\"\\\",\\\"link_category\\\":\\\"\\\",\\\"show_parent_category\\\":\\\"\\\",\\\"link_parent_category\\\":\\\"\\\",\\\"show_associations\\\":\\\"\\\",\\\"show_author\\\":\\\"\\\",\\\"link_author\\\":\\\"\\\",\\\"show_create_date\\\":\\\"\\\",\\\"show_modify_date\\\":\\\"\\\",\\\"show_publish_date\\\":\\\"\\\",\\\"show_item_navigation\\\":\\\"\\\",\\\"show_icons\\\":\\\"\\\",\\\"show_print_icon\\\":\\\"\\\",\\\"show_email_icon\\\":\\\"\\\",\\\"show_vote\\\":\\\"\\\",\\\"show_hits\\\":\\\"\\\",\\\"show_noauth\\\":\\\"\\\",\\\"urls_position\\\":\\\"\\\",\\\"alternative_readmore\\\":\\\"\\\",\\\"article_page_title\\\":\\\"\\\",\\\"show_publishing_options\\\":\\\"\\\",\\\"show_article_options\\\":\\\"\\\",\\\"show_urls_images_backend\\\":\\\"\\\",\\\"show_urls_images_frontend\\\":\\\"\\\"}\",\"version\":1,\"ordering\":null,\"metakey\":\"\",\"metadesc\":\"\",\"access\":\"1\",\"hits\":null,\"metadata\":\"{\\\"robots\\\":\\\"\\\",\\\"author\\\":\\\"\\\",\\\"rights\\\":\\\"\\\",\\\"xreference\\\":\\\"\\\"}\",\"featured\":\"0\",\"language\":\"*\",\"xreference\":\"\",\"note\":\"\"}', 0);
INSERT INTO `jgkzw_history` (`version_id`, `item_id`, `version_note`, `save_date`, `editor_user_id`, `character_count`, `sha1_hash`, `version_data`, `keep_forever`) VALUES
(22, 'com_content.article.8', '', '2021-09-29 06:39:24', 925, 8070, '413c0119de75a15eee5393c2ad2b84597338f481', '{\"id\":8,\"asset_id\":\"178\",\"title\":\"pl02_30d\",\"alias\":\"pl02-30d\",\"introtext\":\"<h3 style=\\\"text-align: left;\\\"><strong>\\u0413\\u0440\\u0430\\u0444\\u0438\\u043a \\u0441 \\u0434\\u043e\\u0441\\u0442\\u0443\\u043f\\u043d\\u044b\\u043c\\u0438 &nbsp;\\u0434\\u0430\\u043d\\u043d\\u044b\\u043c\\u0438&nbsp;\\u0437\\u0430 \\u043f\\u043e\\u0441\\u043b\\u0435\\u0434\\u043d\\u0438\\u0435 30 \\u0434\\u043d\\u0435\\u0439<\\/strong><strong><br \\/><\\/strong><\\/h3>\\r\\n<table style=\\\"border: 1px solid #000000; width: 800px; height: 164px;\\\" align=\\\"left\\\">\\r\\n<tbody>\\r\\n<tr>\\r\\n<td style=\\\"background-color: #b3b3b3; border: 1px solid #000000;\\\"><span style=\\\"font-size: 10pt;\\\"><strong><code><strong><code><strong><code>\\u041a\\u043e\\u0434 \\u0441\\u0442\\u0430\\u043d\\u0446\\u0438\\u0438<\\/code><\\/strong><\\/code><\\/strong><\\/code><\\/strong><\\/span><\\/td>\\r\\n<td colspan=\\\"2\\\" style=\\\"border: 1px solid #000000;\\\"><span style=\\\"font-size: 10pt;\\\"><code><span style=\\\"background-color: #ffffff; color: #000000;\\\">{plotalot id=\\\"26\\\" P1=\\\"_MOScode\\\"}<\\/span><\\/code><\\/span><\\/td>\\r\\n<\\/tr>\\r\\n<tr>\\r\\n<td style=\\\"background-color: #b3b3b3; border: 1px solid #000000;\\\"><span style=\\\"font-size: 10pt;\\\"><strong><code><strong><code>\\u041d\\u0430\\u0438\\u043c\\u0435\\u043d\\u043e\\u0432\\u0430\\u043d\\u0438\\u0435 \\u0441\\u0442\\u0430\\u043d\\u0446\\u0438\\u0438<\\/code><\\/strong><\\/code><\\/strong><\\/span><\\/td>\\r\\n<td style=\\\"border: 1px solid #000000;\\\"><span style=\\\"font-family: arial,helvetica,sans-serif; font-size: 10pt;\\\"><code><span style=\\\"background-color: #ffffff; color: #000000;\\\"><span style=\\\"background-color: #ffffff; color: #000000;\\\">{plotalot id=\\\"27\\\" P1=\\\"_MOScode\\\" error_txt=\\\"<code><code><code>\\u041a \\u0441\\u043e\\u0436\\u0430\\u043b\\u0435\\u043d\\u0438\\u044e, \\u043d\\u0435\\u0442 \\u0434\\u0430\\u043d\\u043d\\u044b\\u0445<\\/code><\\/code><\\/code>\\\"}<\\/span><\\/span><\\/code><\\/span><\\/td>\\r\\n<td style=\\\"border: 1px solid #000000;\\\"><span style=\\\"font-family: arial,helvetica,sans-serif; font-size: 10pt;\\\"><code><span style=\\\"background-color: #ffffff; color: #000000;\\\"><span style=\\\"background-color: #ffffff; color: #000000;\\\"><span style=\\\"font-family: arial,helvetica,sans-serif; font-size: 10pt;\\\"><code><span style=\\\"background-color: #ffffff; color: #000000;\\\"><span style=\\\"background-color: #ffffff; color: #000000;\\\">{plotalot id=\\\"28\\\" P1=\\\"_MOScode\\\" error_txt=\\\"<code><code><code>\\u041a \\u0441\\u043e\\u0436\\u0430\\u043b\\u0435\\u043d\\u0438\\u044e, \\u043d\\u0435\\u0442 \\u0434\\u0430\\u043d\\u043d\\u044b\\u0445<\\/code><\\/code><\\/code>\\\"}<\\/span><\\/span><\\/code><\\/span><\\/span><\\/span><\\/code><\\/span><\\/td>\\r\\n<\\/tr>\\r\\n<tr>\\r\\n<td style=\\\"background-color: #b3b3b3; border: 1px solid #000000;\\\"><span style=\\\"font-size: 10pt;\\\"><strong><code><strong><code>\\u041d\\u0430\\u0438\\u043c\\u0435\\u043d\\u043e\\u0432\\u0430\\u043d\\u0438\\u0435 \\u043f\\u0430\\u0440\\u0430\\u043c\\u0435\\u0442\\u0440\\u0430<\\/code><\\/strong><\\/code><\\/strong><\\/span><\\/td>\\r\\n<td style=\\\"border: 1px solid #000000;\\\"><span style=\\\"font-family: arial,helvetica,sans-serif; font-size: 10pt;\\\"><code><span style=\\\"background-color: #ffffff; color: #000000;\\\"><span style=\\\"background-color: #ffffff; color: #000000;\\\">{plotalot id=\\\"29\\\" P2=\\\"_MOPAcode\\\" error_txt=\\\"<code><code><code>\\u041a \\u0441\\u043e\\u0436\\u0430\\u043b\\u0435\\u043d\\u0438\\u044e, \\u043d\\u0435\\u0442 \\u0434\\u0430\\u043d\\u043d\\u044b\\u0445<\\/code><\\/code><\\/code>\\\"}<\\/span><\\/span><\\/code><\\/span><\\/td>\\r\\n<td style=\\\"border: 1px solid #000000;\\\"><span style=\\\"font-family: arial,helvetica,sans-serif; font-size: 10pt;\\\"><code><span style=\\\"background-color: #ffffff; color: #000000;\\\"><span style=\\\"background-color: #ffffff; color: #000000;\\\"><span style=\\\"font-family: arial,helvetica,sans-serif; font-size: 10pt;\\\"><code><span style=\\\"background-color: #ffffff; color: #000000;\\\"><span style=\\\"background-color: #ffffff; color: #000000;\\\">{plotalot id=\\\"30\\\"<span style=\\\"background-color: #ffffff; color: #000000;\\\">&nbsp;P2=\\\"_MOPAcode\\\" error_txt=\\\"<code><code><code>\\u041a \\u0441\\u043e\\u0436\\u0430\\u043b\\u0435\\u043d\\u0438\\u044e, \\u043d\\u0435\\u0442 \\u0434\\u0430\\u043d\\u043d\\u044b\\u0445<\\/code><\\/code><\\/code>\\\"<\\/span>}<\\/span><\\/span><\\/code><\\/span><\\/span><\\/span><\\/code><\\/span><\\/td>\\r\\n<\\/tr>\\r\\n<tr>\\r\\n<td style=\\\"background-color: #b3b3b3; border: 1px solid #000000;\\\"><span style=\\\"font-size: 10pt;\\\"><strong><span style=\\\"font-family: arial,helvetica,sans-serif;\\\"><code><strong><code>\\u0415\\u0434\\u0438\\u043d\\u0438\\u0446\\u0430 \\u0438\\u0437\\u043c\\u0435\\u0440\\u0435\\u043d\\u0438\\u044f<\\/code><\\/strong><\\/code><\\/span><\\/strong><\\/span><\\/td>\\r\\n<td colspan=\\\"2\\\" style=\\\"border: 1px solid #000000;\\\"><span style=\\\"font-family: arial,helvetica,sans-serif; font-size: 10pt;\\\"><code><span style=\\\"background-color: #ffffff; color: #000000;\\\"><span style=\\\"background-color: #ffffff; color: #000000;\\\">{plotalot id=\\\"31\\\" P2=\\\"_MOPAcode\\\"}<\\/span><\\/span><\\/code><\\/span><span style=\\\"font-family: arial,helvetica,sans-serif; font-size: 10pt;\\\"><code><span style=\\\"background-color: #ffffff; color: #000000;\\\"><span style=\\\"background-color: #ffffff; color: #000000;\\\"><\\/span><\\/span><\\/code><\\/span><\\/td>\\r\\n<\\/tr>\\r\\n<\\/tbody>\\r\\n<\\/table>\\r\\n<p style=\\\"text-align: center;\\\">{plotalot id=\\\"32\\\" P1=\\\"_MOScode\\\" P2=\\\"_MOPAcode\\\" error_txt=\\\"\\u041a \\u0441\\u043e\\u0436\\u0430\\u043b\\u0435\\u043d\\u0438\\u044e, \\u043d\\u0435\\u0442 \\u0434\\u043e\\u0441\\u0442\\u0443\\u043f\\u043d\\u044b\\u0445 \\u0434\\u0430\\u043d\\u043d\\u044b\\u0445 \\u043f\\u043e \\u044d\\u0442\\u043e\\u0439 \\u0441\\u0442\\u0430\\u043d\\u0446\\u0438\\u0438 \\u0434\\u043b\\u044f \\u044d\\u0442\\u043e\\u0433\\u043e \\u043f\\u0430\\u0440\\u0430\\u043c\\u0435\\u0442\\u0440\\u0430\\\" }<span><span style=\\\"color: #ffffff;\\\">({plotalot id=\\\"20\\\" P1=\\\"_MOScode\\\"})<\\/span><\\/span><\\/p>\\r\\n<p style=\\\"text-align: left;\\\"><a href=\\\"index.php\\/ru\\/?option=com_fabrik&amp;view=form&amp;formid=24&amp;QTDSWMOScode={plotalot id=\\\">\\u0413\\u0440\\u0430\\u0444\\u0438\\u043a \\u0434\\u043b\\u044f \\u0434\\u0440\\u0443\\u0433\\u0438\\u0445 \\u043f\\u0430\\u0440\\u0430\\u043c\\u0435\\u0442\\u0440\\u043e\\u0432 \\u0432 \\u044d\\u0442\\u043e\\u0439 \\u0442\\u043e\\u0447\\u043a\\u0435<\\/a><\\/p>\\r\\n<p style=\\\"text-align: left;\\\"><span style=\\\"text-decoration: underline;\\\"><a href=\\\"http:\\/\\/37.187.128.205\\/cawis\\/index.php\\/ru\\/pl02-1y?MOScode={plotalot id=\\\" id=\\\"139\\\">\\u0413\\u0440\\u0430\\u0444\\u0438\\u043a \\u0437\\u0430 \\u043f\\u043e\\u0441\\u043b\\u0435\\u0434\\u043d\\u0438\\u0439 \\u0433\\u043e\\u0434<\\/a><\\/span><\\/p>\",\"fulltext\":\"\",\"state\":1,\"catid\":\"2\",\"created\":\"2021-09-28 12:55:20\",\"created_by\":\"925\",\"created_by_alias\":\"\",\"modified\":\"2021-09-29 06:39:24\",\"modified_by\":\"925\",\"checked_out\":\"0\",\"checked_out_time\":\"0000-00-00 00:00:00\",\"publish_up\":\"2021-09-28 12:54:48\",\"publish_down\":\"0000-00-00 00:00:00\",\"images\":\"{\\\"image_intro\\\":\\\"\\\",\\\"float_intro\\\":\\\"\\\",\\\"image_intro_alt\\\":\\\"\\\",\\\"image_intro_caption\\\":\\\"\\\",\\\"image_fulltext\\\":\\\"\\\",\\\"float_fulltext\\\":\\\"\\\",\\\"image_fulltext_alt\\\":\\\"\\\",\\\"image_fulltext_caption\\\":\\\"\\\"}\",\"urls\":\"{\\\"urla\\\":false,\\\"urlatext\\\":\\\"\\\",\\\"targeta\\\":\\\"\\\",\\\"urlb\\\":false,\\\"urlbtext\\\":\\\"\\\",\\\"targetb\\\":\\\"\\\",\\\"urlc\\\":false,\\\"urlctext\\\":\\\"\\\",\\\"targetc\\\":\\\"\\\"}\",\"attribs\":\"{\\\"article_layout\\\":\\\"\\\",\\\"show_title\\\":\\\"\\\",\\\"link_titles\\\":\\\"\\\",\\\"show_tags\\\":\\\"\\\",\\\"show_intro\\\":\\\"\\\",\\\"info_block_position\\\":\\\"\\\",\\\"info_block_show_title\\\":\\\"\\\",\\\"show_category\\\":\\\"\\\",\\\"link_category\\\":\\\"\\\",\\\"show_parent_category\\\":\\\"\\\",\\\"link_parent_category\\\":\\\"\\\",\\\"show_associations\\\":\\\"\\\",\\\"show_author\\\":\\\"\\\",\\\"link_author\\\":\\\"\\\",\\\"show_create_date\\\":\\\"\\\",\\\"show_modify_date\\\":\\\"\\\",\\\"show_publish_date\\\":\\\"\\\",\\\"show_item_navigation\\\":\\\"\\\",\\\"show_icons\\\":\\\"\\\",\\\"show_print_icon\\\":\\\"\\\",\\\"show_email_icon\\\":\\\"\\\",\\\"show_vote\\\":\\\"\\\",\\\"show_hits\\\":\\\"\\\",\\\"show_noauth\\\":\\\"\\\",\\\"urls_position\\\":\\\"\\\",\\\"alternative_readmore\\\":\\\"\\\",\\\"article_page_title\\\":\\\"\\\",\\\"show_publishing_options\\\":\\\"\\\",\\\"show_article_options\\\":\\\"\\\",\\\"show_urls_images_backend\\\":\\\"\\\",\\\"show_urls_images_frontend\\\":\\\"\\\"}\",\"version\":5,\"ordering\":\"0\",\"metakey\":\"\",\"metadesc\":\"\",\"access\":\"1\",\"hits\":\"8\",\"metadata\":\"{\\\"robots\\\":\\\"\\\",\\\"author\\\":\\\"\\\",\\\"rights\\\":\\\"\\\",\\\"xreference\\\":\\\"\\\"}\",\"featured\":\"0\",\"language\":\"*\",\"xreference\":\"\",\"note\":\"\"}', 0),
(23, 'com_content.article.8', '', '2021-09-29 07:10:15', 925, 8079, '88c3275b41362819a44b6c8df54a0cafe629a53c', '{\"id\":8,\"asset_id\":\"178\",\"title\":\"pl02_30d\",\"alias\":\"pl02-30d\",\"introtext\":\"<h3 style=\\\"text-align: left;\\\"><strong>\\u0413\\u0440\\u0430\\u0444\\u0438\\u043a \\u0441 \\u0434\\u043e\\u0441\\u0442\\u0443\\u043f\\u043d\\u044b\\u043c\\u0438 &nbsp;\\u0434\\u0430\\u043d\\u043d\\u044b\\u043c\\u0438&nbsp;\\u0437\\u0430 \\u043f\\u043e\\u0441\\u043b\\u0435\\u0434\\u043d\\u0438\\u0435 30 \\u0434\\u043d\\u0435\\u0439<\\/strong><strong><br \\/><\\/strong><\\/h3>\\r\\n\",\"fulltext\":\"\\r\\n<table style=\\\"border: 1px solid #000000; width: 800px; height: 164px;\\\" align=\\\"left\\\">\\r\\n<tbody>\\r\\n<tr>\\r\\n<td style=\\\"background-color: #b3b3b3; border: 1px solid #000000;\\\"><span style=\\\"font-size: 10pt;\\\"><strong><code><strong><code><strong><code>\\u041a\\u043e\\u0434 \\u0441\\u0442\\u0430\\u043d\\u0446\\u0438\\u0438<\\/code><\\/strong><\\/code><\\/strong><\\/code><\\/strong><\\/span><\\/td>\\r\\n<td colspan=\\\"2\\\" style=\\\"border: 1px solid #000000;\\\"><span style=\\\"font-size: 10pt;\\\"><code><span style=\\\"background-color: #ffffff; color: #000000;\\\">{plotalot id=\\\"26\\\" P1=\\\"_MOScode\\\"}<\\/span><\\/code><\\/span><\\/td>\\r\\n<\\/tr>\\r\\n<tr>\\r\\n<td style=\\\"background-color: #b3b3b3; border: 1px solid #000000;\\\"><span style=\\\"font-size: 10pt;\\\"><strong><code><strong><code>\\u041d\\u0430\\u0438\\u043c\\u0435\\u043d\\u043e\\u0432\\u0430\\u043d\\u0438\\u0435 \\u0441\\u0442\\u0430\\u043d\\u0446\\u0438\\u0438<\\/code><\\/strong><\\/code><\\/strong><\\/span><\\/td>\\r\\n<td style=\\\"border: 1px solid #000000;\\\"><span style=\\\"font-family: arial,helvetica,sans-serif; font-size: 10pt;\\\"><code><span style=\\\"background-color: #ffffff; color: #000000;\\\"><span style=\\\"background-color: #ffffff; color: #000000;\\\">{plotalot id=\\\"27\\\" P1=\\\"_MOScode\\\" error_txt=\\\"<code><code><code>\\u041a \\u0441\\u043e\\u0436\\u0430\\u043b\\u0435\\u043d\\u0438\\u044e, \\u043d\\u0435\\u0442 \\u0434\\u0430\\u043d\\u043d\\u044b\\u0445<\\/code><\\/code><\\/code>\\\"}<\\/span><\\/span><\\/code><\\/span><\\/td>\\r\\n<td style=\\\"border: 1px solid #000000;\\\"><span style=\\\"font-family: arial,helvetica,sans-serif; font-size: 10pt;\\\"><code><span style=\\\"background-color: #ffffff; color: #000000;\\\"><span style=\\\"background-color: #ffffff; color: #000000;\\\"><span style=\\\"font-family: arial,helvetica,sans-serif; font-size: 10pt;\\\"><code><span style=\\\"background-color: #ffffff; color: #000000;\\\"><span style=\\\"background-color: #ffffff; color: #000000;\\\">{plotalot id=\\\"28\\\" P1=\\\"_MOScode\\\" error_txt=\\\"<code><code><code>\\u041a \\u0441\\u043e\\u0436\\u0430\\u043b\\u0435\\u043d\\u0438\\u044e, \\u043d\\u0435\\u0442 \\u0434\\u0430\\u043d\\u043d\\u044b\\u0445<\\/code><\\/code><\\/code>\\\"}<\\/span><\\/span><\\/code><\\/span><\\/span><\\/span><\\/code><\\/span><\\/td>\\r\\n<\\/tr>\\r\\n<tr>\\r\\n<td style=\\\"background-color: #b3b3b3; border: 1px solid #000000;\\\"><span style=\\\"font-size: 10pt;\\\"><strong><code><strong><code>\\u041d\\u0430\\u0438\\u043c\\u0435\\u043d\\u043e\\u0432\\u0430\\u043d\\u0438\\u0435 \\u043f\\u0430\\u0440\\u0430\\u043c\\u0435\\u0442\\u0440\\u0430<\\/code><\\/strong><\\/code><\\/strong><\\/span><\\/td>\\r\\n<td style=\\\"border: 1px solid #000000;\\\"><span style=\\\"font-family: arial,helvetica,sans-serif; font-size: 10pt;\\\"><code><span style=\\\"background-color: #ffffff; color: #000000;\\\"><span style=\\\"background-color: #ffffff; color: #000000;\\\">{plotalot id=\\\"29\\\" P2=\\\"_MOPAcode\\\" error_txt=\\\"<code><code><code>\\u041a \\u0441\\u043e\\u0436\\u0430\\u043b\\u0435\\u043d\\u0438\\u044e, \\u043d\\u0435\\u0442 \\u0434\\u0430\\u043d\\u043d\\u044b\\u0445<\\/code><\\/code><\\/code>\\\"}<\\/span><\\/span><\\/code><\\/span><\\/td>\\r\\n<td style=\\\"border: 1px solid #000000;\\\"><span style=\\\"font-family: arial,helvetica,sans-serif; font-size: 10pt;\\\"><code><span style=\\\"background-color: #ffffff; color: #000000;\\\"><span style=\\\"background-color: #ffffff; color: #000000;\\\"><span style=\\\"font-family: arial,helvetica,sans-serif; font-size: 10pt;\\\"><code><span style=\\\"background-color: #ffffff; color: #000000;\\\"><span style=\\\"background-color: #ffffff; color: #000000;\\\">{plotalot id=\\\"30\\\"<span style=\\\"background-color: #ffffff; color: #000000;\\\">&nbsp;P2=\\\"_MOPAcode\\\" error_txt=\\\"<code><code><code>\\u041a \\u0441\\u043e\\u0436\\u0430\\u043b\\u0435\\u043d\\u0438\\u044e, \\u043d\\u0435\\u0442 \\u0434\\u0430\\u043d\\u043d\\u044b\\u0445<\\/code><\\/code><\\/code>\\\"<\\/span>}<\\/span><\\/span><\\/code><\\/span><\\/span><\\/span><\\/code><\\/span><\\/td>\\r\\n<\\/tr>\\r\\n<tr>\\r\\n<td style=\\\"background-color: #b3b3b3; border: 1px solid #000000;\\\"><span style=\\\"font-size: 10pt;\\\"><strong><span style=\\\"font-family: arial,helvetica,sans-serif;\\\"><code><strong><code>\\u0415\\u0434\\u0438\\u043d\\u0438\\u0446\\u0430 \\u0438\\u0437\\u043c\\u0435\\u0440\\u0435\\u043d\\u0438\\u044f<\\/code><\\/strong><\\/code><\\/span><\\/strong><\\/span><\\/td>\\r\\n<td colspan=\\\"2\\\" style=\\\"border: 1px solid #000000;\\\"><span style=\\\"font-family: arial,helvetica,sans-serif; font-size: 10pt;\\\"><code><span style=\\\"background-color: #ffffff; color: #000000;\\\"><span style=\\\"background-color: #ffffff; color: #000000;\\\">{plotalot id=\\\"31\\\" P2=\\\"_MOPAcode\\\"}<\\/span><\\/span><\\/code><\\/span><span style=\\\"font-family: arial,helvetica,sans-serif; font-size: 10pt;\\\"><code><span style=\\\"background-color: #ffffff; color: #000000;\\\"><span style=\\\"background-color: #ffffff; color: #000000;\\\"><\\/span><\\/span><\\/code><\\/span><\\/td>\\r\\n<\\/tr>\\r\\n<\\/tbody>\\r\\n<\\/table>\\r\\n<p style=\\\"text-align: center;\\\">{plotalot id=\\\"32\\\" P1=\\\"_MOScode\\\" P2=\\\"_MOPAcode\\\" error_txt=\\\"\\u041a \\u0441\\u043e\\u0436\\u0430\\u043b\\u0435\\u043d\\u0438\\u044e, \\u043d\\u0435\\u0442 \\u0434\\u043e\\u0441\\u0442\\u0443\\u043f\\u043d\\u044b\\u0445 \\u0434\\u0430\\u043d\\u043d\\u044b\\u0445 \\u043f\\u043e \\u044d\\u0442\\u043e\\u0439 \\u0441\\u0442\\u0430\\u043d\\u0446\\u0438\\u0438 \\u0434\\u043b\\u044f \\u044d\\u0442\\u043e\\u0433\\u043e \\u043f\\u0430\\u0440\\u0430\\u043c\\u0435\\u0442\\u0440\\u0430\\\" }<span><span style=\\\"color: #ffffff;\\\">({plotalot id=\\\"26\\\" P1=\\\"_MOScode\\\"})<\\/span><\\/span><\\/p>\\r\\n<p style=\\\"text-align: left;\\\"><a href=\\\"index.php\\/ru\\/?option=com_fabrik&amp;view=form&amp;formid=24&amp;QTDSWMOScode={plotalot id=\\\">\\u0413\\u0440\\u0430\\u0444\\u0438\\u043a \\u0434\\u043b\\u044f \\u0434\\u0440\\u0443\\u0433\\u0438\\u0445 \\u043f\\u0430\\u0440\\u0430\\u043c\\u0435\\u0442\\u0440\\u043e\\u0432 \\u0432 \\u044d\\u0442\\u043e\\u0439 \\u0442\\u043e\\u0447\\u043a\\u0435<\\/a><\\/p>\\r\\n<p style=\\\"text-align: left;\\\"><span style=\\\"text-decoration: underline;\\\"><a href=\\\"http:\\/\\/www.aquacoope.org\\/cawis\\/index.php\\/ru\\/pl02-1y?MOScode={plotalot id=\\\" id=\\\"139\\\">\\u0413\\u0440\\u0430\\u0444\\u0438\\u043a \\u0437\\u0430 \\u043f\\u043e\\u0441\\u043b\\u0435\\u0434\\u043d\\u0438\\u0439 \\u0433\\u043e\\u0434<\\/a><\\/span><\\/p>\",\"state\":1,\"catid\":\"2\",\"created\":\"2021-09-28 12:55:20\",\"created_by\":\"925\",\"created_by_alias\":\"\",\"modified\":\"2021-09-29 07:10:15\",\"modified_by\":\"925\",\"checked_out\":\"925\",\"checked_out_time\":\"2021-09-29 06:39:53\",\"publish_up\":\"2021-09-28 12:54:48\",\"publish_down\":\"0000-00-00 00:00:00\",\"images\":\"{\\\"image_intro\\\":\\\"\\\",\\\"float_intro\\\":\\\"\\\",\\\"image_intro_alt\\\":\\\"\\\",\\\"image_intro_caption\\\":\\\"\\\",\\\"image_fulltext\\\":\\\"\\\",\\\"float_fulltext\\\":\\\"\\\",\\\"image_fulltext_alt\\\":\\\"\\\",\\\"image_fulltext_caption\\\":\\\"\\\"}\",\"urls\":\"{\\\"urla\\\":false,\\\"urlatext\\\":\\\"\\\",\\\"targeta\\\":\\\"\\\",\\\"urlb\\\":false,\\\"urlbtext\\\":\\\"\\\",\\\"targetb\\\":\\\"\\\",\\\"urlc\\\":false,\\\"urlctext\\\":\\\"\\\",\\\"targetc\\\":\\\"\\\"}\",\"attribs\":\"{\\\"article_layout\\\":\\\"\\\",\\\"show_title\\\":\\\"\\\",\\\"link_titles\\\":\\\"\\\",\\\"show_tags\\\":\\\"\\\",\\\"show_intro\\\":\\\"\\\",\\\"info_block_position\\\":\\\"\\\",\\\"info_block_show_title\\\":\\\"\\\",\\\"show_category\\\":\\\"\\\",\\\"link_category\\\":\\\"\\\",\\\"show_parent_category\\\":\\\"\\\",\\\"link_parent_category\\\":\\\"\\\",\\\"show_associations\\\":\\\"\\\",\\\"show_author\\\":\\\"\\\",\\\"link_author\\\":\\\"\\\",\\\"show_create_date\\\":\\\"\\\",\\\"show_modify_date\\\":\\\"\\\",\\\"show_publish_date\\\":\\\"\\\",\\\"show_item_navigation\\\":\\\"\\\",\\\"show_icons\\\":\\\"\\\",\\\"show_print_icon\\\":\\\"\\\",\\\"show_email_icon\\\":\\\"\\\",\\\"show_vote\\\":\\\"\\\",\\\"show_hits\\\":\\\"\\\",\\\"show_noauth\\\":\\\"\\\",\\\"urls_position\\\":\\\"\\\",\\\"alternative_readmore\\\":\\\"\\\",\\\"article_page_title\\\":\\\"\\\",\\\"show_publishing_options\\\":\\\"\\\",\\\"show_article_options\\\":\\\"\\\",\\\"show_urls_images_backend\\\":\\\"\\\",\\\"show_urls_images_frontend\\\":\\\"\\\"}\",\"version\":6,\"ordering\":\"0\",\"metakey\":\"\",\"metadesc\":\"\",\"access\":\"1\",\"hits\":\"9\",\"metadata\":\"{\\\"robots\\\":\\\"\\\",\\\"author\\\":\\\"\\\",\\\"rights\\\":\\\"\\\",\\\"xreference\\\":\\\"\\\"}\",\"featured\":\"0\",\"language\":\"*\",\"xreference\":\"\",\"note\":\"\"}', 0),
(24, 'com_content.article.8', '', '2021-09-29 07:37:13', 925, 8081, '2ce1e28f99b0602a40543c993eb8283603545f80', '{\"id\":8,\"asset_id\":\"178\",\"title\":\"pl02_30d\",\"alias\":\"pl02-30d\",\"introtext\":\"<h3 style=\\\"text-align: left;\\\"><strong>\\u0413\\u0440\\u0430\\u0444\\u0438\\u043a \\u0441 \\u0434\\u043e\\u0441\\u0442\\u0443\\u043f\\u043d\\u044b\\u043c\\u0438 &nbsp;\\u0434\\u0430\\u043d\\u043d\\u044b\\u043c\\u0438&nbsp;\\u0437\\u0430 \\u043f\\u043e\\u0441\\u043b\\u0435\\u0434\\u043d\\u0438\\u0435 30 \\u0434\\u043d\\u0435\\u0439<\\/strong><strong><br \\/><\\/strong><\\/h3>\\r\\n\",\"fulltext\":\"\\r\\n<table style=\\\"border: 1px solid #000000; width: 800px; height: 164px;\\\" align=\\\"left\\\">\\r\\n<tbody>\\r\\n<tr>\\r\\n<td style=\\\"background-color: #b3b3b3; border: 1px solid #000000;\\\"><span style=\\\"font-size: 10pt;\\\"><strong><code><strong><code><strong><code>\\u041a\\u043e\\u0434 \\u0441\\u0442\\u0430\\u043d\\u0446\\u0438\\u0438<\\/code><\\/strong><\\/code><\\/strong><\\/code><\\/strong><\\/span><\\/td>\\r\\n<td colspan=\\\"2\\\" style=\\\"border: 1px solid #000000;\\\"><span style=\\\"font-size: 10pt;\\\"><code><span style=\\\"background-color: #ffffff; color: #000000;\\\">{plotalot id=\\\"26\\\" P1=\\\"_MOScode\\\"}<\\/span><\\/code><\\/span><\\/td>\\r\\n<\\/tr>\\r\\n<tr>\\r\\n<td style=\\\"background-color: #b3b3b3; border: 1px solid #000000;\\\"><span style=\\\"font-size: 10pt;\\\"><strong><code><strong><code>\\u041d\\u0430\\u0438\\u043c\\u0435\\u043d\\u043e\\u0432\\u0430\\u043d\\u0438\\u0435 \\u0441\\u0442\\u0430\\u043d\\u0446\\u0438\\u0438<\\/code><\\/strong><\\/code><\\/strong><\\/span><\\/td>\\r\\n<td style=\\\"border: 1px solid #000000;\\\"><span style=\\\"font-family: arial,helvetica,sans-serif; font-size: 10pt;\\\"><code><span style=\\\"background-color: #ffffff; color: #000000;\\\"><span style=\\\"background-color: #ffffff; color: #000000;\\\">{plotalot id=\\\"27\\\" P1=\\\"_MOScode\\\" error_txt=\\\"<code><code><code>\\u041a \\u0441\\u043e\\u0436\\u0430\\u043b\\u0435\\u043d\\u0438\\u044e, \\u043d\\u0435\\u0442 \\u0434\\u0430\\u043d\\u043d\\u044b\\u0445<\\/code><\\/code><\\/code>\\\"}<\\/span><\\/span><\\/code><\\/span><\\/td>\\r\\n<td style=\\\"border: 1px solid #000000;\\\"><span style=\\\"font-family: arial,helvetica,sans-serif; font-size: 10pt;\\\"><code><span style=\\\"background-color: #ffffff; color: #000000;\\\"><span style=\\\"background-color: #ffffff; color: #000000;\\\"><span style=\\\"font-family: arial,helvetica,sans-serif; font-size: 10pt;\\\"><code><span style=\\\"background-color: #ffffff; color: #000000;\\\"><span style=\\\"background-color: #ffffff; color: #000000;\\\">{plotalot id=\\\"28\\\" P1=\\\"_MOScode\\\" error_txt=\\\"<code><code><code>\\u041a \\u0441\\u043e\\u0436\\u0430\\u043b\\u0435\\u043d\\u0438\\u044e, \\u043d\\u0435\\u0442 \\u0434\\u0430\\u043d\\u043d\\u044b\\u0445<\\/code><\\/code><\\/code>\\\"}<\\/span><\\/span><\\/code><\\/span><\\/span><\\/span><\\/code><\\/span><\\/td>\\r\\n<\\/tr>\\r\\n<tr>\\r\\n<td style=\\\"background-color: #b3b3b3; border: 1px solid #000000;\\\"><span style=\\\"font-size: 10pt;\\\"><strong><code><strong><code>\\u041d\\u0430\\u0438\\u043c\\u0435\\u043d\\u043e\\u0432\\u0430\\u043d\\u0438\\u0435 \\u043f\\u0430\\u0440\\u0430\\u043c\\u0435\\u0442\\u0440\\u0430<\\/code><\\/strong><\\/code><\\/strong><\\/span><\\/td>\\r\\n<td style=\\\"border: 1px solid #000000;\\\"><span style=\\\"font-family: arial,helvetica,sans-serif; font-size: 10pt;\\\"><code><span style=\\\"background-color: #ffffff; color: #000000;\\\"><span style=\\\"background-color: #ffffff; color: #000000;\\\">{plotalot id=\\\"29\\\" P2=\\\"_MOPAcode\\\" error_txt=\\\"<code><code><code>\\u041a \\u0441\\u043e\\u0436\\u0430\\u043b\\u0435\\u043d\\u0438\\u044e, \\u043d\\u0435\\u0442 \\u0434\\u0430\\u043d\\u043d\\u044b\\u0445<\\/code><\\/code><\\/code>\\\"}<\\/span><\\/span><\\/code><\\/span><\\/td>\\r\\n<td style=\\\"border: 1px solid #000000;\\\"><span style=\\\"font-family: arial,helvetica,sans-serif; font-size: 10pt;\\\"><code><span style=\\\"background-color: #ffffff; color: #000000;\\\"><span style=\\\"background-color: #ffffff; color: #000000;\\\"><span style=\\\"font-family: arial,helvetica,sans-serif; font-size: 10pt;\\\"><code><span style=\\\"background-color: #ffffff; color: #000000;\\\"><span style=\\\"background-color: #ffffff; color: #000000;\\\">{plotalot id=\\\"30\\\"<span style=\\\"background-color: #ffffff; color: #000000;\\\">&nbsp;P2=\\\"_MOPAcode\\\" error_txt=\\\"<code><code><code>\\u041a \\u0441\\u043e\\u0436\\u0430\\u043b\\u0435\\u043d\\u0438\\u044e, \\u043d\\u0435\\u0442 \\u0434\\u0430\\u043d\\u043d\\u044b\\u0445<\\/code><\\/code><\\/code>\\\"<\\/span>}<\\/span><\\/span><\\/code><\\/span><\\/span><\\/span><\\/code><\\/span><\\/td>\\r\\n<\\/tr>\\r\\n<tr>\\r\\n<td style=\\\"background-color: #b3b3b3; border: 1px solid #000000;\\\"><span style=\\\"font-size: 10pt;\\\"><strong><span style=\\\"font-family: arial,helvetica,sans-serif;\\\"><code><strong><code>\\u0415\\u0434\\u0438\\u043d\\u0438\\u0446\\u0430 \\u0438\\u0437\\u043c\\u0435\\u0440\\u0435\\u043d\\u0438\\u044f<\\/code><\\/strong><\\/code><\\/span><\\/strong><\\/span><\\/td>\\r\\n<td colspan=\\\"2\\\" style=\\\"border: 1px solid #000000;\\\"><span style=\\\"font-family: arial,helvetica,sans-serif; font-size: 10pt;\\\"><code><span style=\\\"background-color: #ffffff; color: #000000;\\\"><span style=\\\"background-color: #ffffff; color: #000000;\\\">{plotalot id=\\\"31\\\" P2=\\\"_MOPAcode\\\"}<\\/span><\\/span><\\/code><\\/span><span style=\\\"font-family: arial,helvetica,sans-serif; font-size: 10pt;\\\"><code><span style=\\\"background-color: #ffffff; color: #000000;\\\"><span style=\\\"background-color: #ffffff; color: #000000;\\\"><\\/span><\\/span><\\/code><\\/span><\\/td>\\r\\n<\\/tr>\\r\\n<\\/tbody>\\r\\n<\\/table>\\r\\n<p style=\\\"text-align: center;\\\">{plotalot id=\\\"32\\\" P1=\\\"_MOScode\\\" P2=\\\"_MOPAcode\\\" error_txt=\\\"\\u041a \\u0441\\u043e\\u0436\\u0430\\u043b\\u0435\\u043d\\u0438\\u044e, \\u043d\\u0435\\u0442 \\u0434\\u043e\\u0441\\u0442\\u0443\\u043f\\u043d\\u044b\\u0445 \\u0434\\u0430\\u043d\\u043d\\u044b\\u0445 \\u043f\\u043e \\u044d\\u0442\\u043e\\u0439 \\u0441\\u0442\\u0430\\u043d\\u0446\\u0438\\u0438 \\u0434\\u043b\\u044f \\u044d\\u0442\\u043e\\u0433\\u043e \\u043f\\u0430\\u0440\\u0430\\u043c\\u0435\\u0442\\u0440\\u0430\\\" }<span><span style=\\\"color: #ffffff;\\\">({plotalot id=\\\"26\\\" P1=\\\"_MOScode\\\"})<\\/span><\\/span><\\/p>\\r\\n<p style=\\\"text-align: left;\\\"><a href=\\\"index.php\\/ru\\/?option=com_fabrik&amp;view=form&amp;formid=24&amp;QTDSWMOScode={plotalot id=\\\">\\u0413\\u0440\\u0430\\u0444\\u0438\\u043a \\u0434\\u043b\\u044f \\u0434\\u0440\\u0443\\u0433\\u0438\\u0445 \\u043f\\u0430\\u0440\\u0430\\u043c\\u0435\\u0442\\u0440\\u043e\\u0432 \\u0432 \\u044d\\u0442\\u043e\\u0439 \\u0442\\u043e\\u0447\\u043a\\u0435<\\/a><\\/p>\\r\\n<p style=\\\"text-align: left;\\\"><span style=\\\"text-decoration: underline;\\\"><a href=\\\"http:\\/\\/www.aquacoope.org\\/cawis\\/index.php\\/ru\\/pl02-1y?MOScode={plotalot id=\\\" id=\\\"139\\\">\\u0413\\u0440\\u0430\\u0444\\u0438\\u043a \\u0437\\u0430 \\u043f\\u043e\\u0441\\u043b\\u0435\\u0434\\u043d\\u0438\\u0439 \\u0433\\u043e\\u0434<\\/a><\\/span><\\/p>\",\"state\":1,\"catid\":\"2\",\"created\":\"2021-09-28 12:55:20\",\"created_by\":\"925\",\"created_by_alias\":\"\",\"modified\":\"2021-09-29 07:37:13\",\"modified_by\":\"925\",\"checked_out\":\"925\",\"checked_out_time\":\"2021-09-29 07:36:41\",\"publish_up\":\"2021-09-28 12:54:48\",\"publish_down\":\"0000-00-00 00:00:00\",\"images\":\"{\\\"image_intro\\\":\\\"\\\",\\\"float_intro\\\":\\\"\\\",\\\"image_intro_alt\\\":\\\"\\\",\\\"image_intro_caption\\\":\\\"\\\",\\\"image_fulltext\\\":\\\"\\\",\\\"float_fulltext\\\":\\\"\\\",\\\"image_fulltext_alt\\\":\\\"\\\",\\\"image_fulltext_caption\\\":\\\"\\\"}\",\"urls\":\"{\\\"urla\\\":false,\\\"urlatext\\\":\\\"\\\",\\\"targeta\\\":\\\"\\\",\\\"urlb\\\":false,\\\"urlbtext\\\":\\\"\\\",\\\"targetb\\\":\\\"\\\",\\\"urlc\\\":false,\\\"urlctext\\\":\\\"\\\",\\\"targetc\\\":\\\"\\\"}\",\"attribs\":\"{\\\"article_layout\\\":\\\"\\\",\\\"show_title\\\":\\\"\\\",\\\"link_titles\\\":\\\"\\\",\\\"show_tags\\\":\\\"\\\",\\\"show_intro\\\":\\\"\\\",\\\"info_block_position\\\":\\\"\\\",\\\"info_block_show_title\\\":\\\"\\\",\\\"show_category\\\":\\\"\\\",\\\"link_category\\\":\\\"\\\",\\\"show_parent_category\\\":\\\"\\\",\\\"link_parent_category\\\":\\\"\\\",\\\"show_associations\\\":\\\"\\\",\\\"show_author\\\":\\\"\\\",\\\"link_author\\\":\\\"\\\",\\\"show_create_date\\\":\\\"\\\",\\\"show_modify_date\\\":\\\"\\\",\\\"show_publish_date\\\":\\\"\\\",\\\"show_item_navigation\\\":\\\"\\\",\\\"show_icons\\\":\\\"\\\",\\\"show_print_icon\\\":\\\"0\\\",\\\"show_email_icon\\\":\\\"\\\",\\\"show_vote\\\":\\\"\\\",\\\"show_hits\\\":\\\"\\\",\\\"show_noauth\\\":\\\"\\\",\\\"urls_position\\\":\\\"\\\",\\\"alternative_readmore\\\":\\\"\\\",\\\"article_page_title\\\":\\\"\\\",\\\"show_publishing_options\\\":\\\"\\\",\\\"show_article_options\\\":\\\"\\\",\\\"show_urls_images_backend\\\":\\\"\\\",\\\"show_urls_images_frontend\\\":\\\"\\\"}\",\"version\":8,\"ordering\":\"0\",\"metakey\":\"\",\"metadesc\":\"\",\"access\":\"1\",\"hits\":\"13\",\"metadata\":\"{\\\"robots\\\":\\\"\\\",\\\"author\\\":\\\"\\\",\\\"rights\\\":\\\"\\\",\\\"xreference\\\":\\\"\\\"}\",\"featured\":\"0\",\"language\":\"*\",\"xreference\":\"\",\"note\":\"\"}', 0),
(25, 'com_content.article.8', '', '2021-11-26 10:36:31', 925, 8085, '76b194c8f8938f3e27c03dbcb1abb7ae7e40b9d7', '{\"id\":8,\"asset_id\":\"178\",\"title\":\"pl02_30d\",\"alias\":\"pl02-30d\",\"introtext\":\"<h3 style=\\\"text-align: left;\\\"><strong>\\u0413\\u0440\\u0430\\u0444\\u0438\\u043a \\u0441 \\u0434\\u043e\\u0441\\u0442\\u0443\\u043f\\u043d\\u044b\\u043c\\u0438 &nbsp;\\u0434\\u0430\\u043d\\u043d\\u044b\\u043c\\u0438&nbsp;\\u0437\\u0430 \\u043f\\u043e\\u0441\\u043b\\u0435\\u0434\\u043d\\u0438\\u0435 30 \\u0434\\u043d\\u0435\\u0439<\\/strong><strong><br \\/><\\/strong><\\/h3>\\r\\n\",\"fulltext\":\"\\r\\n<table style=\\\"border: 1px solid #000000; width: 800px; height: 164px;\\\" align=\\\"left\\\">\\r\\n<tbody>\\r\\n<tr>\\r\\n<td style=\\\"background-color: #b3b3b3; border: 1px solid #000000;\\\"><span style=\\\"font-size: 10pt;\\\"><strong><code><strong><code><strong><code>\\u041a\\u043e\\u0434 \\u0441\\u0442\\u0430\\u043d\\u0446\\u0438\\u0438<\\/code><\\/strong><\\/code><\\/strong><\\/code><\\/strong><\\/span><\\/td>\\r\\n<td colspan=\\\"2\\\" style=\\\"border: 1px solid #000000;\\\"><span style=\\\"font-size: 10pt;\\\"><code><span style=\\\"background-color: #ffffff; color: #000000;\\\">{plotalot id=\\\"26\\\" P1=\\\"_MOScode\\\"}<\\/span><\\/code><\\/span><\\/td>\\r\\n<\\/tr>\\r\\n<tr>\\r\\n<td style=\\\"background-color: #b3b3b3; border: 1px solid #000000;\\\"><span style=\\\"font-size: 10pt;\\\"><strong><code><strong><code>\\u041d\\u0430\\u0438\\u043c\\u0435\\u043d\\u043e\\u0432\\u0430\\u043d\\u0438\\u0435 \\u0441\\u0442\\u0430\\u043d\\u0446\\u0438\\u0438<\\/code><\\/strong><\\/code><\\/strong><\\/span><\\/td>\\r\\n<td style=\\\"border: 1px solid #000000;\\\"><span style=\\\"font-family: arial,helvetica,sans-serif; font-size: 10pt;\\\"><code><span style=\\\"background-color: #ffffff; color: #000000;\\\"><span style=\\\"background-color: #ffffff; color: #000000;\\\">{plotalot id=\\\"27\\\" P1=\\\"_MOScode\\\" error_txt=\\\"<code><code><code>\\u041a \\u0441\\u043e\\u0436\\u0430\\u043b\\u0435\\u043d\\u0438\\u044e, \\u043d\\u0435\\u0442 \\u0434\\u0430\\u043d\\u043d\\u044b\\u0445<\\/code><\\/code><\\/code>\\\"}<\\/span><\\/span><\\/code><\\/span><\\/td>\\r\\n<td style=\\\"border: 1px solid #000000;\\\"><span style=\\\"font-family: arial,helvetica,sans-serif; font-size: 10pt;\\\"><code><span style=\\\"background-color: #ffffff; color: #000000;\\\"><span style=\\\"background-color: #ffffff; color: #000000;\\\"><span style=\\\"font-family: arial,helvetica,sans-serif; font-size: 10pt;\\\"><code><span style=\\\"background-color: #ffffff; color: #000000;\\\"><span style=\\\"background-color: #ffffff; color: #000000;\\\">{plotalot id=\\\"28\\\" P1=\\\"_MOScode\\\" error_txt=\\\"<code><code><code>\\u041a \\u0441\\u043e\\u0436\\u0430\\u043b\\u0435\\u043d\\u0438\\u044e, \\u043d\\u0435\\u0442 \\u0434\\u0430\\u043d\\u043d\\u044b\\u0445<\\/code><\\/code><\\/code>\\\"}<\\/span><\\/span><\\/code><\\/span><\\/span><\\/span><\\/code><\\/span><\\/td>\\r\\n<\\/tr>\\r\\n<tr>\\r\\n<td style=\\\"background-color: #b3b3b3; border: 1px solid #000000;\\\"><span style=\\\"font-size: 10pt;\\\"><strong><code><strong><code>\\u041d\\u0430\\u0438\\u043c\\u0435\\u043d\\u043e\\u0432\\u0430\\u043d\\u0438\\u0435 \\u043f\\u0430\\u0440\\u0430\\u043c\\u0435\\u0442\\u0440\\u0430<\\/code><\\/strong><\\/code><\\/strong><\\/span><\\/td>\\r\\n<td style=\\\"border: 1px solid #000000;\\\"><span style=\\\"font-family: arial,helvetica,sans-serif; font-size: 10pt;\\\"><code><span style=\\\"background-color: #ffffff; color: #000000;\\\"><span style=\\\"background-color: #ffffff; color: #000000;\\\">{plotalot id=\\\"29\\\" P2=\\\"_MOPAcode\\\" error_txt=\\\"<code><code><code>\\u041a \\u0441\\u043e\\u0436\\u0430\\u043b\\u0435\\u043d\\u0438\\u044e, \\u043d\\u0435\\u0442 \\u0434\\u0430\\u043d\\u043d\\u044b\\u0445<\\/code><\\/code><\\/code>\\\"}<\\/span><\\/span><\\/code><\\/span><\\/td>\\r\\n<td style=\\\"border: 1px solid #000000;\\\"><span style=\\\"font-family: arial,helvetica,sans-serif; font-size: 10pt;\\\"><code><span style=\\\"background-color: #ffffff; color: #000000;\\\"><span style=\\\"background-color: #ffffff; color: #000000;\\\"><span style=\\\"font-family: arial,helvetica,sans-serif; font-size: 10pt;\\\"><code><span style=\\\"background-color: #ffffff; color: #000000;\\\"><span style=\\\"background-color: #ffffff; color: #000000;\\\">{plotalot id=\\\"30\\\"<span style=\\\"background-color: #ffffff; color: #000000;\\\">&nbsp;P2=\\\"_MOPAcode\\\" error_txt=\\\"<code><code><code>\\u041a \\u0441\\u043e\\u0436\\u0430\\u043b\\u0435\\u043d\\u0438\\u044e, \\u043d\\u0435\\u0442 \\u0434\\u0430\\u043d\\u043d\\u044b\\u0445<\\/code><\\/code><\\/code>\\\"<\\/span>}<\\/span><\\/span><\\/code><\\/span><\\/span><\\/span><\\/code><\\/span><\\/td>\\r\\n<\\/tr>\\r\\n<tr>\\r\\n<td style=\\\"background-color: #b3b3b3; border: 1px solid #000000;\\\"><span style=\\\"font-size: 10pt;\\\"><strong><span style=\\\"font-family: arial,helvetica,sans-serif;\\\"><code><strong><code>\\u0415\\u0434\\u0438\\u043d\\u0438\\u0446\\u0430 \\u0438\\u0437\\u043c\\u0435\\u0440\\u0435\\u043d\\u0438\\u044f<\\/code><\\/strong><\\/code><\\/span><\\/strong><\\/span><\\/td>\\r\\n<td colspan=\\\"2\\\" style=\\\"border: 1px solid #000000;\\\"><span style=\\\"font-family: arial,helvetica,sans-serif; font-size: 10pt;\\\"><code><span style=\\\"background-color: #ffffff; color: #000000;\\\"><span style=\\\"background-color: #ffffff; color: #000000;\\\">{plotalot id=\\\"31\\\" P2=\\\"_MOPAcode\\\"}<\\/span><\\/span><\\/code><\\/span><span style=\\\"font-family: arial,helvetica,sans-serif; font-size: 10pt;\\\"><code><span style=\\\"background-color: #ffffff; color: #000000;\\\"><span style=\\\"background-color: #ffffff; color: #000000;\\\"><\\/span><\\/span><\\/code><\\/span><\\/td>\\r\\n<\\/tr>\\r\\n<\\/tbody>\\r\\n<\\/table>\\r\\n<p style=\\\"text-align: center;\\\">{plotalot id=\\\"32\\\" P1=\\\"_MOScode\\\" P2=\\\"_MOPAcode\\\" error_txt=\\\"\\u041a \\u0441\\u043e\\u0436\\u0430\\u043b\\u0435\\u043d\\u0438\\u044e, \\u043d\\u0435\\u0442 \\u0434\\u043e\\u0441\\u0442\\u0443\\u043f\\u043d\\u044b\\u0445 \\u0434\\u0430\\u043d\\u043d\\u044b\\u0445 \\u043f\\u043e \\u044d\\u0442\\u043e\\u0439 \\u0441\\u0442\\u0430\\u043d\\u0446\\u0438\\u0438 \\u0434\\u043b\\u044f \\u044d\\u0442\\u043e\\u0433\\u043e \\u043f\\u0430\\u0440\\u0430\\u043c\\u0435\\u0442\\u0440\\u0430\\\" }<span><span style=\\\"color: #ffffff;\\\">({plotalot id=\\\"26\\\" P1=\\\"_MOScode\\\"})<\\/span><\\/span><\\/p>\\r\\n<p style=\\\"text-align: left;\\\"><a href=\\\"index.php\\/ru\\/?option=com_fabrik&amp;view=form&amp;formid=24&amp;QTDSWMOScode={plotalot id=\\\">\\u0413\\u0440\\u0430\\u0444\\u0438\\u043a \\u0434\\u043b\\u044f \\u0434\\u0440\\u0443\\u0433\\u0438\\u0445 \\u043f\\u0430\\u0440\\u0430\\u043c\\u0435\\u0442\\u0440\\u043e\\u0432 \\u0432 \\u044d\\u0442\\u043e\\u0439 \\u0442\\u043e\\u0447\\u043a\\u0435<\\/a><\\/p>\\r\\n<p style=\\\"text-align: left;\\\"><span style=\\\"text-decoration: underline;\\\"><a href=\\\"http:\\/\\/www.aquacoope.org\\/cawis\\/index.php\\/ru\\/pl02-1y?MOScode={plotalot id=\\\" id=\\\"139\\\">\\u0413\\u0440\\u0430\\u0444\\u0438\\u043a \\u0437\\u0430 \\u043f\\u043e\\u0441\\u043b\\u0435\\u0434\\u043d\\u0438\\u0439 \\u0433\\u043e\\u0434<\\/a><\\/span><\\/p>\",\"state\":1,\"catid\":\"2\",\"created\":\"2021-09-28 12:55:20\",\"created_by\":\"925\",\"created_by_alias\":\"\",\"modified\":\"2021-11-26 10:36:31\",\"modified_by\":\"925\",\"checked_out\":\"925\",\"checked_out_time\":\"2021-11-26 10:35:58\",\"publish_up\":\"2021-09-28 12:54:48\",\"publish_down\":\"0000-00-00 00:00:00\",\"images\":\"{\\\"image_intro\\\":\\\"\\\",\\\"float_intro\\\":\\\"\\\",\\\"image_intro_alt\\\":\\\"\\\",\\\"image_intro_caption\\\":\\\"\\\",\\\"image_fulltext\\\":\\\"\\\",\\\"float_fulltext\\\":\\\"\\\",\\\"image_fulltext_alt\\\":\\\"\\\",\\\"image_fulltext_caption\\\":\\\"\\\"}\",\"urls\":\"{\\\"urla\\\":false,\\\"urlatext\\\":\\\"\\\",\\\"targeta\\\":\\\"\\\",\\\"urlb\\\":false,\\\"urlbtext\\\":\\\"\\\",\\\"targetb\\\":\\\"\\\",\\\"urlc\\\":false,\\\"urlctext\\\":\\\"\\\",\\\"targetc\\\":\\\"\\\"}\",\"attribs\":\"{\\\"article_layout\\\":\\\"\\\",\\\"show_title\\\":\\\"\\\",\\\"link_titles\\\":\\\"\\\",\\\"show_tags\\\":\\\"\\\",\\\"show_intro\\\":\\\"\\\",\\\"info_block_position\\\":\\\"\\\",\\\"info_block_show_title\\\":\\\"\\\",\\\"show_category\\\":\\\"\\\",\\\"link_category\\\":\\\"\\\",\\\"show_parent_category\\\":\\\"\\\",\\\"link_parent_category\\\":\\\"\\\",\\\"show_associations\\\":\\\"\\\",\\\"show_author\\\":\\\"\\\",\\\"link_author\\\":\\\"\\\",\\\"show_create_date\\\":\\\"\\\",\\\"show_modify_date\\\":\\\"\\\",\\\"show_publish_date\\\":\\\"\\\",\\\"show_item_navigation\\\":\\\"\\\",\\\"show_icons\\\":\\\"\\\",\\\"show_print_icon\\\":\\\"0\\\",\\\"show_email_icon\\\":\\\"\\\",\\\"show_vote\\\":\\\"\\\",\\\"show_hits\\\":\\\"\\\",\\\"show_noauth\\\":\\\"\\\",\\\"urls_position\\\":\\\"\\\",\\\"alternative_readmore\\\":\\\"\\\",\\\"article_page_title\\\":\\\"\\\",\\\"show_publishing_options\\\":\\\"\\\",\\\"show_article_options\\\":\\\"\\\",\\\"show_urls_images_backend\\\":\\\"\\\",\\\"show_urls_images_frontend\\\":\\\"\\\"}\",\"version\":9,\"ordering\":\"0\",\"metakey\":\"\",\"metadesc\":\"\",\"access\":\"1\",\"hits\":\"23\",\"metadata\":\"{\\\"robots\\\":\\\"\\\",\\\"author\\\":\\\"\\\",\\\"rights\\\":\\\"\\\",\\\"xreference\\\":\\\"\\\"}\",\"featured\":\"0\",\"language\":\"ru-RU\",\"xreference\":\"\",\"note\":\"\"}', 0),
(26, 'com_content.article.9', '', '2021-11-26 10:37:53', 925, 6573, '1f79324f2399e863581f9c47b17b9619e1e0f796', '{\"id\":9,\"asset_id\":179,\"title\":\"PL01_30\",\"alias\":\"pl01-30\",\"introtext\":\"<h3 style=\\\"text-align: left;\\\"><strong><span style=\\\"font-size: 18pt;\\\">Graph of the last data made available (last 30 days)<\\/span><\\/strong><\\/h3>\\r\\n<table style=\\\"border: 1px solid #000000; width: 800px; height: 164px;\\\" align=\\\"left\\\">\\r\\n<tbody>\\r\\n<tr>\\r\\n<td style=\\\"background-color: #b3b3b3; border: 1px solid #000000;\\\"><span style=\\\"font-size: 10pt;\\\"><strong><code>Station code<\\/code><\\/strong><\\/span><\\/td>\\r\\n<td colspan=\\\"2\\\" style=\\\"border: 1px solid #000000;\\\">&nbsp;<strong><span style=\\\"font-size: 10pt;\\\"><code><span style=\\\"background-color: #ffffff; color: #000000;\\\">{plotalot id=\\\"43\\\" P1=\\\"_MOScode\\\"}<\\/span><\\/code><\\/span><\\/strong><\\/td>\\r\\n<\\/tr>\\r\\n<tr>\\r\\n<td style=\\\"background-color: #b3b3b3; border: 1px solid #000000;\\\"><span style=\\\"font-size: 10pt;\\\"><strong><code>Station name<\\/code><\\/strong><\\/span><\\/td>\\r\\n<td style=\\\"border: 1px solid #000000;\\\">&nbsp;<span style=\\\"font-family: arial,helvetica,sans-serif; font-size: 10pt;\\\"><code><span style=\\\"background-color: #ffffff; color: #000000;\\\"><span style=\\\"background-color: #ffffff; color: #000000;\\\">{plotalot id=\\\"44\\\" P1=\\\"_MOScode\\\" error_txt=\\\"Sorry there is no data\\\"}<\\/span><\\/span><\\/code><\\/span><\\/td>\\r\\n<td style=\\\"border: 1px solid #000000;\\\"><span style=\\\"font-family: arial,helvetica,sans-serif; font-size: 10pt;\\\"><code><span style=\\\"background-color: #ffffff; color: #000000;\\\"><span style=\\\"background-color: #ffffff; color: #000000;\\\"><span style=\\\"font-family: arial,helvetica,sans-serif; font-size: 10pt;\\\"><code><span style=\\\"background-color: #ffffff; color: #000000;\\\"><span style=\\\"background-color: #ffffff; color: #000000;\\\">{plotalot id=\\\"45\\\" P1=\\\"_MOScode\\\" error_txt=\\\"Sorry there is no data\\\"}<\\/span><\\/span><\\/code><\\/span><\\/span><\\/span><\\/code><\\/span><\\/td>\\r\\n<\\/tr>\\r\\n<tr>\\r\\n<td style=\\\"background-color: #b3b3b3; border: 1px solid #000000;\\\"><span style=\\\"font-size: 10pt;\\\"><strong><code>Parameter name<\\/code><\\/strong><\\/span><\\/td>\\r\\n<td style=\\\"border: 1px solid #000000;\\\"><span style=\\\"font-family: arial,helvetica,sans-serif; font-size: 10pt;\\\"><code><span style=\\\"background-color: #ffffff; color: #000000;\\\"><span style=\\\"background-color: #ffffff; color: #000000;\\\">&nbsp;{plotalot id=\\\"46\\\" P2=\\\"_MOPAcode\\\" error_txt=\\\"Sorry there is no data\\\"}<\\/span><\\/span><\\/code><\\/span><\\/td>\\r\\n<td style=\\\"border: 1px solid #000000;\\\"><span style=\\\"font-family: arial,helvetica,sans-serif; font-size: 10pt;\\\"><code><span style=\\\"background-color: #ffffff; color: #000000;\\\"><span style=\\\"background-color: #ffffff; color: #000000;\\\"><span style=\\\"font-family: arial,helvetica,sans-serif; font-size: 10pt;\\\"><code><span style=\\\"background-color: #ffffff; color: #000000;\\\"><span style=\\\"background-color: #ffffff; color: #000000;\\\">{plotalot id=\\\"48\\\"\\\"<span style=\\\"background-color: #ffffff; color: #000000;\\\"> P2=\\\"_MOPAcode\\\" error_txt=\\\"Sorry there is no&nbsp; data\\\"<\\/span>}<\\/span><\\/span><\\/code><\\/span><\\/span><\\/span><\\/code><\\/span><\\/td>\\r\\n<\\/tr>\\r\\n<tr>\\r\\n<td style=\\\"background-color: #b3b3b3; border: 1px solid #000000;\\\"><span style=\\\"font-size: 10pt;\\\"><strong><span style=\\\"font-family: arial,helvetica,sans-serif;\\\"><code>Unit<\\/code><\\/span><\\/strong><\\/span><\\/td>\\r\\n<td colspan=\\\"2\\\" style=\\\"border: 1px solid #000000;\\\"><span style=\\\"font-family: arial,helvetica,sans-serif; font-size: 10pt;\\\"><code><span style=\\\"background-color: #ffffff; color: #000000;\\\"><span style=\\\"background-color: #ffffff; color: #000000;\\\">{plotalot id=\\\"47\\\" P2=\\\"_MOPAcode\\\"}<\\/span><\\/span><\\/code><\\/span><span style=\\\"font-family: arial,helvetica,sans-serif; font-size: 10pt;\\\"><code><span style=\\\"background-color: #ffffff; color: #000000;\\\"><span style=\\\"background-color: #ffffff; color: #000000;\\\"><\\/span><\\/span><\\/code><\\/span><\\/td>\\r\\n<\\/tr>\\r\\n<\\/tbody>\\r\\n<\\/table>\\r\\n<p style=\\\"text-align: center;\\\"><br \\/>{plotalot id=\\\"49\\\" P1=\\\"_MOScode\\\" P2=\\\"_MOPAcode\\\" error_txt=\\\"Sorry there is no data available at this station for this parameter\\\"}<span style=\\\"color: #ffffff; font-size: 16.016px;\\\">({plotalot id=\\\"139\\\" P2=\\\"_MOPAcode\\\"})<\\/span><\\/p>\\r\\n<p style=\\\"text-align: left;\\\"><a href=\\\"index.php\\/en\\/?option=com_fabrik&amp;view=form&amp;formid=27&amp;QTDSWFMOScode={plotalot id=&quot;20&quot; P1=&quot;_MOScode&quot;}\\\"><span style=\\\"text-decoration: underline;\\\"><span style=\\\"color: #000080; text-decoration: underline;\\\">Graph for the other parameters at this point<\\/span><\\/span><\\/a><\\/p>\\r\\n<p style=\\\"text-align: left;\\\"><span style=\\\"text-decoration: underline;\\\"><span style=\\\"color: #000080; text-decoration: underline;\\\"><a href=\\\"pl01-1y?MOScode={plotalot id=&quot;20&quot; P1=&quot;_MOScode&quot;}&amp;MOPAcode={plotalot id=&quot;139&quot; P2=&quot;_MOPAcode&quot;}\\\">Graph for the last year<\\/a><\\/span><br \\/><\\/span><\\/p>\",\"fulltext\":\"\",\"state\":1,\"catid\":\"2\",\"created\":\"2021-11-26 10:37:53\",\"created_by\":\"925\",\"created_by_alias\":\"\",\"modified\":\"2021-11-26 10:37:53\",\"modified_by\":null,\"checked_out\":null,\"checked_out_time\":null,\"publish_up\":\"2021-11-26 10:37:53\",\"publish_down\":\"0000-00-00 00:00:00\",\"images\":\"{\\\"image_intro\\\":\\\"\\\",\\\"float_intro\\\":\\\"\\\",\\\"image_intro_alt\\\":\\\"\\\",\\\"image_intro_caption\\\":\\\"\\\",\\\"image_fulltext\\\":\\\"\\\",\\\"float_fulltext\\\":\\\"\\\",\\\"image_fulltext_alt\\\":\\\"\\\",\\\"image_fulltext_caption\\\":\\\"\\\"}\",\"urls\":\"{\\\"urla\\\":false,\\\"urlatext\\\":\\\"\\\",\\\"targeta\\\":\\\"\\\",\\\"urlb\\\":false,\\\"urlbtext\\\":\\\"\\\",\\\"targetb\\\":\\\"\\\",\\\"urlc\\\":false,\\\"urlctext\\\":\\\"\\\",\\\"targetc\\\":\\\"\\\"}\",\"attribs\":\"{\\\"article_layout\\\":\\\"\\\",\\\"show_title\\\":\\\"\\\",\\\"link_titles\\\":\\\"\\\",\\\"show_tags\\\":\\\"\\\",\\\"show_intro\\\":\\\"\\\",\\\"info_block_position\\\":\\\"\\\",\\\"info_block_show_title\\\":\\\"\\\",\\\"show_category\\\":\\\"\\\",\\\"link_category\\\":\\\"\\\",\\\"show_parent_category\\\":\\\"\\\",\\\"link_parent_category\\\":\\\"\\\",\\\"show_associations\\\":\\\"\\\",\\\"show_author\\\":\\\"\\\",\\\"link_author\\\":\\\"\\\",\\\"show_create_date\\\":\\\"\\\",\\\"show_modify_date\\\":\\\"\\\",\\\"show_publish_date\\\":\\\"\\\",\\\"show_item_navigation\\\":\\\"\\\",\\\"show_icons\\\":\\\"\\\",\\\"show_print_icon\\\":\\\"\\\",\\\"show_email_icon\\\":\\\"\\\",\\\"show_vote\\\":\\\"\\\",\\\"show_hits\\\":\\\"\\\",\\\"show_noauth\\\":\\\"\\\",\\\"urls_position\\\":\\\"\\\",\\\"alternative_readmore\\\":\\\"\\\",\\\"article_page_title\\\":\\\"\\\",\\\"show_publishing_options\\\":\\\"\\\",\\\"show_article_options\\\":\\\"\\\",\\\"show_urls_images_backend\\\":\\\"\\\",\\\"show_urls_images_frontend\\\":\\\"\\\"}\",\"version\":1,\"ordering\":null,\"metakey\":\"\",\"metadesc\":\"\",\"access\":\"1\",\"hits\":null,\"metadata\":\"{\\\"robots\\\":\\\"\\\",\\\"author\\\":\\\"\\\",\\\"rights\\\":\\\"\\\",\\\"xreference\\\":\\\"\\\"}\",\"featured\":\"0\",\"language\":\"en-GB\",\"xreference\":\"\",\"note\":\"\"}', 0);
INSERT INTO `jgkzw_history` (`version_id`, `item_id`, `version_note`, `save_date`, `editor_user_id`, `character_count`, `sha1_hash`, `version_data`, `keep_forever`) VALUES
(27, 'com_content.article.9', '', '2021-11-26 10:57:40', 925, 6592, '870629f4f4c81340ed9b69ef8a0bc7c3843abcf6', '{\"id\":9,\"asset_id\":\"179\",\"title\":\"PL01_30\",\"alias\":\"pl01-30\",\"introtext\":\"<h3 style=\\\"text-align: left;\\\"><strong><span style=\\\"font-size: 18pt;\\\">Graph of the last data made available (last 30 days)<\\/span><\\/strong><\\/h3>\\r\\n<table style=\\\"border: 1px solid #000000; width: 800px; height: 164px;\\\" align=\\\"left\\\">\\r\\n<tbody>\\r\\n<tr>\\r\\n<td style=\\\"background-color: #b3b3b3; border: 1px solid #000000;\\\"><span style=\\\"font-size: 10pt;\\\"><strong><code>Station code<\\/code><\\/strong><\\/span><\\/td>\\r\\n<td colspan=\\\"2\\\" style=\\\"border: 1px solid #000000;\\\">&nbsp;<strong><span style=\\\"font-size: 10pt;\\\"><code><span style=\\\"background-color: #ffffff; color: #000000;\\\">{plotalot id=\\\"26\\\" P1=\\\"_MOScode\\\"}<\\/span><\\/code><\\/span><\\/strong><\\/td>\\r\\n<\\/tr>\\r\\n<tr>\\r\\n<td style=\\\"background-color: #b3b3b3; border: 1px solid #000000;\\\"><span style=\\\"font-size: 10pt;\\\"><strong><code>Station name<\\/code><\\/strong><\\/span><\\/td>\\r\\n<td style=\\\"border: 1px solid #000000;\\\">&nbsp;<span style=\\\"font-family: arial,helvetica,sans-serif; font-size: 10pt;\\\"><code><span style=\\\"background-color: #ffffff; color: #000000;\\\"><span style=\\\"background-color: #ffffff; color: #000000;\\\">{plotalot id=\\\"27\\\" P1=\\\"_MOScode\\\" error_txt=\\\"Sorry there is no data\\\"}<\\/span><\\/span><\\/code><\\/span><\\/td>\\r\\n<td style=\\\"border: 1px solid #000000;\\\"><span style=\\\"font-family: arial,helvetica,sans-serif; font-size: 10pt;\\\"><code><span style=\\\"background-color: #ffffff; color: #000000;\\\"><span style=\\\"background-color: #ffffff; color: #000000;\\\"><span style=\\\"font-family: arial,helvetica,sans-serif; font-size: 10pt;\\\"><code><span style=\\\"background-color: #ffffff; color: #000000;\\\"><span style=\\\"background-color: #ffffff; color: #000000;\\\">{plotalot id=\\\"28\\\" P1=\\\"_MOScode\\\" error_txt=\\\"Sorry there is no data\\\"}<\\/span><\\/span><\\/code><\\/span><\\/span><\\/span><\\/code><\\/span><\\/td>\\r\\n<\\/tr>\\r\\n<tr>\\r\\n<td style=\\\"background-color: #b3b3b3; border: 1px solid #000000;\\\"><span style=\\\"font-size: 10pt;\\\"><strong><code>Parameter name<\\/code><\\/strong><\\/span><\\/td>\\r\\n<td style=\\\"border: 1px solid #000000;\\\"><span style=\\\"font-family: arial,helvetica,sans-serif; font-size: 10pt;\\\"><code><span style=\\\"background-color: #ffffff; color: #000000;\\\"><span style=\\\"background-color: #ffffff; color: #000000;\\\">&nbsp;{plotalot id=\\\"29\\\" P2=\\\"_MOPAcode\\\" error_txt=\\\"Sorry there is no data\\\"}<\\/span><\\/span><\\/code><\\/span><\\/td>\\r\\n<td style=\\\"border: 1px solid #000000;\\\"><span style=\\\"font-family: arial,helvetica,sans-serif; font-size: 10pt;\\\"><code><span style=\\\"background-color: #ffffff; color: #000000;\\\"><span style=\\\"background-color: #ffffff; color: #000000;\\\"><span style=\\\"font-family: arial,helvetica,sans-serif; font-size: 10pt;\\\"><code><span style=\\\"background-color: #ffffff; color: #000000;\\\"><span style=\\\"background-color: #ffffff; color: #000000;\\\">{plotalot id=\\\"30\\\"\\\"<span style=\\\"background-color: #ffffff; color: #000000;\\\"> P2=\\\"_MOPAcode\\\" error_txt=\\\"Sorry there is no&nbsp; data\\\"<\\/span>}<\\/span><\\/span><\\/code><\\/span><\\/span><\\/span><\\/code><\\/span><\\/td>\\r\\n<\\/tr>\\r\\n<tr>\\r\\n<td style=\\\"background-color: #b3b3b3; border: 1px solid #000000;\\\"><span style=\\\"font-size: 10pt;\\\"><strong><span style=\\\"font-family: arial,helvetica,sans-serif;\\\"><code>Unit<\\/code><\\/span><\\/strong><\\/span><\\/td>\\r\\n<td colspan=\\\"2\\\" style=\\\"border: 1px solid #000000;\\\"><span style=\\\"font-family: arial,helvetica,sans-serif; font-size: 10pt;\\\"><code><span style=\\\"background-color: #ffffff; color: #000000;\\\"><span style=\\\"background-color: #ffffff; color: #000000;\\\">{plotalot id=\\\"31\\\" P2=\\\"_MOPAcode\\\"}<\\/span><\\/span><\\/code><\\/span><span style=\\\"font-family: arial,helvetica,sans-serif; font-size: 10pt;\\\"><code><span style=\\\"background-color: #ffffff; color: #000000;\\\"><span style=\\\"background-color: #ffffff; color: #000000;\\\"><\\/span><\\/span><\\/code><\\/span><\\/td>\\r\\n<\\/tr>\\r\\n<\\/tbody>\\r\\n<\\/table>\\r\\n<p style=\\\"text-align: center;\\\"><br \\/>{plotalot id=\\\"32\\\" P1=\\\"_MOScode\\\" P2=\\\"_MOPAcode\\\" error_txt=\\\"Sorry there is no data available at this station for this parameter\\\"}<span style=\\\"color: #ffffff; font-size: 16.016px;\\\">({plotalot id=\\\"139\\\" P2=\\\"_MOPAcode\\\"})<\\/span><\\/p>\\r\\n<p style=\\\"text-align: left;\\\"><a href=\\\"index.php\\/en\\/?option=com_fabrik&amp;view=form&amp;formid=27&amp;QTDSWFMOScode={plotalot id=&quot;20&quot; P1=&quot;_MOScode&quot;}\\\"><span style=\\\"text-decoration: underline;\\\"><span style=\\\"color: #000080; text-decoration: underline;\\\">Graph for the other parameters at this point<\\/span><\\/span><\\/a><\\/p>\\r\\n<p style=\\\"text-align: left;\\\"><span style=\\\"text-decoration: underline;\\\"><span style=\\\"color: #000080; text-decoration: underline;\\\"><a href=\\\"pl01-1y?MOScode={plotalot id=&quot;20&quot; P1=&quot;_MOScode&quot;}&amp;MOPAcode={plotalot id=&quot;139&quot; P2=&quot;_MOPAcode&quot;}\\\">Graph for the last year<\\/a><\\/span><br \\/><\\/span><\\/p>\",\"fulltext\":\"\",\"state\":1,\"catid\":\"2\",\"created\":\"2021-11-26 10:37:53\",\"created_by\":\"925\",\"created_by_alias\":\"\",\"modified\":\"2021-11-26 10:57:40\",\"modified_by\":\"925\",\"checked_out\":\"925\",\"checked_out_time\":\"2021-11-26 10:56:18\",\"publish_up\":\"2021-11-26 10:37:53\",\"publish_down\":\"0000-00-00 00:00:00\",\"images\":\"{\\\"image_intro\\\":\\\"\\\",\\\"float_intro\\\":\\\"\\\",\\\"image_intro_alt\\\":\\\"\\\",\\\"image_intro_caption\\\":\\\"\\\",\\\"image_fulltext\\\":\\\"\\\",\\\"float_fulltext\\\":\\\"\\\",\\\"image_fulltext_alt\\\":\\\"\\\",\\\"image_fulltext_caption\\\":\\\"\\\"}\",\"urls\":\"{\\\"urla\\\":false,\\\"urlatext\\\":\\\"\\\",\\\"targeta\\\":\\\"\\\",\\\"urlb\\\":false,\\\"urlbtext\\\":\\\"\\\",\\\"targetb\\\":\\\"\\\",\\\"urlc\\\":false,\\\"urlctext\\\":\\\"\\\",\\\"targetc\\\":\\\"\\\"}\",\"attribs\":\"{\\\"article_layout\\\":\\\"\\\",\\\"show_title\\\":\\\"\\\",\\\"link_titles\\\":\\\"\\\",\\\"show_tags\\\":\\\"\\\",\\\"show_intro\\\":\\\"\\\",\\\"info_block_position\\\":\\\"\\\",\\\"info_block_show_title\\\":\\\"\\\",\\\"show_category\\\":\\\"\\\",\\\"link_category\\\":\\\"\\\",\\\"show_parent_category\\\":\\\"\\\",\\\"link_parent_category\\\":\\\"\\\",\\\"show_associations\\\":\\\"\\\",\\\"show_author\\\":\\\"\\\",\\\"link_author\\\":\\\"\\\",\\\"show_create_date\\\":\\\"\\\",\\\"show_modify_date\\\":\\\"\\\",\\\"show_publish_date\\\":\\\"\\\",\\\"show_item_navigation\\\":\\\"\\\",\\\"show_icons\\\":\\\"\\\",\\\"show_print_icon\\\":\\\"\\\",\\\"show_email_icon\\\":\\\"\\\",\\\"show_vote\\\":\\\"\\\",\\\"show_hits\\\":\\\"\\\",\\\"show_noauth\\\":\\\"\\\",\\\"urls_position\\\":\\\"\\\",\\\"alternative_readmore\\\":\\\"\\\",\\\"article_page_title\\\":\\\"\\\",\\\"show_publishing_options\\\":\\\"\\\",\\\"show_article_options\\\":\\\"\\\",\\\"show_urls_images_backend\\\":\\\"\\\",\\\"show_urls_images_frontend\\\":\\\"\\\"}\",\"version\":2,\"ordering\":\"0\",\"metakey\":\"\",\"metadesc\":\"\",\"access\":\"1\",\"hits\":\"0\",\"metadata\":\"{\\\"robots\\\":\\\"\\\",\\\"author\\\":\\\"\\\",\\\"rights\\\":\\\"\\\",\\\"xreference\\\":\\\"\\\"}\",\"featured\":\"0\",\"language\":\"en-GB\",\"xreference\":\"\",\"note\":\"\"}', 0);

-- --------------------------------------------------------

--
-- Structure de la table `jgkzw_languages`
--

CREATE TABLE `jgkzw_languages` (
  `lang_id` int(11) UNSIGNED NOT NULL,
  `asset_id` int(10) UNSIGNED NOT NULL DEFAULT 0,
  `lang_code` char(7) CHARACTER SET utf8mb4 COLLATE utf8mb4_bin NOT NULL,
  `title` varchar(50) NOT NULL,
  `title_native` varchar(50) NOT NULL,
  `sef` varchar(50) NOT NULL,
  `image` varchar(50) NOT NULL,
  `description` varchar(512) NOT NULL,
  `metakey` text DEFAULT NULL,
  `metadesc` text NOT NULL,
  `sitename` varchar(1024) NOT NULL DEFAULT '',
  `published` int(11) NOT NULL DEFAULT 0,
  `access` int(10) UNSIGNED NOT NULL DEFAULT 0,
  `ordering` int(11) NOT NULL DEFAULT 0
) ENGINE=InnoDB DEFAULT CHARSET=utf8mb4 COLLATE=utf8mb4_unicode_ci;

--
-- Déchargement des données de la table `jgkzw_languages`
--

INSERT INTO `jgkzw_languages` (`lang_id`, `asset_id`, `lang_code`, `title`, `title_native`, `sef`, `image`, `description`, `metakey`, `metadesc`, `sitename`, `published`, `access`, `ordering`) VALUES
(1, 159, 'en-GB', 'English (en-GB)', 'English (United Kingdom)', 'en', 'en_gb', '', '', '', '', 1, 1, 1),
(2, 160, 'fr-FR', 'Français (fr-FR)', 'Français (France)', 'fr', 'fr_fr', '', '', '', '', 0, 1, 3),
(3, 60, 'pt-PT', 'Português de Portugal (pt-PT)', 'Português (pt-PT)', 'pt', 'pt_pt', '', '', '', '', -2, 1, 5),
(4, 61, 'ru-RU', 'Русский (Россия)', 'Russian (Russia)', 'ru', 'ru_ru', '', '', '', '', 1, 1, 2),
(5, 62, 'es-ES', 'Spanish (español)', 'Español (España)', 'es', 'es_es', '', '', '', '', -2, 1, 4);

-- --------------------------------------------------------

--
-- Structure de la table `jgkzw_mail_templates`
--

CREATE TABLE `jgkzw_mail_templates` (
  `template_id` varchar(127) NOT NULL DEFAULT '',
  `extension` varchar(127) NOT NULL DEFAULT '',
  `language` char(7) NOT NULL DEFAULT '',
  `subject` varchar(255) NOT NULL DEFAULT '',
  `body` text NOT NULL,
  `htmlbody` mediumtext NOT NULL,
  `attachments` text NOT NULL,
  `params` text NOT NULL
) ENGINE=InnoDB DEFAULT CHARSET=utf8mb4 COLLATE=utf8mb4_unicode_ci;

--
-- Déchargement des données de la table `jgkzw_mail_templates`
--

INSERT INTO `jgkzw_mail_templates` (`template_id`, `extension`, `language`, `subject`, `body`, `htmlbody`, `attachments`, `params`) VALUES
('com_actionlogs.notification', 'com_actionlogs', '', 'COM_ACTIONLOGS_EMAIL_SUBJECT', 'COM_ACTIONLOGS_EMAIL_BODY', 'COM_ACTIONLOGS_EMAIL_HTMLBODY', '', '{\"tags\":[\"message\",\"date\",\"extension\",\"username\"]}'),
('com_config.test_mail', 'com_config', '', 'COM_CONFIG_SENDMAIL_SUBJECT', 'COM_CONFIG_SENDMAIL_BODY', '', '', '{\"tags\":[\"sitename\",\"method\"]}'),
('com_contact.mail', 'com_contact', '', 'COM_CONTACT_ENQUIRY_SUBJECT', 'COM_CONTACT_ENQUIRY_TEXT', '', '', '{\"tags\":[\"sitename\",\"name\",\"email\",\"subject\",\"body\",\"url\",\"customfields\"]}'),
('com_contact.mail.copy', 'com_contact', '', 'COM_CONTACT_COPYSUBJECT_OF', 'COM_CONTACT_COPYTEXT_OF', '', '', '{\"tags\":[\"sitename\",\"name\",\"email\",\"subject\",\"body\",\"url\",\"customfields\",\"contactname\"]}'),
('com_messages.new_message', 'com_messages', '', 'COM_MESSAGES_NEW_MESSAGE', 'COM_MESSAGES_NEW_MESSAGE_BODY', '', '', '{\"tags\":[\"subject\",\"message\",\"fromname\",\"sitename\",\"siteurl\",\"fromemail\",\"toname\",\"toemail\"]}'),
('com_privacy.notification.admin.export', 'com_privacy', '', 'COM_PRIVACY_EMAIL_ADMIN_REQUEST_SUBJECT_EXPORT_REQUEST', 'COM_PRIVACY_EMAIL_ADMIN_REQUEST_BODY_EXPORT_REQUEST', '', '', '{\"tags\":[\"sitename\",\"url\",\"tokenurl\",\"formurl\",\"token\"]}'),
('com_privacy.notification.admin.remove', 'com_privacy', '', 'COM_PRIVACY_EMAIL_ADMIN_REQUEST_SUBJECT_REMOVE_REQUEST', 'COM_PRIVACY_EMAIL_ADMIN_REQUEST_BODY_REMOVE_REQUEST', '', '', '{\"tags\":[\"sitename\",\"url\",\"tokenurl\",\"formurl\",\"token\"]}'),
('com_privacy.notification.export', 'com_privacy', '', 'COM_PRIVACY_EMAIL_REQUEST_SUBJECT_EXPORT_REQUEST', 'COM_PRIVACY_EMAIL_REQUEST_BODY_EXPORT_REQUEST', '', '', '{\"tags\":[\"sitename\",\"url\",\"tokenurl\",\"formurl\",\"token\"]}'),
('com_privacy.notification.remove', 'com_privacy', '', 'COM_PRIVACY_EMAIL_REQUEST_SUBJECT_REMOVE_REQUEST', 'COM_PRIVACY_EMAIL_REQUEST_BODY_REMOVE_REQUEST', '', '', '{\"tags\":[\"sitename\",\"url\",\"tokenurl\",\"formurl\",\"token\"]}'),
('com_privacy.userdataexport', 'com_privacy', '', 'COM_PRIVACY_EMAIL_DATA_EXPORT_COMPLETED_SUBJECT', 'COM_PRIVACY_EMAIL_DATA_EXPORT_COMPLETED_BODY', '', '', '{\"tags\":[\"sitename\",\"url\"]}'),
('com_users.massmail.mail', 'com_users', '', 'COM_USERS_MASSMAIL_MAIL_SUBJECT', 'COM_USERS_MASSMAIL_MAIL_BODY', '', '', '{\"tags\":[\"subject\",\"body\",\"subjectprefix\",\"bodysuffix\"]}'),
('com_users.password_reset', 'com_users', '', 'COM_USERS_EMAIL_PASSWORD_RESET_SUBJECT', 'COM_USERS_EMAIL_PASSWORD_RESET_BODY', '', '', '{\"tags\":[\"name\",\"email\",\"sitename\",\"link_text\",\"link_html\",\"token\"]}'),
('com_users.registration.admin.new_notification', 'com_users', '', 'COM_USERS_EMAIL_ACCOUNT_DETAILS', 'COM_USERS_EMAIL_REGISTERED_NOTIFICATION_TO_ADMIN_BODY', '', '', '{\"tags\":[\"name\",\"sitename\",\"siteurl\",\"username\"]}'),
('com_users.registration.admin.verification_request', 'com_users', '', 'COM_USERS_EMAIL_ACTIVATE_WITH_ADMIN_ACTIVATION_SUBJECT', 'COM_USERS_EMAIL_ACTIVATE_WITH_ADMIN_ACTIVATION_BODY', '', '', '{\"tags\":[\"name\",\"sitename\",\"email\",\"username\",\"activate\"]}'),
('com_users.registration.user.admin_activated', 'com_users', '', 'COM_USERS_EMAIL_ACTIVATED_BY_ADMIN_ACTIVATION_SUBJECT', 'COM_USERS_EMAIL_ACTIVATED_BY_ADMIN_ACTIVATION_BODY', '', '', '{\"tags\":[\"name\",\"sitename\",\"siteurl\",\"username\"]}'),
('com_users.registration.user.admin_activation', 'com_users', '', 'COM_USERS_EMAIL_ACCOUNT_DETAILS', 'COM_USERS_EMAIL_REGISTERED_WITH_ADMIN_ACTIVATION_BODY_NOPW', '', '', '{\"tags\":[\"name\",\"sitename\",\"activate\",\"siteurl\",\"username\"]}'),
('com_users.registration.user.admin_activation_w_pw', 'com_users', '', 'COM_USERS_EMAIL_ACCOUNT_DETAILS', 'COM_USERS_EMAIL_REGISTERED_WITH_ADMIN_ACTIVATION_BODY', '', '', '{\"tags\":[\"name\",\"sitename\",\"activate\",\"siteurl\",\"username\",\"password_clear\"]}'),
('com_users.registration.user.registration_mail', 'com_users', '', 'COM_USERS_EMAIL_ACCOUNT_DETAILS', 'COM_USERS_EMAIL_REGISTERED_BODY_NOPW', '', '', '{\"tags\":[\"name\",\"sitename\",\"siteurl\",\"username\"]}'),
('com_users.registration.user.registration_mail_w_pw', 'com_users', '', 'COM_USERS_EMAIL_ACCOUNT_DETAILS', 'COM_USERS_EMAIL_REGISTERED_BODY', '', '', '{\"tags\":[\"name\",\"sitename\",\"siteurl\",\"username\",\"password_clear\"]}'),
('com_users.registration.user.self_activation', 'com_users', '', 'COM_USERS_EMAIL_ACCOUNT_DETAILS', 'COM_USERS_EMAIL_REGISTERED_WITH_ACTIVATION_BODY_NOPW', '', '', '{\"tags\":[\"name\",\"sitename\",\"activate\",\"siteurl\",\"username\"]}'),
('com_users.registration.user.self_activation_w_pw', 'com_users', '', 'COM_USERS_EMAIL_ACCOUNT_DETAILS', 'COM_USERS_EMAIL_REGISTERED_WITH_ACTIVATION_BODY', '', '', '{\"tags\":[\"name\",\"sitename\",\"activate\",\"siteurl\",\"username\",\"password_clear\"]}'),
('com_users.reminder', 'com_users', '', 'COM_USERS_EMAIL_USERNAME_REMINDER_SUBJECT', 'COM_USERS_EMAIL_USERNAME_REMINDER_BODY', '', '', '{\"tags\":[\"name\",\"username\",\"sitename\",\"email\",\"link_text\",\"link_html\"]}'),
('plg_multifactorauth_email.mail', 'plg_multifactorauth_email', '', 'PLG_MULTIFACTORAUTH_EMAIL_EMAIL_SUBJECT', 'PLG_MULTIFACTORAUTH_EMAIL_EMAIL_BODY', '', '', '{\"tags\":[\"code\",\"sitename\",\"siteurl\",\"username\",\"email\",\"fullname\"]}'),
('plg_system_privacyconsent.request.reminder', 'plg_system_privacyconsent', '', 'PLG_SYSTEM_PRIVACYCONSENT_EMAIL_REMIND_SUBJECT', 'PLG_SYSTEM_PRIVACYCONSENT_EMAIL_REMIND_BODY', '', '', '{\"tags\":[\"sitename\",\"url\",\"tokenurl\",\"formurl\",\"token\"]}'),
('plg_system_tasknotification.failure_mail', 'plg_system_tasknotification', '', 'PLG_SYSTEM_TASK_NOTIFICATION_FAILURE_MAIL_SUBJECT', 'PLG_SYSTEM_TASK_NOTIFICATION_FAILURE_MAIL_BODY', '', '', '{\"tags\": [\"task_id\", \"task_title\", \"exit_code\", \"exec_data_time\", \"task_output\"]}'),
('plg_system_tasknotification.fatal_recovery_mail', 'plg_system_tasknotification', '', 'PLG_SYSTEM_TASK_NOTIFICATION_FATAL_MAIL_SUBJECT', 'PLG_SYSTEM_TASK_NOTIFICATION_FATAL_MAIL_BODY', '', '', '{\"tags\": [\"task_id\", \"task_title\"]}'),
('plg_system_tasknotification.orphan_mail', 'plg_system_tasknotification', '', 'PLG_SYSTEM_TASK_NOTIFICATION_ORPHAN_MAIL_SUBJECT', 'PLG_SYSTEM_TASK_NOTIFICATION_ORPHAN_MAIL_BODY', '', '', '{\"tags\": [\"task_id\", \"task_title\"]}'),
('plg_system_tasknotification.success_mail', 'plg_system_tasknotification', '', 'PLG_SYSTEM_TASK_NOTIFICATION_SUCCESS_MAIL_SUBJECT', 'PLG_SYSTEM_TASK_NOTIFICATION_SUCCESS_MAIL_BODY', '', '', '{\"tags\":[\"task_id\", \"task_title\", \"exec_data_time\", \"task_output\"]}'),
('plg_system_updatenotification.mail', 'plg_system_updatenotification', '', 'PLG_SYSTEM_UPDATENOTIFICATION_EMAIL_SUBJECT', 'PLG_SYSTEM_UPDATENOTIFICATION_EMAIL_BODY', '', '', '{\"tags\":[\"newversion\",\"curversion\",\"sitename\",\"url\",\"link\",\"releasenews\"]}'),
('plg_user_joomla.mail', 'plg_user_joomla', '', 'PLG_USER_JOOMLA_NEW_USER_EMAIL_SUBJECT', 'PLG_USER_JOOMLA_NEW_USER_EMAIL_BODY', '', '', '{\"tags\":[\"name\",\"sitename\",\"url\",\"username\",\"password\",\"email\"]}');

-- --------------------------------------------------------

--
-- Structure de la table `jgkzw_menu`
--

CREATE TABLE `jgkzw_menu` (
  `id` int(11) NOT NULL,
  `menutype` varchar(24) NOT NULL COMMENT 'The type of menu this item belongs to. FK to #__menu_types.menutype',
  `title` varchar(255) NOT NULL COMMENT 'The display title of the menu item.',
  `alias` varchar(400) CHARACTER SET utf8mb4 COLLATE utf8mb4_bin NOT NULL COMMENT 'The SEF alias of the menu item.',
  `note` varchar(255) NOT NULL DEFAULT '',
  `path` varchar(1024) NOT NULL COMMENT 'The computed path of the menu item based on the alias field.',
  `link` varchar(1024) NOT NULL COMMENT 'The actually link the menu item refers to.',
  `type` varchar(16) NOT NULL COMMENT 'The type of link: Component, URL, Alias, Separator',
  `published` tinyint(4) NOT NULL DEFAULT 0 COMMENT 'The published state of the menu link.',
  `parent_id` int(10) UNSIGNED NOT NULL DEFAULT 1 COMMENT 'The parent menu item in the menu tree.',
  `level` int(10) UNSIGNED NOT NULL DEFAULT 0 COMMENT 'The relative level in the tree.',
  `component_id` int(10) UNSIGNED NOT NULL DEFAULT 0 COMMENT 'FK to #__extensions.id',
  `checked_out` int(10) UNSIGNED DEFAULT NULL,
  `checked_out_time` datetime DEFAULT NULL,
  `browserNav` tinyint(4) NOT NULL DEFAULT 0 COMMENT 'The click behaviour of the link.',
  `access` int(10) UNSIGNED NOT NULL DEFAULT 0 COMMENT 'The access level required to view the menu item.',
  `img` varchar(255) NOT NULL COMMENT 'The image of the menu item.',
  `template_style_id` int(10) UNSIGNED NOT NULL DEFAULT 0,
  `params` text NOT NULL COMMENT 'JSON encoded data for the menu item.',
  `lft` int(11) NOT NULL DEFAULT 0 COMMENT 'Nested set lft.',
  `rgt` int(11) NOT NULL DEFAULT 0 COMMENT 'Nested set rgt.',
  `home` tinyint(3) UNSIGNED NOT NULL DEFAULT 0 COMMENT 'Indicates if this menu item is the home or default page.',
  `language` char(7) NOT NULL DEFAULT '',
  `client_id` tinyint(4) NOT NULL DEFAULT 0,
  `publish_up` datetime DEFAULT NULL,
  `publish_down` datetime DEFAULT NULL
) ENGINE=InnoDB DEFAULT CHARSET=utf8mb4 COLLATE=utf8mb4_unicode_ci;

--
-- Déchargement des données de la table `jgkzw_menu`
--

INSERT INTO `jgkzw_menu` (`id`, `menutype`, `title`, `alias`, `note`, `path`, `link`, `type`, `published`, `parent_id`, `level`, `component_id`, `checked_out`, `checked_out_time`, `browserNav`, `access`, `img`, `template_style_id`, `params`, `lft`, `rgt`, `home`, `language`, `client_id`, `publish_up`, `publish_down`) VALUES
(1, '', 'Menu_Item_Root', 'root', '', '', '', '', 1, 0, 0, 0, NULL, NULL, 0, 0, '', 0, '', 0, 281, 0, '*', 0, NULL, NULL),
(2, 'main', 'com_banners', 'Banners', '', 'Banners', 'index.php?option=com_banners', 'component', 1, 1, 1, 4, NULL, NULL, 0, 0, 'class:bookmark', 0, '', 1, 10, 0, '*', 1, NULL, NULL),
(3, 'main', 'com_banners', 'Banners', '', 'Banners/Banners', 'index.php?option=com_banners&view=banners', 'component', 1, 2, 2, 4, NULL, NULL, 0, 0, 'class:banners', 0, '', 2, 3, 0, '*', 1, NULL, NULL),
(4, 'main', 'com_banners_categories', 'Categories', '', 'Banners/Categories', 'index.php?option=com_categories&view=categories&extension=com_banners', 'component', 1, 2, 2, 6, NULL, NULL, 0, 0, 'class:banners-cat', 0, '', 4, 5, 0, '*', 1, NULL, NULL),
(5, 'main', 'com_banners_clients', 'Clients', '', 'Banners/Clients', 'index.php?option=com_banners&view=clients', 'component', 1, 2, 2, 4, NULL, NULL, 0, 0, 'class:banners-clients', 0, '', 6, 7, 0, '*', 1, NULL, NULL),
(6, 'main', 'com_banners_tracks', 'Tracks', '', 'Banners/Tracks', 'index.php?option=com_banners&view=tracks', 'component', 1, 2, 2, 4, NULL, NULL, 0, 0, 'class:banners-tracks', 0, '', 8, 9, 0, '*', 1, NULL, NULL),
(7, 'main', 'com_contact', 'Contacts', '', 'Contacts', 'index.php?option=com_contact', 'component', 1, 1, 1, 8, NULL, NULL, 0, 0, 'class:address-book', 0, '', 83, 94, 0, '*', 1, NULL, NULL),
(8, 'main', 'com_contact_contacts', 'Contacts', '', 'Contacts/Contacts', 'index.php?option=com_contact&view=contacts', 'component', 1, 7, 2, 8, NULL, NULL, 0, 0, 'class:contact', 0, '', 84, 85, 0, '*', 1, NULL, NULL),
(9, 'main', 'com_contact_categories', 'Categories', '', 'Contacts/Categories', 'index.php?option=com_categories&view=categories&extension=com_contact', 'component', 1, 7, 2, 6, NULL, NULL, 0, 0, 'class:contact-cat', 0, '', 86, 87, 0, '*', 1, NULL, NULL),
(13, 'main', 'com_newsfeeds', 'News Feeds', '', 'News Feeds', 'index.php?option=com_newsfeeds', 'component', 1, 1, 1, 17, NULL, NULL, 0, 0, 'class:rss', 0, '', 95, 100, 0, '*', 1, NULL, NULL),
(14, 'main', 'com_newsfeeds_feeds', 'Feeds', '', 'News Feeds/Feeds', 'index.php?option=com_newsfeeds&view=newsfeeds', 'component', 1, 13, 2, 17, NULL, NULL, 0, 0, 'class:newsfeeds', 0, '', 96, 97, 0, '*', 1, NULL, NULL),
(15, 'main', 'com_newsfeeds_categories', 'Categories', '', 'News Feeds/Categories', 'index.php?option=com_categories&view=categories&extension=com_newsfeeds', 'component', 1, 13, 2, 6, NULL, NULL, 0, 0, 'class:newsfeeds-cat', 0, '', 98, 99, 0, '*', 1, NULL, NULL),
(17, 'main', 'com_search', 'Basic Search', '', 'Basic Search', 'index.php?option=com_search&view=searches', 'component', 1, 1, 1, 19, NULL, NULL, 0, 0, 'class:search', 0, '', 101, 102, 0, '*', 1, NULL, NULL),
(18, 'main', 'com_finder', 'Smart Search', '', 'Smart Search', 'index.php?option=com_finder', 'component', 1, 1, 1, 27, NULL, NULL, 0, 0, 'class:search-plus', 0, '', 103, 114, 0, '*', 1, NULL, NULL),
(20, 'main', 'com_tags', 'Tags', '', 'Tags', 'index.php?option=com_tags&view=tags', 'component', 1, 1, 1, 29, NULL, NULL, 0, 1, 'class:tags', 0, '', 115, 116, 0, '', 1, NULL, NULL),
(22, 'main', 'com_associations', 'Multilingual Associations', '', 'Multilingual Associations', 'index.php?option=com_associations&view=associations', 'component', 1, 1, 1, 34, NULL, NULL, 0, 0, 'class:language', 0, '', 117, 118, 0, '*', 1, NULL, NULL),
(101, 'mainmenu', 'Home', 'home', '', 'home', 'index.php?option=com_content&view=featured', 'component', 1, 1, 1, 22, NULL, NULL, 0, 1, '', 0, '{\"featured_categories\":[\"\"],\"layout_type\":\"blog\",\"num_leading_articles\":\"1\",\"num_intro_articles\":\"3\",\"num_columns\":\"3\",\"num_links\":\"0\",\"multi_column_order\":\"1\",\"orderby_pri\":\"\",\"orderby_sec\":\"front\",\"order_date\":\"\",\"show_pagination\":\"2\",\"show_pagination_results\":\"1\",\"show_title\":\"\",\"link_titles\":\"\",\"show_intro\":\"\",\"info_block_position\":\"\",\"show_category\":\"\",\"link_category\":\"\",\"show_parent_category\":\"\",\"link_parent_category\":\"\",\"show_author\":\"\",\"link_author\":\"\",\"show_create_date\":\"\",\"show_modify_date\":\"\",\"show_publish_date\":\"\",\"show_item_navigation\":\"\",\"show_vote\":\"\",\"show_readmore\":\"\",\"show_readmore_title\":\"\",\"show_icons\":\"\",\"show_print_icon\":\"\",\"show_email_icon\":\"\",\"show_hits\":\"\",\"show_noauth\":\"\",\"show_feed_link\":\"1\",\"feed_summary\":\"\",\"menu-anchor_title\":\"\",\"menu-anchor_css\":\"\",\"menu_image\":\"\",\"menu_text\":1,\"page_title\":\"\",\"show_page_heading\":1,\"page_heading\":\"\",\"pageclass_sfx\":\"\",\"menu-meta_description\":\"\",\"menu-meta_keywords\":\"\",\"robots\":\"\",\"secure\":0}', 119, 120, 1, '*', 0, NULL, NULL),
(102, 'mainmenu-en-gb', 'Categories', 'allcategories-en', '', 'allcategories-en', 'index.php?option=com_content&view=categories&id=8', 'component', 1, 1, 1, 22, NULL, NULL, 0, 1, ' ', 0, '{\"show_base_description\":\"\",\"categories_description\":\"\",\"maxLevelcat\":\"\",\"show_empty_categories_cat\":\"\",\"show_subcat_desc_cat\":\"\",\"show_cat_num_articles_cat\":\"\",\"show_category_title\":\"\",\"show_description\":\"\",\"show_description_image\":\"\",\"maxLevel\":\"\",\"show_empty_categories\":\"\",\"show_no_articles\":\"\",\"show_subcat_desc\":\"\",\"show_cat_num_articles\":\"\",\"num_leading_articles\":\"\",\"num_intro_articles\":\"\",\"num_columns\":\"\",\"num_links\":\"\",\"multi_column_order\":\"\",\"show_subcategory_content\":\"\",\"orderby_pri\":\"\",\"orderby_sec\":\"\",\"order_date\":\"\",\"show_pagination_limit\":\"\",\"filter_field\":\"\",\"show_headings\":\"\",\"list_show_date\":\"\",\"date_format\":\"\",\"list_show_hits\":\"\",\"list_show_author\":\"\",\"display_num\":\"10\",\"show_pagination\":\"\",\"show_pagination_results\":\"\",\"article_layout\":\"_:default\",\"show_title\":\"\",\"link_titles\":\"\",\"show_intro\":\"\",\"show_category\":\"\",\"link_category\":\"\",\"show_parent_category\":\"\",\"link_parent_category\":\"\",\"show_author\":\"\",\"link_author\":\"\",\"show_create_date\":\"\",\"show_modify_date\":\"\",\"show_publish_date\":\"\",\"show_item_navigation\":\"\",\"show_vote\":\"\",\"show_readmore\":\"\",\"show_readmore_title\":\"\",\"show_icons\":\"\",\"show_print_icon\":\"\",\"show_email_icon\":\"\",\"show_hits\":\"\",\"show_noauth\":\"\",\"show_feed_link\":\"\",\"feed_summary\":\"\",\"menu-anchor_title\":\"\",\"menu-anchor_css\":\"\",\"menu_image\":\"\",\"menu_image_css\":\"\",\"menu_text\":1,\"menu_show\":0,\"page_title\":\"\",\"show_page_heading\":\"\",\"page_heading\":\"\",\"pageclass_sfx\":\"\",\"menu-meta_description\":\"\",\"menu-meta_keywords\":\"\",\"robots\":\"\",\"secure\":0}', 57, 58, 0, 'en-GB', 0, NULL, NULL),
(103, 'mainmenu-en-gb', 'Home', 'home-en', '', 'home-en', 'index.php?option=com_sppagebuilder&view=page&id=15', 'component', 1, 1, 1, 10026, NULL, NULL, 0, 1, ' ', 17, '{\"menu-anchor_title\":\"\",\"menu-anchor_css\":\"\",\"menu_image\":\"\",\"menu_image_css\":\"\",\"menu_text\":1,\"menu_show\":1,\"page_title\":\"\",\"show_page_heading\":\"0\",\"page_heading\":\"\",\"pageclass_sfx\":\"\",\"menu-meta_description\":\"\",\"menu-meta_keywords\":\"\",\"robots\":\"\",\"secure\":0}', 55, 56, 1, 'en-GB', 0, NULL, NULL),
(104, 'mainmenu-fr-fr', 'Catégories', 'allcategories-fr', '', 'allcategories-fr', 'index.php?option=com_content&view=categories&id=0', 'component', 1, 1, 1, 22, NULL, NULL, 0, 1, ' ', 16, '{\"show_base_description\":\"\",\"categories_description\":\"\",\"maxLevelcat\":\"\",\"show_empty_categories_cat\":\"\",\"show_subcat_desc_cat\":\"\",\"show_cat_num_articles_cat\":\"\",\"show_category_title\":\"\",\"show_description\":\"\",\"show_description_image\":\"\",\"maxLevel\":\"\",\"show_empty_categories\":\"\",\"show_no_articles\":\"\",\"show_subcat_desc\":\"\",\"show_cat_num_articles\":\"\",\"num_leading_articles\":\"\",\"num_intro_articles\":\"\",\"num_columns\":\"\",\"num_links\":\"\",\"multi_column_order\":\"\",\"show_subcategory_content\":\"\",\"orderby_pri\":\"\",\"orderby_sec\":\"\",\"order_date\":\"\",\"show_pagination_limit\":\"\",\"filter_field\":\"\",\"show_headings\":\"\",\"list_show_date\":\"\",\"date_format\":\"\",\"list_show_hits\":\"\",\"list_show_author\":\"\",\"display_num\":\"10\",\"show_pagination\":\"\",\"show_pagination_results\":\"\",\"article_layout\":\"_:default\",\"show_title\":\"\",\"link_titles\":\"\",\"show_intro\":\"\",\"show_category\":\"\",\"link_category\":\"\",\"show_parent_category\":\"\",\"link_parent_category\":\"\",\"show_author\":\"\",\"link_author\":\"\",\"show_create_date\":\"\",\"show_modify_date\":\"\",\"show_publish_date\":\"\",\"show_item_navigation\":\"\",\"show_vote\":\"\",\"show_readmore\":\"\",\"show_readmore_title\":\"\",\"show_icons\":\"\",\"show_print_icon\":\"\",\"show_email_icon\":\"\",\"show_hits\":\"\",\"show_noauth\":\"\",\"show_feed_link\":\"\",\"feed_summary\":\"\",\"menu-anchor_title\":\"\",\"menu-anchor_css\":\"\",\"menu_image\":\"\",\"menu_image_css\":\"\",\"menu_text\":1,\"menu_show\":0,\"page_title\":\"\",\"show_page_heading\":\"\",\"page_heading\":\"\",\"pageclass_sfx\":\"\",\"menu-meta_description\":\"\",\"menu-meta_keywords\":\"\",\"robots\":\"\",\"secure\":0}', 121, 122, 0, 'fr-FR', 0, NULL, NULL),
(105, 'mainmenu-fr-fr', 'Page d\'accueil', 'home-fr', '', 'home-fr', 'index.php?option=com_sppagebuilder&view=page&id=14', 'component', 1, 1, 1, 10026, NULL, NULL, 0, 1, ' ', 16, '{\"menu-anchor_title\":\"\",\"menu-anchor_css\":\"\",\"menu_image\":\"\",\"menu_image_css\":\"\",\"menu_text\":1,\"menu_show\":1,\"page_title\":\"\",\"show_page_heading\":\"0\",\"page_heading\":\"\",\"pageclass_sfx\":\"\",\"menu-meta_description\":\"\",\"menu-meta_keywords\":\"\",\"robots\":\"\",\"secure\":0}', 123, 124, 1, 'fr-FR', 0, NULL, NULL),
(106, 'mainmenu-pt-pt', 'Categorias', 'allcategories-pt-pt', '', 'allcategories-pt-pt', 'index.php?option=com_content&view=categories&id=0', 'component', 1, 1, 1, 22, NULL, NULL, 0, 1, ' ', 20, '{\"show_base_description\":\"\",\"categories_description\":\"\",\"maxLevelcat\":\"\",\"show_empty_categories_cat\":\"\",\"show_subcat_desc_cat\":\"\",\"show_cat_num_articles_cat\":\"\",\"show_category_title\":\"\",\"show_description\":\"\",\"show_description_image\":\"\",\"maxLevel\":\"\",\"show_empty_categories\":\"\",\"show_no_articles\":\"\",\"show_subcat_desc\":\"\",\"show_cat_num_articles\":\"\",\"num_leading_articles\":\"\",\"num_intro_articles\":\"\",\"num_columns\":\"\",\"num_links\":\"\",\"multi_column_order\":\"\",\"show_subcategory_content\":\"\",\"orderby_pri\":\"\",\"orderby_sec\":\"\",\"order_date\":\"\",\"show_pagination_limit\":\"\",\"filter_field\":\"\",\"show_headings\":\"\",\"list_show_date\":\"\",\"date_format\":\"\",\"list_show_hits\":\"\",\"list_show_author\":\"\",\"display_num\":\"10\",\"show_pagination\":\"\",\"show_pagination_results\":\"\",\"show_title\":\"\",\"link_titles\":\"\",\"show_intro\":\"\",\"show_category\":\"\",\"link_category\":\"\",\"show_parent_category\":\"\",\"link_parent_category\":\"\",\"show_author\":\"\",\"link_author\":\"\",\"show_create_date\":\"\",\"show_modify_date\":\"\",\"show_publish_date\":\"\",\"show_item_navigation\":\"\",\"show_vote\":\"\",\"show_readmore\":\"\",\"show_readmore_title\":\"\",\"show_icons\":\"\",\"show_print_icon\":\"\",\"show_email_icon\":\"\",\"show_hits\":\"\",\"show_noauth\":\"\",\"show_feed_link\":\"\",\"feed_summary\":\"\",\"menu-anchor_title\":\"\",\"menu-anchor_css\":\"\",\"menu_image\":\"\",\"menu_image_css\":\"\",\"menu_text\":1,\"menu_show\":0,\"page_title\":\"\",\"show_page_heading\":\"\",\"page_heading\":\"\",\"pageclass_sfx\":\"\",\"menu-meta_description\":\"\",\"menu-meta_keywords\":\"\",\"robots\":\"\",\"secure\":0}', 49, 50, 0, 'pt-PT', 0, NULL, NULL),
(107, 'mainmenu-pt-pt', 'Entrada', 'home-pt', '', 'home-pt', 'index.php?option=com_sppagebuilder&view=page&id=18', 'component', 1, 1, 1, 10026, NULL, NULL, 0, 1, ' ', 20, '{\"menu-anchor_title\":\"\",\"menu-anchor_css\":\"\",\"menu_image\":\"\",\"menu_image_css\":\"\",\"menu_text\":1,\"menu_show\":1,\"page_title\":\"\",\"show_page_heading\":\"1\",\"page_heading\":\"\",\"pageclass_sfx\":\"\",\"menu-meta_description\":\"\",\"menu-meta_keywords\":\"\",\"robots\":\"\",\"secure\":0}', 47, 48, 1, 'pt-PT', 0, NULL, NULL),
(108, 'mainmenu-es-es', 'Categorías', 'allcategories-es', '', 'allcategories-es', 'index.php?option=com_content&view=categories&id=0', 'component', 1, 1, 1, 22, NULL, NULL, 0, 1, ' ', 19, '{\"show_base_description\":\"\",\"categories_description\":\"\",\"maxLevelcat\":\"\",\"show_empty_categories_cat\":\"\",\"show_subcat_desc_cat\":\"\",\"show_cat_num_articles_cat\":\"\",\"show_category_title\":\"\",\"show_description\":\"\",\"show_description_image\":\"\",\"maxLevel\":\"\",\"show_empty_categories\":\"\",\"show_no_articles\":\"\",\"show_subcat_desc\":\"\",\"show_cat_num_articles\":\"\",\"num_leading_articles\":\"\",\"num_intro_articles\":\"\",\"num_columns\":\"\",\"num_links\":\"\",\"multi_column_order\":\"\",\"show_subcategory_content\":\"\",\"orderby_pri\":\"\",\"orderby_sec\":\"\",\"order_date\":\"\",\"show_pagination_limit\":\"\",\"filter_field\":\"\",\"show_headings\":\"\",\"list_show_date\":\"\",\"date_format\":\"\",\"list_show_hits\":\"\",\"list_show_author\":\"\",\"display_num\":\"10\",\"show_pagination\":\"\",\"show_pagination_results\":\"\",\"article_layout\":\"_:default\",\"show_title\":\"\",\"link_titles\":\"\",\"show_intro\":\"\",\"show_category\":\"\",\"link_category\":\"\",\"show_parent_category\":\"\",\"link_parent_category\":\"\",\"show_author\":\"\",\"link_author\":\"\",\"show_create_date\":\"\",\"show_modify_date\":\"\",\"show_publish_date\":\"\",\"show_item_navigation\":\"\",\"show_vote\":\"\",\"show_readmore\":\"\",\"show_readmore_title\":\"\",\"show_icons\":\"\",\"show_print_icon\":\"\",\"show_email_icon\":\"\",\"show_hits\":\"\",\"show_noauth\":\"\",\"show_feed_link\":\"\",\"feed_summary\":\"\",\"menu-anchor_title\":\"\",\"menu-anchor_css\":\"\",\"menu_image\":\"\",\"menu_image_css\":\"\",\"menu_text\":1,\"menu_show\":0,\"page_title\":\"\",\"show_page_heading\":\"\",\"page_heading\":\"\",\"pageclass_sfx\":\"\",\"menu-meta_description\":\"\",\"menu-meta_keywords\":\"\",\"robots\":\"\",\"secure\":0}', 53, 54, 0, 'es-ES', 0, NULL, NULL),
(109, 'mainmenu-es-es', 'Inicio', 'home-es', '', 'home-es', 'index.php?option=com_sppagebuilder&view=page&id=17', 'component', 1, 1, 1, 10026, NULL, NULL, 0, 1, ' ', 19, '{\"menu-anchor_title\":\"\",\"menu-anchor_css\":\"\",\"menu_image\":\"\",\"menu_image_css\":\"\",\"menu_text\":1,\"menu_show\":1,\"page_title\":\"\",\"show_page_heading\":\"1\",\"page_heading\":\"\",\"pageclass_sfx\":\"\",\"menu-meta_description\":\"\",\"menu-meta_keywords\":\"\",\"robots\":\"\",\"secure\":0}', 51, 52, 1, 'es-ES', 0, NULL, NULL),
(110, 'mainmenu-ru-ru', 'Категории', 'allcategories-ru-ru', '', 'allcategories-ru-ru', 'index.php?option=com_content&view=categories&id=0', 'component', 1, 1, 1, 22, NULL, NULL, 0, 1, ' ', 18, '{\"show_base_description\":\"\",\"categories_description\":\"\",\"maxLevelcat\":\"\",\"show_empty_categories_cat\":\"\",\"show_subcat_desc_cat\":\"\",\"show_cat_num_articles_cat\":\"\",\"show_category_title\":\"\",\"show_description\":\"\",\"show_description_image\":\"\",\"maxLevel\":\"\",\"show_empty_categories\":\"\",\"show_no_articles\":\"\",\"show_subcat_desc\":\"\",\"show_cat_num_articles\":\"\",\"num_leading_articles\":\"\",\"num_intro_articles\":\"\",\"num_columns\":\"\",\"num_links\":\"\",\"multi_column_order\":\"\",\"show_subcategory_content\":\"\",\"orderby_pri\":\"\",\"orderby_sec\":\"\",\"order_date\":\"\",\"show_pagination_limit\":\"\",\"filter_field\":\"\",\"show_headings\":\"\",\"list_show_date\":\"\",\"date_format\":\"\",\"list_show_hits\":\"\",\"list_show_author\":\"\",\"display_num\":\"10\",\"show_pagination\":\"\",\"show_pagination_results\":\"\",\"article_layout\":\"_:default\",\"show_title\":\"\",\"link_titles\":\"\",\"show_intro\":\"\",\"show_category\":\"\",\"link_category\":\"\",\"show_parent_category\":\"\",\"link_parent_category\":\"\",\"show_author\":\"\",\"link_author\":\"\",\"show_create_date\":\"\",\"show_modify_date\":\"\",\"show_publish_date\":\"\",\"show_item_navigation\":\"\",\"show_vote\":\"\",\"show_readmore\":\"\",\"show_readmore_title\":\"\",\"show_icons\":\"\",\"show_print_icon\":\"\",\"show_email_icon\":\"\",\"show_hits\":\"\",\"show_noauth\":\"\",\"show_feed_link\":\"\",\"feed_summary\":\"\",\"menu-anchor_title\":\"\",\"menu-anchor_css\":\"\",\"menu_image\":\"\",\"menu_image_css\":\"\",\"menu_text\":1,\"menu_show\":0,\"page_title\":\"\",\"show_page_heading\":\"\",\"page_heading\":\"\",\"pageclass_sfx\":\"\",\"menu-meta_description\":\"\",\"menu-meta_keywords\":\"\",\"robots\":\"\",\"secure\":0}', 11, 12, 0, 'ru-RU', 0, NULL, NULL),
(111, 'mainmenu-ru-ru', 'Главная', 'home-ru-ru', '', 'home-ru-ru', 'index.php?option=com_sppagebuilder&view=page&id=16', 'component', 1, 1, 1, 10026, NULL, NULL, 0, 1, ' ', 18, '{\"menu-anchor_title\":\"\",\"menu-anchor_css\":\"\",\"menu_image\":\"\",\"menu_image_css\":\"\",\"menu_text\":1,\"menu_show\":1,\"page_title\":\"\",\"show_page_heading\":\"1\",\"page_heading\":\"\",\"pageclass_sfx\":\"\",\"menu-meta_description\":\"\",\"menu-meta_keywords\":\"\",\"robots\":\"\",\"secure\":0}', 13, 14, 1, 'ru-RU', 0, NULL, NULL),
(122, 'mainmenu-en-gb', 'Organisation-list', 'organisation-list', '', 'iwrm-national-level-en/organisation-list', 'index.php?option=com_fabrik&view=list&listid=1', 'component', -2, 164, 2, 10117, NULL, NULL, 0, 1, ' ', 17, '{\"addurl\":\"\",\"show-title\":\"1\",\"calculations\":\"0\",\"listlayout\":\"\",\"fabriklayout\":\"\",\"resetfilters\":\"0\",\"list_elements\":\"{\\\"show_in_list\\\":[]}\",\"prefilters\":\"{\\\"filter-join\\\":[],\\\"filter-fields\\\":[],\\\"filter-conditions\\\":[],\\\"filter-value\\\":[],\\\"filter-eval\\\":[],\\\"filter-access\\\":[]}\",\"rows_per_page\":\"10\",\"popup_width\":\"340\",\"popup_opts_width\":\"200\",\"csv_import_extensions\":\"txt,csv,tsv\",\"csv_import_sil_only\":\"0\",\"csv_import_dropdata\":\"0\",\"csv_import_overwrite\":\"0\",\"list_extra_query_string\":\"\",\"menu-anchor_title\":\"\",\"menu-anchor_css\":\"\",\"menu_image\":\"\",\"menu_image_css\":\"\",\"menu_text\":1,\"menu_show\":0,\"page_title\":\"\",\"show_page_heading\":\"\",\"page_heading\":\"\",\"pageclass_sfx\":\"\",\"menu-meta_description\":\"\",\"menu-meta_keywords\":\"\",\"robots\":\"\",\"secure\":0}', 60, 61, 0, 'en-GB', 0, NULL, NULL),
(124, 'mainmenu-en-gb', 'Sous UGP', 'sous-ugp', '', 'iwrm-ugp-level-en/sous-ugp', 'index.php?option=com_sppagebuilder&view=page&id=4', 'component', -2, 128, 2, 10026, NULL, NULL, 0, 1, ' ', 0, '{\"menu-anchor_title\":\"\",\"menu-anchor_css\":\"\",\"menu_image\":\"\",\"menu_image_css\":\"\",\"menu_text\":1,\"menu_show\":0,\"page_title\":\"\",\"show_page_heading\":\"\",\"page_heading\":\"\",\"pageclass_sfx\":\"\",\"menu-meta_description\":\"\",\"menu-meta_keywords\":\"\",\"robots\":\"\",\"secure\":0}', 66, 71, 0, 'en-GB', 0, NULL, NULL),
(125, 'mainmenu-en-gb', 'Domain of application', 'domain-of-application', '', 'domain-of-application', 'index.php?option=com_sppagebuilder&view=page&id=5', 'component', -2, 1, 1, 10026, NULL, NULL, 0, 1, ' ', 0, '{\"menu-anchor_title\":\"\",\"menu-anchor_css\":\"\",\"menu_image\":\"\",\"menu_image_css\":\"\",\"menu_text\":1,\"menu_show\":0,\"page_title\":\"\",\"show_page_heading\":\"\",\"page_heading\":\"\",\"pageclass_sfx\":\"\",\"menu-meta_description\":\"\",\"menu-meta_keywords\":\"\",\"robots\":\"\",\"secure\":0}', 75, 80, 0, 'en-GB', 0, NULL, NULL),
(126, 'mainmenu-en-gb', 'Case studies', 'case-studies-and-tools', '', 'case-studies-and-tools', 'index.php?option=com_sppagebuilder&view=page&id=6', 'component', -2, 1, 1, 10026, NULL, NULL, 0, 1, ' ', 0, '{\"menu-anchor_title\":\"\",\"menu-anchor_css\":\"\",\"menu_image\":\"\",\"menu_image_css\":\"\",\"menu_text\":1,\"menu_show\":0,\"page_title\":\"\",\"show_page_heading\":\"\",\"page_heading\":\"\",\"pageclass_sfx\":\"\",\"menu-meta_description\":\"\",\"menu-meta_keywords\":\"\",\"robots\":\"\",\"secure\":0}', 73, 74, 0, 'en-GB', 0, NULL, NULL),
(127, 'mainmenu-en-gb', 'Data production', 'data-production', '', 'data-production', 'index.php?option=com_sppagebuilder&view=page&id=7', 'component', -2, 1, 1, 10026, NULL, NULL, 0, 1, ' ', 0, '{\"menu-anchor_title\":\"\",\"menu-anchor_css\":\"\",\"menu_image\":\"\",\"menu_image_css\":\"\",\"menu_text\":1,\"menu_show\":1,\"page_title\":\"\",\"show_page_heading\":\"\",\"page_heading\":\"\",\"pageclass_sfx\":\"\",\"menu-meta_description\":\"\",\"menu-meta_keywords\":\"\",\"robots\":\"\",\"secure\":0}', 81, 82, 0, '*', 0, NULL, NULL),
(128, 'mainmenu-en-gb', 'IWRM UGP Level', 'iwrm-ugp-level-en', '', 'iwrm-ugp-level-en', 'index.php?option=com_sppagebuilder&view=page&id=8', 'component', -2, 1, 1, 10026, NULL, NULL, 0, 1, ' ', 0, '{\"menu-anchor_title\":\"\",\"menu-anchor_css\":\"\",\"menu_image\":\"\",\"menu_image_css\":\"\",\"menu_text\":1,\"menu_show\":1,\"page_title\":\"\",\"show_page_heading\":\"\",\"page_heading\":\"\",\"pageclass_sfx\":\"\",\"menu-meta_description\":\"\",\"menu-meta_keywords\":\"\",\"robots\":\"\",\"secure\":0}', 65, 72, 0, 'en-GB', 0, NULL, NULL),
(129, 'mainmenu-en-gb', 'Digital services for Data management', 'digital-services-for-data-management', '', 'domain-of-application/digital-services-for-data-management', 'index.php?option=com_sppagebuilder&view=page&id=9', 'component', -2, 125, 2, 10026, NULL, NULL, 0, 1, ' ', 0, '{\"menu-anchor_title\":\"\",\"menu-anchor_css\":\"\",\"menu_image\":\"\",\"menu_image_css\":\"\",\"menu_text\":1,\"menu_show\":1,\"page_title\":\"\",\"show_page_heading\":\"\",\"page_heading\":\"\",\"pageclass_sfx\":\"\",\"menu-meta_description\":\"\",\"menu-meta_keywords\":\"\",\"robots\":\"\",\"secure\":0}', 76, 77, 0, 'en-GB', 0, NULL, NULL),
(130, 'mainmenu-en-gb', 'Data for climate change adaptation', 'data-for-climate-change-adaptation', '', 'domain-of-application/data-for-climate-change-adaptation', 'index.php?option=com_sppagebuilder&view=page&id=10', 'component', -2, 125, 2, 10026, NULL, NULL, 0, 1, ' ', 0, '{\"menu-anchor_title\":\"\",\"menu-anchor_css\":\"\",\"menu_image\":\"\",\"menu_image_css\":\"\",\"menu_text\":1,\"menu_show\":1,\"page_title\":\"\",\"show_page_heading\":\"\",\"page_heading\":\"\",\"pageclass_sfx\":\"\",\"menu-meta_description\":\"\",\"menu-meta_keywords\":\"\",\"robots\":\"\",\"secure\":0}', 78, 79, 0, 'en-GB', 0, NULL, NULL),
(131, 'mainmenu-en-gb', 'Data production', 'data', '', 'iwrm-ugp-level-en/sous-ugp/data', 'index.php?option=com_sppagebuilder&view=page&id=11', 'component', -2, 124, 3, 10026, NULL, NULL, 0, 1, ' ', 0, '{\"menu-anchor_title\":\"\",\"menu-anchor_css\":\"\",\"menu_image\":\"\",\"menu_image_css\":\"\",\"menu_text\":1,\"menu_show\":1,\"page_title\":\"\",\"show_page_heading\":\"\",\"page_heading\":\"\",\"pageclass_sfx\":\"\",\"menu-meta_description\":\"\",\"menu-meta_keywords\":\"\",\"robots\":\"\",\"secure\":0}', 67, 68, 0, 'en-GB', 0, NULL, NULL),
(132, 'mainmenu-en-gb', 'Integrated data management', 'integrated-data-management', '', 'iwrm-ugp-level-en/sous-ugp/integrated-data-management', 'index.php?option=com_sppagebuilder&view=page&id=12', 'component', -2, 124, 3, 10026, NULL, NULL, 0, 1, ' ', 0, '{\"menu-anchor_title\":\"\",\"menu-anchor_css\":\"\",\"menu_image\":\"\",\"menu_image_css\":\"\",\"menu_text\":1,\"menu_show\":1,\"page_title\":\"\",\"show_page_heading\":\"\",\"page_heading\":\"\",\"pageclass_sfx\":\"\",\"menu-meta_description\":\"\",\"menu-meta_keywords\":\"\",\"robots\":\"\",\"secure\":0}', 69, 70, 0, 'en-GB', 0, NULL, NULL),
(133, 'mainmenu-fr-fr', 'GIRE Niveau national', 'gire-niveau-national-fr', '', 'gire-niveau-national-fr', '', 'heading', 1, 1, 1, 0, NULL, NULL, 0, 1, ' ', 17, '{\"menu-anchor_title\":\"\",\"menu-anchor_css\":\"\",\"menu_image\":\"\",\"menu_image_css\":\"\",\"menu_text\":1,\"menu_show\":1}', 125, 130, 0, 'fr-FR', 0, NULL, NULL),
(134, 'mainmenu-fr-fr', 'GIRE Niveau UGP', 'gire-niveau-ugp-fr', '', 'gire-niveau-ugp-fr', 'index.php?option=com_content&view=article&id=2', 'component', 0, 1, 1, 22, NULL, NULL, 0, 1, ' ', 0, '{\"show_title\":\"\",\"link_titles\":\"\",\"show_intro\":\"\",\"info_block_position\":\"\",\"info_block_show_title\":\"\",\"show_category\":\"\",\"link_category\":\"\",\"show_parent_category\":\"\",\"link_parent_category\":\"\",\"show_associations\":\"\",\"show_author\":\"\",\"link_author\":\"\",\"show_create_date\":\"\",\"show_modify_date\":\"\",\"show_publish_date\":\"\",\"show_item_navigation\":\"\",\"show_vote\":\"\",\"show_icons\":\"\",\"show_print_icon\":\"\",\"show_email_icon\":\"\",\"show_hits\":\"\",\"show_tags\":\"\",\"show_noauth\":\"\",\"urls_position\":\"\",\"menu-anchor_title\":\"\",\"menu-anchor_css\":\"\",\"menu_image\":\"\",\"menu_image_css\":\"\",\"menu_text\":1,\"menu_show\":1,\"page_title\":\"\",\"show_page_heading\":\"\",\"page_heading\":\"\",\"pageclass_sfx\":\"\",\"menu-meta_description\":\"\",\"menu-meta_keywords\":\"\",\"robots\":\"\",\"secure\":0}', 131, 134, 0, 'fr-FR', 0, NULL, NULL),
(135, 'mainmenu-fr-fr', 'Sous UGP', 'sous-ugp', '', 'gire-niveau-ugp-fr/sous-ugp', 'index.php?option=com_content&view=article&id=2', 'component', 0, 134, 2, 22, NULL, NULL, 0, 1, ' ', 0, '{\"show_title\":\"\",\"link_titles\":\"\",\"show_intro\":\"\",\"info_block_position\":\"\",\"info_block_show_title\":\"\",\"show_category\":\"\",\"link_category\":\"\",\"show_parent_category\":\"\",\"link_parent_category\":\"\",\"show_associations\":\"\",\"show_author\":\"\",\"link_author\":\"\",\"show_create_date\":\"\",\"show_modify_date\":\"\",\"show_publish_date\":\"\",\"show_item_navigation\":\"\",\"show_vote\":\"\",\"show_icons\":\"\",\"show_print_icon\":\"\",\"show_email_icon\":\"\",\"show_hits\":\"\",\"show_tags\":\"\",\"show_noauth\":\"\",\"urls_position\":\"\",\"menu-anchor_title\":\"\",\"menu-anchor_css\":\"\",\"menu_image\":\"\",\"menu_image_css\":\"\",\"menu_text\":1,\"menu_show\":1,\"page_title\":\"\",\"show_page_heading\":\"\",\"page_heading\":\"\",\"pageclass_sfx\":\"\",\"menu-meta_description\":\"\",\"menu-meta_keywords\":\"\",\"robots\":\"\",\"secure\":0}', 132, 133, 0, 'fr-FR', 0, NULL, NULL),
(137, 'mainmenu-fr-fr', 'Liste des Organismes', 'liste-des-organismes-fr', '', 'gire-niveau-national-fr/liste-des-organismes-fr', 'index.php?option=com_fabrik&view=list&listid=1', 'component', 1, 133, 2, 10117, NULL, NULL, 0, 1, ' ', 16, '{\"addurl\":\"\",\"show-title\":\"1\",\"calculations\":\"0\",\"listlayout\":\"\",\"fabriklayout\":\"\",\"resetfilters\":\"0\",\"list_elements\":\"{\\\"show_in_list\\\":[\\\"2\\\",\\\"11\\\",\\\"13\\\",\\\"24\\\"]}\",\"prefilters\":\"{\\\"filter-join\\\":[\\\"AND\\\",\\\"AND\\\"],\\\"filter-fields\\\":[\\\"t_adorga.ORADCNCODEX\\\",\\\"tl_orgaacti.OAADAOCODE\\\"],\\\"filter-conditions\\\":[\\\"equals\\\",\\\"equals\\\"],\\\"filter-value\\\":[\\\"FR\\\",\\\"10000\\\"],\\\"filter-eval\\\":[\\\"0\\\",\\\"0\\\"],\\\"filter-access\\\":[\\\"1\\\",\\\"1\\\"]}\",\"rows_per_page\":\"50\",\"popup_width\":\"340\",\"popup_opts_width\":\"200\",\"csv_import_extensions\":\"txt,csv,tsv\",\"csv_import_sil_only\":\"0\",\"csv_import_dropdata\":\"0\",\"csv_import_overwrite\":\"0\",\"list_extra_query_string\":\"\",\"menu-anchor_title\":\"\",\"menu-anchor_css\":\"\",\"menu_image\":\"\",\"menu_image_css\":\"\",\"menu_text\":1,\"menu_show\":1,\"page_title\":\"\",\"show_page_heading\":\"\",\"page_heading\":\"\",\"pageclass_sfx\":\"\",\"menu-meta_description\":\"\",\"menu-meta_keywords\":\"\",\"robots\":\"\",\"secure\":0}', 126, 127, 0, 'fr-FR', 0, NULL, NULL),
(164, 'mainmenu-en-gb', 'IWRM national Level', 'iwrm-national-level-en', '', 'iwrm-national-level-en', '', 'heading', -2, 1, 1, 0, NULL, NULL, 0, 1, ' ', 17, '{\"menu-anchor_title\":\"\",\"menu-anchor_css\":\"\",\"menu_image\":\"\",\"menu_image_css\":\"\",\"menu_text\":1,\"menu_show\":1}', 59, 64, 0, 'en-GB', 0, NULL, NULL),
(281, 'mainmenu-fr-fr', 'Liste des Organismes PE', 'liste-des-organismes-pe', '', 'gire-niveau-national-fr/liste-des-organismes-pe', 'index.php?option=com_fabrik&view=list&listid=1', 'component', 1, 133, 2, 10117, NULL, NULL, 0, 1, ' ', 16, '{\"addurl\":\"\",\"show-title\":\"1\",\"calculations\":\"0\",\"listlayout\":\"\",\"fabriklayout\":\"\",\"resetfilters\":\"0\",\"list_elements\":\"{\\\"show_in_list\\\":[\\\"2\\\",\\\"11\\\",\\\"13\\\",\\\"24\\\"]}\",\"prefilters\":\"{\\\"filter-join\\\":[\\\"AND\\\",\\\"AND\\\"],\\\"filter-fields\\\":[\\\"t_adorga.ORADCNCODEX\\\",\\\"tl_orgaacti.OAADAOCODE\\\"],\\\"filter-conditions\\\":[\\\"equals\\\",\\\"equals\\\"],\\\"filter-value\\\":[\\\"PE\\\",\\\"10000\\\"],\\\"filter-eval\\\":[\\\"0\\\",\\\"0\\\"],\\\"filter-access\\\":[\\\"1\\\",\\\"1\\\"]}\",\"rows_per_page\":\"50\",\"popup_width\":\"340\",\"popup_opts_width\":\"200\",\"csv_import_extensions\":\"txt,csv,tsv\",\"csv_import_sil_only\":\"0\",\"csv_import_dropdata\":\"0\",\"csv_import_overwrite\":\"0\",\"list_extra_query_string\":\"\",\"menu-anchor_title\":\"\",\"menu-anchor_css\":\"\",\"menu_image\":\"\",\"menu_image_css\":\"\",\"menu_text\":1,\"menu_show\":1,\"page_title\":\"\",\"show_page_heading\":\"\",\"page_heading\":\"\",\"pageclass_sfx\":\"\",\"menu-meta_description\":\"\",\"menu-meta_keywords\":\"\",\"robots\":\"\",\"secure\":0}', 128, 129, 0, 'fr-FR', 0, NULL, NULL),
(305, 'mainmenu-en-gb', 'List des Orga', 'list-des-orga', '', 'iwrm-national-level-en/list-des-orga', 'index.php?option=com_fabrik&view=list&listid=1', 'component', -2, 164, 2, 10117, NULL, NULL, 0, 1, ' ', 17, '{\"addurl\":\"\",\"show-title\":\"1\",\"calculations\":\"0\",\"listlayout\":\"\",\"fabriklayout\":\"\",\"resetfilters\":\"0\",\"list_elements\":\"{\\\"show_in_list\\\":[]}\",\"prefilters\":\"{\\\"filter-join\\\":[\\\"AND\\\"],\\\"filter-fields\\\":[\\\"t_adorga.ORADCNCODEX\\\"],\\\"filter-conditions\\\":[\\\"equals\\\"],\\\"filter-value\\\":[\\\"AA\\\"],\\\"filter-eval\\\":[\\\"0\\\"],\\\"filter-access\\\":[\\\"1\\\"]}\",\"rows_per_page\":\"10\",\"popup_width\":\"340\",\"popup_opts_width\":\"200\",\"csv_import_extensions\":\"txt,csv,tsv\",\"csv_import_sil_only\":\"0\",\"csv_import_dropdata\":\"0\",\"csv_import_overwrite\":\"0\",\"list_extra_query_string\":\"\",\"menu-anchor_title\":\"\",\"menu-anchor_css\":\"\",\"menu_image\":\"\",\"menu_image_css\":\"\",\"menu_text\":1,\"menu_show\":1,\"page_title\":\"\",\"show_page_heading\":\"\",\"page_heading\":\"\",\"pageclass_sfx\":\"\",\"menu-meta_description\":\"\",\"menu-meta_keywords\":\"\",\"robots\":\"\",\"secure\":0}', 62, 63, 0, 'en-GB', 0, NULL, NULL),
(306, 'mainmenu-es-es', 'GIRH Nivel nacional', 'girh-nivel-nacional', '', 'girh-nivel-nacional', '', 'heading', 1, 1, 1, 0, NULL, NULL, 0, 1, ' ', 0, '{\"menu-anchor_title\":\"\",\"menu-anchor_css\":\"\",\"menu_image\":\"\",\"menu_image_css\":\"\",\"menu_text\":1,\"menu_show\":1}', 135, 138, 0, 'es-ES', 0, NULL, NULL),
(307, 'mainmenu-es-es', 'Lista de organizaciones', 'lista-de-organizaciones', '', 'girh-nivel-nacional/lista-de-organizaciones', 'index.php?option=com_fabrik&view=list&listid=1', 'component', 1, 306, 2, 10117, NULL, NULL, 0, 1, ' ', 19, '{\"addurl\":\"\",\"show-title\":\"1\",\"calculations\":\"0\",\"listlayout\":\"\",\"fabriklayout\":\"\",\"resetfilters\":\"0\",\"list_elements\":\"null\",\"prefilters\":\"{\\\"filter-join\\\":[\\\"AND\\\"],\\\"filter-fields\\\":[\\\"t_adorga.ORADCNCODEX\\\"],\\\"filter-conditions\\\":[\\\"equals\\\"],\\\"filter-value\\\":[\\\"AA\\\"],\\\"filter-eval\\\":[\\\"0\\\"],\\\"filter-access\\\":[\\\"1\\\"]}\",\"rows_per_page\":\"10\",\"popup_width\":\"340\",\"popup_opts_width\":\"200\",\"csv_import_extensions\":\"txt,csv,tsv\",\"csv_import_sil_only\":\"0\",\"csv_import_dropdata\":\"0\",\"csv_import_overwrite\":\"0\",\"list_extra_query_string\":\"\",\"menu-anchor_title\":\"\",\"menu-anchor_css\":\"\",\"menu_image\":\"\",\"menu_image_css\":\"\",\"menu_text\":1,\"menu_show\":1,\"page_title\":\"\",\"show_page_heading\":\"\",\"page_heading\":\"\",\"pageclass_sfx\":\"\",\"menu-meta_description\":\"\",\"menu-meta_keywords\":\"\",\"robots\":\"\",\"secure\":0}', 136, 137, 0, 'es-ES', 0, NULL, NULL),
(308, 'mainmenu-pt-pt', 'GIRH Nivel nacional PT', 'girh-nivel-nacional-pt', '', 'girh-nivel-nacional-pt', '', 'heading', 1, 1, 1, 0, NULL, NULL, 0, 1, ' ', 0, '{\"menu-anchor_title\":\"\",\"menu-anchor_css\":\"\",\"menu_image\":\"\",\"menu_image_css\":\"\",\"menu_text\":1,\"menu_show\":1}', 139, 142, 0, 'pt-PT', 0, NULL, NULL),
(309, 'mainmenu-pt-pt', 'Lista de organizaciones PT', 'lista-de-organizaciones-pt', '', 'girh-nivel-nacional-pt/lista-de-organizaciones-pt', 'index.php?option=com_fabrik&view=list&listid=1', 'component', 1, 308, 2, 10117, NULL, NULL, 0, 1, ' ', 20, '{\"addurl\":\"\",\"show-title\":\"1\",\"calculations\":\"0\",\"listlayout\":\"\",\"fabriklayout\":\"\",\"resetfilters\":\"0\",\"list_elements\":\"null\",\"prefilters\":\"{\\\"filter-join\\\":[\\\"AND\\\"],\\\"filter-fields\\\":[\\\"t_adorga.ORADCNCODEX\\\"],\\\"filter-conditions\\\":[\\\"equals\\\"],\\\"filter-value\\\":[\\\"AA\\\"],\\\"filter-eval\\\":[\\\"0\\\"],\\\"filter-access\\\":[\\\"1\\\"]}\",\"rows_per_page\":\"10\",\"popup_width\":\"340\",\"popup_opts_width\":\"200\",\"csv_import_extensions\":\"txt,csv,tsv\",\"csv_import_sil_only\":\"0\",\"csv_import_dropdata\":\"0\",\"csv_import_overwrite\":\"0\",\"list_extra_query_string\":\"\",\"menu-anchor_title\":\"\",\"menu-anchor_css\":\"\",\"menu_image\":\"\",\"menu_image_css\":\"\",\"menu_text\":1,\"menu_show\":1,\"page_title\":\"\",\"show_page_heading\":\"\",\"page_heading\":\"\",\"pageclass_sfx\":\"\",\"menu-meta_description\":\"\",\"menu-meta_keywords\":\"\",\"robots\":\"\",\"secure\":0}', 140, 141, 0, 'pt-PT', 0, NULL, NULL),
(310, 'mainmenu-ru-ru', 'Бассейн рeкa Сырдарья (казахстанская часть)', 'gire-niveau-national', '', 'gire-niveau-national', 'index.php?option=com_sppagebuilder&view=page&id=23', 'component', 1, 1, 1, 10026, NULL, NULL, 0, 1, ' ', 18, '{\"menu-anchor_title\":\"\",\"menu-anchor_css\":\"\",\"menu_image\":\"\",\"menu_image_css\":\"\",\"menu_text\":1,\"menu_show\":1,\"page_title\":\"\",\"show_page_heading\":\"\",\"page_heading\":\"\",\"pageclass_sfx\":\"\",\"menu-meta_description\":\"\",\"menu-meta_keywords\":\"\",\"robots\":\"\",\"secure\":0}', 15, 24, 0, 'ru-RU', 0, NULL, NULL),
(311, 'mainmenu-ru-ru', 'Ежедневный бюллетень по Сырдарье в Казахстане', 'list-orga', '', 'gire-niveau-national/list-orga', 'index.php?option=com_sppagebuilder&view=page&id=16', 'component', 1, 310, 2, 10026, NULL, NULL, 0, 1, ' ', 18, '{\"menu-anchor_title\":\"\",\"menu-anchor_css\":\"\",\"menu_image\":\"\",\"menu_image_css\":\"\",\"menu_text\":1,\"menu_show\":1,\"page_title\":\"\",\"show_page_heading\":\"\",\"page_heading\":\"\",\"pageclass_sfx\":\"\",\"menu-meta_description\":\"\",\"menu-meta_keywords\":\"\",\"robots\":\"\",\"secure\":0}', 18, 19, 0, 'ru-RU', 0, NULL, NULL),
(320, 'mainmenu-en-gb', 'Syr Darya Basin i KZ', 'syr-darya-basin-in-kz', '', 'syr-darya-basin-in-kz', 'index.php?option=com_sppagebuilder&view=page&id=15', 'component', 1, 1, 1, 10026, NULL, NULL, 0, 1, ' ', 0, '{\"menu-anchor_title\":\"\",\"menu-anchor_css\":\"\",\"menu_image\":\"\",\"menu_image_css\":\"\",\"menu_text\":1,\"menu_show\":1,\"page_title\":\"\",\"show_page_heading\":\"\",\"page_heading\":\"\",\"pageclass_sfx\":\"\",\"menu-meta_description\":\"\",\"menu-meta_keywords\":\"\",\"robots\":\"\",\"secure\":0}', 143, 154, 0, 'en-GB', 0, NULL, NULL),
(321, 'mainmenu-en-gb', 'Chu-Talas Basin', 'chu-talas-basin', '', 'chu-talas-basin', 'index.php?option=com_sppagebuilder&view=page&id=15', 'component', 1, 1, 1, 10026, NULL, NULL, 0, 1, ' ', 0, '{\"menu-anchor_title\":\"\",\"menu-anchor_css\":\"\",\"menu_image\":\"\",\"menu_image_css\":\"\",\"menu_text\":1,\"menu_show\":1,\"page_title\":\"\",\"show_page_heading\":\"\",\"page_heading\":\"\",\"pageclass_sfx\":\"\",\"menu-meta_description\":\"\",\"menu-meta_keywords\":\"\",\"robots\":\"\",\"secure\":0}', 155, 172, 0, 'en-GB', 0, NULL, NULL),
(322, 'mainmenu-en-gb', 'Kazakhstan', 'kazakhstan', '', 'kazakhstan', 'index.php?option=com_sppagebuilder&view=page&id=15', 'component', 1, 1, 1, 10026, NULL, NULL, 0, 1, ' ', 0, '{\"menu-anchor_title\":\"\",\"menu-anchor_css\":\"\",\"menu_image\":\"\",\"menu_image_css\":\"\",\"menu_text\":1,\"menu_show\":1,\"page_title\":\"\",\"show_page_heading\":\"\",\"page_heading\":\"\",\"pageclass_sfx\":\"\",\"menu-meta_description\":\"\",\"menu-meta_keywords\":\"\",\"robots\":\"\",\"secure\":0}', 173, 176, 0, 'en-GB', 0, NULL, NULL),
(323, 'mainmenu-en-gb', 'Interactive Scheme', 'interactive-syr-darya-scheme-2', '', 'syr-darya-basin-in-kz/interactive-syr-darya-scheme-2', 'index.php?option=com_wrapper&view=wrapper', 'component', 1, 320, 2, 2, NULL, NULL, 0, 1, ' ', 17, '{\"url\":\"https:\\/\\/www.aquacoope.org\\/kzwater2\\/visio\\/KZ_river_CHU_aquacoope_01-08-2018.svg\",\"scrolling\":\"auto\",\"width\":\"100%\",\"height\":\"500\",\"height_auto\":\"0\",\"add_scheme\":\"1\",\"frameborder\":\"1\",\"menu-anchor_title\":\"\",\"menu-anchor_css\":\"\",\"menu_image\":\"\",\"menu_image_css\":\"\",\"menu_text\":1,\"menu_show\":1,\"page_title\":\"\",\"show_page_heading\":\"\",\"page_heading\":\"\",\"pageclass_sfx\":\"\",\"menu-meta_description\":\"\",\"menu-meta_keywords\":\"\",\"robots\":\"\",\"secure\":0}', 144, 145, 0, 'en-GB', 0, NULL, NULL),
(324, 'mainmenu-en-gb', 'Daily Bulletin', 'daily-bulletin', '', 'syr-darya-basin-in-kz/daily-bulletin', 'index.php?option=com_sppagebuilder&view=page&id=15', 'component', 0, 320, 2, 10026, NULL, NULL, 0, 1, ' ', 0, '{\"menu-anchor_title\":\"\",\"menu-anchor_css\":\"\",\"menu_image\":\"\",\"menu_image_css\":\"\",\"menu_text\":1,\"menu_show\":1,\"page_title\":\"\",\"show_page_heading\":\"\",\"page_heading\":\"\",\"pageclass_sfx\":\"\",\"menu-meta_description\":\"\",\"menu-meta_keywords\":\"\",\"robots\":\"\",\"secure\":0}', 146, 147, 0, 'en-GB', 0, NULL, NULL),
(325, 'mainmenu-en-gb', 'Comparative Analysis of Flow', 'comparative-analysis-of-flow', '', 'syr-darya-basin-in-kz/comparative-analysis-of-flow', 'index.php?option=com_sppagebuilder&view=page&id=15', 'component', 1, 320, 2, 10026, NULL, NULL, 0, 1, ' ', 0, '{\"menu-anchor_title\":\"\",\"menu-anchor_css\":\"\",\"menu_image\":\"\",\"menu_image_css\":\"\",\"menu_text\":1,\"menu_show\":1,\"page_title\":\"\",\"show_page_heading\":\"\",\"page_heading\":\"\",\"pageclass_sfx\":\"\",\"menu-meta_description\":\"\",\"menu-meta_keywords\":\"\",\"robots\":\"\",\"secure\":0}', 148, 151, 0, 'en-GB', 0, NULL, NULL),
(326, 'mainmenu-en-gb', 'Web Mapping', 'web-mapping', '', 'syr-darya-basin-in-kz/web-mapping', 'index.php?option=com_sppagebuilder&view=page&id=15', 'component', 1, 320, 2, 10026, NULL, NULL, 0, 1, ' ', 0, '{\"menu-anchor_title\":\"\",\"menu-anchor_css\":\"\",\"menu_image\":\"\",\"menu_image_css\":\"\",\"menu_text\":1,\"menu_show\":1,\"page_title\":\"\",\"show_page_heading\":\"\",\"page_heading\":\"\",\"pageclass_sfx\":\"\",\"menu-meta_description\":\"\",\"menu-meta_keywords\":\"\",\"robots\":\"\",\"secure\":0}', 152, 153, 0, 'en-GB', 0, NULL, NULL),
(327, 'mainmenu-en-gb', 'Chu Interactive Linear Scheme', 'interactive-chu-linear-scheme', '', 'chu-talas-basin/interactive-chu-linear-scheme', 'index.php?option=com_sppagebuilder&view=page&id=15', 'component', 1, 321, 2, 10026, NULL, NULL, 0, 1, ' ', 0, '{\"menu-anchor_title\":\"\",\"menu-anchor_css\":\"\",\"menu_image\":\"\",\"menu_image_css\":\"\",\"menu_text\":1,\"menu_show\":1,\"page_title\":\"\",\"show_page_heading\":\"\",\"page_heading\":\"\",\"pageclass_sfx\":\"\",\"menu-meta_description\":\"\",\"menu-meta_keywords\":\"\",\"robots\":\"\",\"secure\":0}', 156, 157, 0, 'en-GB', 0, NULL, NULL),
(328, 'mainmenu-en-gb', 'Chu Interactive Scheme in KZ', 'interactive-chu-scheme', '', 'chu-talas-basin/interactive-chu-scheme', 'index.php?option=com_sppagebuilder&view=page&id=15', 'component', 1, 321, 2, 10026, NULL, NULL, 0, 1, ' ', 0, '{\"menu-anchor_title\":\"\",\"menu-anchor_css\":\"\",\"menu_image\":\"\",\"menu_image_css\":\"\",\"menu_text\":1,\"menu_show\":1,\"page_title\":\"\",\"show_page_heading\":\"\",\"page_heading\":\"\",\"pageclass_sfx\":\"\",\"menu-meta_description\":\"\",\"menu-meta_keywords\":\"\",\"robots\":\"\",\"secure\":0}', 158, 159, 0, 'en-GB', 0, NULL, NULL),
(329, 'mainmenu-en-gb', 'Talas Interactive Scheme in KZ', 'talas-interactive-scheme', '', 'chu-talas-basin/talas-interactive-scheme', 'index.php?option=com_sppagebuilder&view=page&id=15', 'component', 1, 321, 2, 10026, NULL, NULL, 0, 1, ' ', 0, '{\"menu-anchor_title\":\"\",\"menu-anchor_css\":\"\",\"menu_image\":\"\",\"menu_image_css\":\"\",\"menu_text\":1,\"menu_show\":1,\"page_title\":\"\",\"show_page_heading\":\"\",\"page_heading\":\"\",\"pageclass_sfx\":\"\",\"menu-meta_description\":\"\",\"menu-meta_keywords\":\"\",\"robots\":\"\",\"secure\":0}', 160, 161, 0, 'en-GB', 0, NULL, NULL),
(330, 'mainmenu-en-gb', 'Quarterly Bulletin', 'quarterly-bulletin', '', 'chu-talas-basin/quarterly-bulletin', 'index.php?option=com_sppagebuilder&view=page&id=25', 'component', 1, 321, 2, 10026, NULL, NULL, 0, 1, ' ', 0, '{\"menu-anchor_title\":\"\",\"menu-anchor_css\":\"\",\"menu_image\":\"\",\"menu_image_css\":\"\",\"menu_text\":1,\"menu_show\":1,\"page_title\":\"\",\"show_page_heading\":\"\",\"page_heading\":\"\",\"pageclass_sfx\":\"\",\"menu-meta_description\":\"\",\"menu-meta_keywords\":\"\",\"robots\":\"\",\"secure\":0}', 162, 163, 0, 'en-GB', 0, NULL, NULL),
(331, 'mainmenu-en-gb', 'Web Mapping', 'web-mapping', '', 'chu-talas-basin/web-mapping', 'index.php?option=com_sppagebuilder&view=page&id=15', 'component', 1, 321, 2, 10026, NULL, NULL, 0, 1, ' ', 0, '{\"menu-anchor_title\":\"\",\"menu-anchor_css\":\"\",\"menu_image\":\"\",\"menu_image_css\":\"\",\"menu_text\":1,\"menu_show\":1,\"page_title\":\"\",\"show_page_heading\":\"\",\"page_heading\":\"\",\"pageclass_sfx\":\"\",\"menu-meta_description\":\"\",\"menu-meta_keywords\":\"\",\"robots\":\"\",\"secure\":0}', 164, 165, 0, 'en-GB', 0, NULL, NULL),
(332, 'mainmenu-en-gb', 'Daily Data on Monthly Table (ESB)', 'daily-data-on-monthly-table-esb', '', 'chu-talas-basin/daily-data-on-monthly-table-esb', 'index.php?option=com_sppagebuilder&view=page&id=15', 'component', 0, 321, 2, 10026, NULL, NULL, 0, 1, ' ', 0, '{\"menu-anchor_title\":\"\",\"menu-anchor_css\":\"\",\"menu_image\":\"\",\"menu_image_css\":\"\",\"menu_text\":1,\"menu_show\":1,\"page_title\":\"\",\"show_page_heading\":\"\",\"page_heading\":\"\",\"pageclass_sfx\":\"\",\"menu-meta_description\":\"\",\"menu-meta_keywords\":\"\",\"robots\":\"\",\"secure\":0}', 166, 167, 0, 'en-GB', 0, NULL, NULL),
(333, 'mainmenu-en-gb', 'Daily Data on Monthly Table Komvod (ESB)', 'daily-data-on-monthly-table-komvod-esb', '', 'chu-talas-basin/daily-data-on-monthly-table-komvod-esb', 'index.php?option=com_sppagebuilder&view=page&id=15', 'component', 0, 321, 2, 10026, NULL, NULL, 0, 1, ' ', 0, '{\"menu-anchor_title\":\"\",\"menu-anchor_css\":\"\",\"menu_image\":\"\",\"menu_image_css\":\"\",\"menu_text\":1,\"menu_show\":1,\"page_title\":\"\",\"show_page_heading\":\"\",\"page_heading\":\"\",\"pageclass_sfx\":\"\",\"menu-meta_description\":\"\",\"menu-meta_keywords\":\"\",\"robots\":\"\",\"secure\":0}', 168, 169, 0, 'en-GB', 0, NULL, NULL),
(334, 'mainmenu-en-gb', 'Shared Documents', 'shared-documents', '', 'chu-talas-basin/shared-documents', 'index.php?option=com_sppagebuilder&view=page&id=15', 'component', 0, 321, 2, 10026, NULL, NULL, 0, 1, ' ', 0, '{\"menu-anchor_title\":\"\",\"menu-anchor_css\":\"\",\"menu_image\":\"\",\"menu_image_css\":\"\",\"menu_text\":1,\"menu_show\":1,\"page_title\":\"\",\"show_page_heading\":\"\",\"page_heading\":\"\",\"pageclass_sfx\":\"\",\"menu-meta_description\":\"\",\"menu-meta_keywords\":\"\",\"robots\":\"\",\"secure\":0}', 170, 171, 0, 'en-GB', 0, NULL, NULL),
(335, 'mainmenu-en-gb', 'Assa Interactive Scheme', 'assa-interactive-scheme', '', 'kazakhstan/assa-interactive-scheme', 'index.php?option=com_sppagebuilder&view=page&id=15', 'component', 1, 322, 2, 10026, NULL, NULL, 0, 1, ' ', 0, '{\"menu-anchor_title\":\"\",\"menu-anchor_css\":\"\",\"menu_image\":\"\",\"menu_image_css\":\"\",\"menu_text\":1,\"menu_show\":1,\"page_title\":\"\",\"show_page_heading\":\"\",\"page_heading\":\"\",\"pageclass_sfx\":\"\",\"menu-meta_description\":\"\",\"menu-meta_keywords\":\"\",\"robots\":\"\",\"secure\":0}', 174, 175, 0, 'en-GB', 0, NULL, NULL),
(336, 'mainmenu-en-gb', 'API test', 'api-test', '', 'api-test', 'index.php?option=com_sppagebuilder&view=page&id=21', 'component', 1, 1, 1, 10026, NULL, NULL, 0, 1, ' ', 0, '{\"menu-anchor_title\":\"\",\"menu-anchor_css\":\"\",\"menu_image\":\"\",\"menu_image_css\":\"\",\"menu_text\":1,\"menu_show\":1,\"page_title\":\"\",\"show_page_heading\":\"\",\"page_heading\":\"\",\"pageclass_sfx\":\"\",\"menu-meta_description\":\"\",\"menu-meta_keywords\":\"\",\"robots\":\"\",\"secure\":0}', 177, 178, 0, '*', 0, NULL, NULL),
(358, 'mainmenu-en-gb', 'Graph of flow at 6 stations', 'graph-of-flow-at-6-stations', '', 'syr-darya-basin-in-kz/comparative-analysis-of-flow/graph-of-flow-at-6-stations', 'index.php?option=com_sppagebuilder&view=page&id=22', 'component', 1, 325, 3, 10026, NULL, NULL, 0, 1, ' ', 0, '{\"menu-anchor_title\":\"\",\"menu-anchor_css\":\"\",\"menu_image\":\"\",\"menu_image_css\":\"\",\"menu_text\":1,\"menu_show\":1,\"page_title\":\"\",\"show_page_heading\":\"\",\"page_heading\":\"\",\"pageclass_sfx\":\"\",\"menu-meta_description\":\"\",\"menu-meta_keywords\":\"\",\"robots\":\"\",\"secure\":0}', 149, 150, 0, 'en-GB', 0, NULL, NULL),
(359, 'mainmenu-ru-ru', 'Шу-Таласский бассейн', 'shu-talasskij-bassejn', '', 'shu-talasskij-bassejn', 'index.php?option=com_sppagebuilder&view=page&id=24', 'component', 1, 1, 1, 10026, NULL, NULL, 0, 1, ' ', 18, '{\"menu-anchor_title\":\"\",\"menu-anchor_css\":\"\",\"menu_image\":\"\",\"menu_image_css\":\"\",\"menu_text\":1,\"menu_show\":1,\"page_title\":\"\",\"show_page_heading\":\"\",\"page_heading\":\"\",\"pageclass_sfx\":\"\",\"menu-meta_description\":\"\",\"menu-meta_keywords\":\"\",\"robots\":\"\",\"secure\":0}', 25, 42, 0, 'ru-RU', 0, NULL, NULL),
(360, 'mainmenu-ru-ru', 'Интерактивная схема р. Сырдарья', 'interaktivnaya-skhema-r-syrdarya', '', 'gire-niveau-national/interaktivnaya-skhema-r-syrdarya', 'index.php?option=com_sppagebuilder&view=page&id=16', 'component', 1, 310, 2, 10026, NULL, NULL, 0, 1, ' ', 18, '{\"menu-anchor_title\":\"\",\"menu-anchor_css\":\"\",\"menu_image\":\"\",\"menu_image_css\":\"\",\"menu_text\":1,\"menu_show\":1,\"page_title\":\"\",\"show_page_heading\":\"\",\"page_heading\":\"\",\"pageclass_sfx\":\"\",\"menu-meta_description\":\"\",\"menu-meta_keywords\":\"\",\"robots\":\"\",\"secure\":0}', 16, 17, 0, 'ru-RU', 0, NULL, NULL),
(361, 'mainmenu-ru-ru', 'Сравнительный анализ потока', 'interaktivnaya-skhema-r-syrdarya-2', '', 'gire-niveau-national/interaktivnaya-skhema-r-syrdarya-2', 'index.php?option=com_sppagebuilder&view=page&id=16', 'component', 1, 310, 2, 10026, NULL, NULL, 0, 1, ' ', 18, '{\"menu-anchor_title\":\"\",\"menu-anchor_css\":\"\",\"menu_image\":\"\",\"menu_image_css\":\"\",\"menu_text\":1,\"menu_show\":1,\"page_title\":\"\",\"show_page_heading\":\"\",\"page_heading\":\"\",\"pageclass_sfx\":\"\",\"menu-meta_description\":\"\",\"menu-meta_keywords\":\"\",\"robots\":\"\",\"secure\":0}', 20, 21, 0, 'ru-RU', 0, NULL, NULL),
(362, 'mainmenu-ru-ru', 'Веб-карта р. Сырдарья', 'interaktivnaya-skhema-r-syrdarya-3', '', 'gire-niveau-national/interaktivnaya-skhema-r-syrdarya-3', 'index.php?option=com_sppagebuilder&view=page&id=16', 'component', 1, 310, 2, 10026, NULL, NULL, 0, 1, ' ', 18, '{\"menu-anchor_title\":\"\",\"menu-anchor_css\":\"\",\"menu_image\":\"\",\"menu_image_css\":\"\",\"menu_text\":1,\"menu_show\":1,\"page_title\":\"\",\"show_page_heading\":\"\",\"page_heading\":\"\",\"pageclass_sfx\":\"\",\"menu-meta_description\":\"\",\"menu-meta_keywords\":\"\",\"robots\":\"\",\"secure\":0}', 22, 23, 0, 'ru-RU', 0, NULL, NULL),
(363, 'mainmenu-ru-ru', 'Интерактивная линейная схема р.Шу', 'interaktivnaya-skhema-r-syrdarya-4', '', 'shu-talasskij-bassejn/interaktivnaya-skhema-r-syrdarya-4', 'index.php?option=com_sppagebuilder&view=page&id=16', 'component', 1, 359, 2, 10026, NULL, NULL, 0, 1, ' ', 18, '{\"menu-anchor_title\":\"\",\"menu-anchor_css\":\"\",\"menu_image\":\"\",\"menu_image_css\":\"\",\"menu_text\":1,\"menu_show\":1,\"page_title\":\"\",\"show_page_heading\":\"\",\"page_heading\":\"\",\"pageclass_sfx\":\"\",\"menu-meta_description\":\"\",\"menu-meta_keywords\":\"\",\"robots\":\"\",\"secure\":0}', 26, 27, 0, 'ru-RU', 0, NULL, NULL),
(364, 'mainmenu-ru-ru', 'Интерактивная схема казахстанской части р. Шу', 'interaktivnaya-skhema-r-syrdarya-5', '', 'shu-talasskij-bassejn/interaktivnaya-skhema-r-syrdarya-5', 'index.php?option=com_sppagebuilder&view=page&id=16', 'component', 1, 359, 2, 10026, NULL, NULL, 0, 1, ' ', 18, '{\"menu-anchor_title\":\"\",\"menu-anchor_css\":\"\",\"menu_image\":\"\",\"menu_image_css\":\"\",\"menu_text\":1,\"menu_show\":1,\"page_title\":\"\",\"show_page_heading\":\"\",\"page_heading\":\"\",\"pageclass_sfx\":\"\",\"menu-meta_description\":\"\",\"menu-meta_keywords\":\"\",\"robots\":\"\",\"secure\":0}', 28, 29, 0, 'ru-RU', 0, NULL, NULL),
(365, 'mainmenu-ru-ru', 'Интерактивная схема казахстанской части р. Талас', 'interaktivnaya-skhema-r-syrdarya-6', '', 'shu-talasskij-bassejn/interaktivnaya-skhema-r-syrdarya-6', 'index.php?option=com_sppagebuilder&view=page&id=16', 'component', -2, 359, 2, 10026, NULL, NULL, 0, 1, ' ', 0, '{\"menu-anchor_title\":\"\",\"menu-anchor_css\":\"\",\"menu_image\":\"\",\"menu_image_css\":\"\",\"menu_text\":1,\"menu_show\":1,\"page_title\":\"\",\"show_page_heading\":\"\",\"page_heading\":\"\",\"pageclass_sfx\":\"\",\"menu-meta_description\":\"\",\"menu-meta_keywords\":\"\",\"robots\":\"\",\"secure\":0}', 30, 31, 0, 'ru-RU', 0, NULL, NULL);
INSERT INTO `jgkzw_menu` (`id`, `menutype`, `title`, `alias`, `note`, `path`, `link`, `type`, `published`, `parent_id`, `level`, `component_id`, `checked_out`, `checked_out_time`, `browserNav`, `access`, `img`, `template_style_id`, `params`, `lft`, `rgt`, `home`, `language`, `client_id`, `publish_up`, `publish_down`) VALUES
(366, 'mainmenu-ru-ru', 'Ежеквартальный бюллетень', 'interaktivnaya-skhema-r-syrdarya-7', '', 'shu-talasskij-bassejn/interaktivnaya-skhema-r-syrdarya-7', 'index.php?option=com_sppagebuilder&view=page&id=16', 'component', -2, 359, 2, 10026, NULL, NULL, 0, 1, ' ', 0, '{\"menu-anchor_title\":\"\",\"menu-anchor_css\":\"\",\"menu_image\":\"\",\"menu_image_css\":\"\",\"menu_text\":1,\"menu_show\":1,\"page_title\":\"\",\"show_page_heading\":\"\",\"page_heading\":\"\",\"pageclass_sfx\":\"\",\"menu-meta_description\":\"\",\"menu-meta_keywords\":\"\",\"robots\":\"\",\"secure\":0}', 32, 33, 0, 'ru-RU', 0, NULL, NULL),
(367, 'mainmenu-ru-ru', 'Веб-карта р. Шy-Талас', 'interaktivnaya-skhema-r-syrdarya-8', '', 'shu-talasskij-bassejn/interaktivnaya-skhema-r-syrdarya-8', 'index.php?option=com_sppagebuilder&view=page&id=16', 'component', 1, 359, 2, 10026, NULL, NULL, 0, 1, ' ', 18, '{\"menu-anchor_title\":\"\",\"menu-anchor_css\":\"\",\"menu_image\":\"\",\"menu_image_css\":\"\",\"menu_text\":1,\"menu_show\":1,\"page_title\":\"\",\"show_page_heading\":\"\",\"page_heading\":\"\",\"pageclass_sfx\":\"\",\"menu-meta_description\":\"\",\"menu-meta_keywords\":\"\",\"robots\":\"\",\"secure\":0}', 34, 35, 0, 'ru-RU', 0, NULL, NULL),
(368, 'mainmenu-ru-ru', 'Ежедневные данные в ежемесячной таблице (проект в стадии разработки', 'interaktivnaya-skhema-r-syrdarya-9', '', 'shu-talasskij-bassejn/interaktivnaya-skhema-r-syrdarya-9', 'index.php?option=com_sppagebuilder&view=page&id=16', 'component', 1, 359, 2, 10026, NULL, NULL, 0, 1, ' ', 18, '{\"menu-anchor_title\":\"\",\"menu-anchor_css\":\"\",\"menu_image\":\"\",\"menu_image_css\":\"\",\"menu_text\":1,\"menu_show\":1,\"page_title\":\"\",\"show_page_heading\":\"\",\"page_heading\":\"\",\"pageclass_sfx\":\"\",\"menu-meta_description\":\"\",\"menu-meta_keywords\":\"\",\"robots\":\"\",\"secure\":0}', 36, 37, 0, 'ru-RU', 0, NULL, NULL),
(369, 'mainmenu-ru-ru', 'Daily data on monthly table Komvod (ESB)', 'interaktivnaya-skhema-r-syrdarya-10', '', 'shu-talasskij-bassejn/interaktivnaya-skhema-r-syrdarya-10', 'index.php?option=com_sppagebuilder&view=page&id=16', 'component', 1, 359, 2, 10026, NULL, NULL, 0, 1, ' ', 18, '{\"menu-anchor_title\":\"\",\"menu-anchor_css\":\"\",\"menu_image\":\"\",\"menu_image_css\":\"\",\"menu_text\":1,\"menu_show\":1,\"page_title\":\"\",\"show_page_heading\":\"\",\"page_heading\":\"\",\"pageclass_sfx\":\"\",\"menu-meta_description\":\"\",\"menu-meta_keywords\":\"\",\"robots\":\"\",\"secure\":0}', 38, 39, 0, 'ru-RU', 0, NULL, NULL),
(370, 'mainmenu-ru-ru', 'Общие документы', 'interaktivnaya-skhema-r-syrdarya-11', '', 'shu-talasskij-bassejn/interaktivnaya-skhema-r-syrdarya-11', 'index.php?option=com_sppagebuilder&view=page&id=16', 'component', 1, 359, 2, 10026, NULL, NULL, 0, 1, ' ', 18, '{\"menu-anchor_title\":\"\",\"menu-anchor_css\":\"\",\"menu_image\":\"\",\"menu_image_css\":\"\",\"menu_text\":1,\"menu_show\":1,\"page_title\":\"\",\"show_page_heading\":\"\",\"page_heading\":\"\",\"pageclass_sfx\":\"\",\"menu-meta_description\":\"\",\"menu-meta_keywords\":\"\",\"robots\":\"\",\"secure\":0}', 40, 41, 0, 'ru-RU', 0, NULL, NULL),
(371, 'mainmenu-ru-ru', 'Казахстан', 'shu-talasskij-bassejn-2', '', 'shu-talasskij-bassejn-2', 'index.php?option=com_sppagebuilder&view=page&id=16', 'component', 1, 1, 1, 10026, NULL, NULL, 0, 1, ' ', 18, '{\"menu-anchor_title\":\"\",\"menu-anchor_css\":\"\",\"menu_image\":\"\",\"menu_image_css\":\"\",\"menu_text\":1,\"menu_show\":1,\"page_title\":\"\",\"show_page_heading\":\"\",\"page_heading\":\"\",\"pageclass_sfx\":\"\",\"menu-meta_description\":\"\",\"menu-meta_keywords\":\"\",\"robots\":\"\",\"secure\":0}', 43, 46, 0, 'ru-RU', 0, NULL, NULL),
(372, 'mainmenu-ru-ru', 'Interactive Assa scheme', 'interaktivnaya-skhema-r-syrdarya-12', '', 'shu-talasskij-bassejn-2/interaktivnaya-skhema-r-syrdarya-12', 'index.php?option=com_sppagebuilder&view=page&id=16', 'component', 1, 371, 2, 10026, NULL, NULL, 0, 1, ' ', 18, '{\"menu-anchor_title\":\"\",\"menu-anchor_css\":\"\",\"menu_image\":\"\",\"menu_image_css\":\"\",\"menu_text\":1,\"menu_show\":1,\"page_title\":\"\",\"show_page_heading\":\"\",\"page_heading\":\"\",\"pageclass_sfx\":\"\",\"menu-meta_description\":\"\",\"menu-meta_keywords\":\"\",\"robots\":\"\",\"secure\":0}', 44, 45, 0, 'ru-RU', 0, NULL, NULL),
(385, 'mainmenu-en-gb', 'pl02_30d', 'pl02-30d', '', 'pl02-30d', 'index.php?option=com_content&view=article&id=8', 'component', 1, 1, 1, 22, NULL, NULL, 0, 1, ' ', 0, '{\"show_title\":\"\",\"link_titles\":\"\",\"show_intro\":\"\",\"info_block_position\":\"\",\"info_block_show_title\":\"\",\"show_category\":\"\",\"link_category\":\"\",\"show_parent_category\":\"\",\"link_parent_category\":\"\",\"show_associations\":\"\",\"show_author\":\"\",\"link_author\":\"\",\"show_create_date\":\"\",\"show_modify_date\":\"\",\"show_publish_date\":\"\",\"show_item_navigation\":\"\",\"show_vote\":\"\",\"show_icons\":\"\",\"show_print_icon\":\"\",\"show_email_icon\":\"\",\"show_hits\":\"\",\"show_tags\":\"\",\"show_noauth\":\"\",\"urls_position\":\"\",\"menu-anchor_title\":\"\",\"menu-anchor_css\":\"\",\"menu_image\":\"\",\"menu_image_css\":\"\",\"menu_text\":1,\"menu_show\":1,\"page_title\":\"\",\"show_page_heading\":\"\",\"page_heading\":\"\",\"pageclass_sfx\":\"\",\"menu-meta_description\":\"\",\"menu-meta_keywords\":\"\",\"robots\":\"\",\"secure\":0}', 179, 180, 0, '*', 0, NULL, NULL),
(526, 'main', 'COM_AKEEBA', 'com-akeeba', '', 'com-akeeba', 'index.php?option=com_akeeba', 'component', 1, 1, 1, 10019, NULL, NULL, 0, 1, 'class:component', 0, '{}', 181, 182, 0, '', 1, NULL, NULL),
(531, 'main', 'COM_PLOTALOT', 'com-plotalot', '', 'com-plotalot', 'index.php?option=com_plotalot', 'component', 1, 1, 1, 10137, NULL, NULL, 0, 1, 'class:component', 0, '{}', 183, 194, 0, '', 1, NULL, NULL),
(532, 'main', 'COM_PLOTALOT_CHARTS', 'com-plotalot-charts', '', 'com-plotalot/com-plotalot-charts', 'index.php?option=com_plotalot&controller=chart', 'component', 1, 531, 2, 10137, NULL, NULL, 0, 1, 'class:component', 0, '{}', 184, 185, 0, '', 1, NULL, NULL),
(533, 'main', 'JCATEGORIES', 'jcategories', '', 'com-plotalot/jcategories', 'index.php?option=com_plotalot&controller=category', 'component', 1, 531, 2, 10137, NULL, NULL, 0, 1, 'class:component', 0, '{}', 186, 187, 0, '', 1, NULL, NULL),
(534, 'main', 'COM_PLOTALOT_DATABASES', 'com-plotalot-databases', '', 'com-plotalot/com-plotalot-databases', 'index.php?option=com_plotalot&controller=database', 'component', 1, 531, 2, 10137, NULL, NULL, 0, 1, 'class:component', 0, '{}', 188, 189, 0, '', 1, NULL, NULL),
(535, 'main', 'COM_PLOTALOT_CSS', 'com-plotalot-css', '', 'com-plotalot/com-plotalot-css', 'index.php?option=com_plotalot&task=edit_css&controller=chart', 'component', 1, 531, 2, 10137, NULL, NULL, 0, 1, 'class:component', 0, '{}', 190, 191, 0, '', 1, NULL, NULL),
(536, 'main', 'COM_PLOTALOT_ABOUT', 'com-plotalot-about', '', 'com-plotalot/com-plotalot-about', 'index.php?option=com_plotalot&controller=about', 'component', 1, 531, 2, 10137, NULL, NULL, 0, 1, 'class:component', 0, '{}', 192, 193, 0, '', 1, NULL, NULL),
(583, 'main', 'COM_SPPAGEBUILDER', 'com-sppagebuilder', '', 'com-sppagebuilder', 'index.php?option=com_sppagebuilder&view=editor', 'component', 1, 1, 1, 10026, NULL, NULL, 0, 1, 'class:component', 0, '{}', 195, 208, 0, '', 1, NULL, NULL),
(584, 'main', 'COM_SPPAGEBUILDER_ADMIN_MENU_PAGES', 'com-sppagebuilder-admin-menu-pages', '', 'com-sppagebuilder/com-sppagebuilder-admin-menu-pages', 'index.php?option=com_sppagebuilder&view=editor&tmpl=component', 'component', 1, 583, 2, 10026, NULL, NULL, 0, 1, 'class:component', 0, '{}', 196, 197, 0, '', 1, NULL, NULL),
(585, 'main', 'COM_SPPAGEBUILDER_ADMIN_MENU_DYNAMIC_CONTENT', 'com-sppagebuilder-admin-menu-dynamic-content', '', 'com-sppagebuilder/com-sppagebuilder-admin-menu-dynamic-content', 'index.php?option=com_sppagebuilder&view=editor&tmpl=component#/dynamic-content', 'component', 1, 583, 2, 10026, NULL, NULL, 0, 1, 'class:component', 0, '{}', 198, 199, 0, '', 1, NULL, NULL),
(586, 'main', 'COM_SPPAGEBUILDER_ADMIN_MENU_MEDIA', 'com-sppagebuilder-admin-menu-media', '', 'com-sppagebuilder/com-sppagebuilder-admin-menu-media', 'index.php?option=com_sppagebuilder&view=editor&tmpl=component#/media-manager', 'component', 1, 583, 2, 10026, NULL, NULL, 0, 1, 'class:component', 0, '{}', 200, 201, 0, '', 1, NULL, NULL),
(587, 'main', 'COM_SPPAGEBUILDER_ADMIN_MENU_CATEGORIES', 'com-sppagebuilder-admin-menu-categories', '', 'com-sppagebuilder/com-sppagebuilder-admin-menu-categories', 'index.php?option=com_categories&extension=com_sppagebuilder', 'component', 1, 583, 2, 10026, NULL, NULL, 0, 1, 'class:component', 0, '{}', 202, 203, 0, '', 1, NULL, NULL),
(588, 'main', 'COM_SPPAGEBUILDER_ADMIN_MENU_EASYSTOE', 'com-sppagebuilder-admin-menu-easystoe', '', 'com-sppagebuilder/com-sppagebuilder-admin-menu-easystoe', 'index.php?option=com_sppagebuilder&view=editor&tmpl=component#/editor/storefront', 'component', 1, 583, 2, 10026, NULL, NULL, 0, 1, 'class:component', 0, '{}', 204, 205, 0, '', 1, NULL, NULL),
(589, 'main', 'COM_SPPAGEBUILDER_ADMIN_MENU_SETTINGS', 'com-sppagebuilder-admin-menu-settings', '', 'com-sppagebuilder/com-sppagebuilder-admin-menu-settings', 'index.php?option=com_sppagebuilder&view=editor&tmpl=component#/settings', 'component', 1, 583, 2, 10026, NULL, NULL, 0, 1, 'class:component', 0, '{}', 206, 207, 0, '', 1, NULL, NULL),
(590, 'main', 'COM_SMARTSLIDER3', 'com-smartslider3', '', 'com-smartslider3', 'index.php?option=com_smartslider3', 'component', 1, 1, 1, 10048, NULL, NULL, 0, 1, 'class:component', 0, '{}', 209, 210, 0, '', 1, NULL, NULL),
(592, 'main', '-', '1764544606-7337', '', 'Contacts/1764544606-7337', '#', 'separator', 1, 7, 2, 33, NULL, NULL, 0, 0, ' ', 0, '{}', 88, 89, 0, '*', 1, NULL, NULL),
(593, 'main', 'mod_menu_fields', 'contact-custom-fields', '', 'Contacts/contact-custom-fields', 'index.php?option=com_fields&context=com_contact.contact', 'component', 1, 7, 2, 33, NULL, NULL, 0, 0, ' ', 0, '{}', 90, 91, 0, '*', 1, NULL, NULL),
(594, 'main', 'mod_menu_fields_group', 'contact-custom-fields-group', '', 'Contacts/contact-custom-fields-group', 'index.php?option=com_fields&view=groups&context=com_contact.contact', 'component', 1, 7, 2, 33, NULL, NULL, 0, 0, ' ', 0, '{}', 92, 93, 0, '*', 1, NULL, NULL),
(595, 'main', '-', '1764544606-735', '', 'Smart Search/1764544606-735', '#', 'separator', 1, 18, 2, 27, NULL, NULL, 0, 0, ' ', 0, '{}', 104, 105, 0, '*', 1, NULL, NULL),
(596, 'main', 'com_finder_index', 'smart-search-index', '', 'Smart Search/smart-search-index', 'index.php?option=com_finder&view=index', 'component', 1, 18, 2, 27, NULL, NULL, 0, 0, ' ', 0, '{}', 106, 107, 0, '*', 1, NULL, NULL),
(597, 'main', 'com_finder_maps', 'smart-search-maps', '', 'Smart Search/smart-search-maps', 'index.php?option=com_finder&view=maps', 'component', 1, 18, 2, 27, NULL, NULL, 0, 0, ' ', 0, '{}', 108, 109, 0, '*', 1, NULL, NULL),
(598, 'main', 'com_finder_filters', 'smart-search-filters', '', 'Smart Search/smart-search-filters', 'index.php?option=com_finder&view=filters', 'component', 1, 18, 2, 27, NULL, NULL, 0, 0, ' ', 0, '{}', 110, 111, 0, '*', 1, NULL, NULL),
(599, 'main', 'com_finder_searches', 'smart-search-searches', '', 'Smart Search/smart-search-searches', 'index.php?option=com_finder&view=searches', 'component', 1, 18, 2, 27, NULL, NULL, 0, 0, ' ', 0, '{}', 112, 113, 0, '*', 1, NULL, NULL),
(600, 'main', 'com_fabrik', 'com-fabrik', '', 'com-fabrik', 'index.php?option=com_fabrik&view=home', 'component', 1, 1, 1, 10117, NULL, NULL, 0, 1, '../administrator/components/com_fabrik/images/fabrik.png', 0, '{}', 211, 228, 0, '', 1, NULL, NULL),
(601, 'main', 'Home', 'home', '', 'com-fabrik/home', 'index.php?option=com_fabrik&view=home', 'component', 1, 600, 2, 10117, NULL, NULL, 0, 1, '../administrator/components/com_fabrik/images/fabrik.png', 0, '{}', 212, 213, 0, '', 1, NULL, NULL),
(602, 'main', 'com_fabrik_lists', 'com-fabrik-lists', '', 'com-fabrik/com-fabrik-lists', 'index.php?option=com_fabrik&view=lists', 'component', 1, 600, 2, 10117, NULL, NULL, 0, 1, '../administrator/components/com_fabrik/images/lists.png', 0, '{}', 214, 215, 0, '', 1, NULL, NULL),
(603, 'main', 'com_fabrik_forms', 'com-fabrik-forms', '', 'com-fabrik/com-fabrik-forms', 'index.php?option=com_fabrik&view=forms', 'component', 1, 600, 2, 10117, NULL, NULL, 0, 1, '../administrator/components/com_fabrik/images/forms.png', 0, '{}', 216, 217, 0, '', 1, NULL, NULL),
(604, 'main', 'com_fabrik_groups', 'com-fabrik-groups', '', 'com-fabrik/com-fabrik-groups', 'index.php?option=com_fabrik&view=groups', 'component', 1, 600, 2, 10117, NULL, NULL, 0, 1, '../administrator/components/com_fabrik/images/groups.png', 0, '{}', 218, 219, 0, '', 1, NULL, NULL),
(605, 'main', 'com_fabrik_elements', 'com-fabrik-elements', '', 'com-fabrik/com-fabrik-elements', 'index.php?option=com_fabrik&view=elements', 'component', 1, 600, 2, 10117, NULL, NULL, 0, 1, '../administrator/components/com_fabrik/images/elements.png', 0, '{}', 220, 221, 0, '', 1, NULL, NULL),
(606, 'main', 'com_fabrik_visualizations', 'com-fabrik-visualizations', '', 'com-fabrik/com-fabrik-visualizations', 'index.php?option=com_fabrik&view=visualizations', 'component', 1, 600, 2, 10117, NULL, NULL, 0, 1, '../administrator/components/com_fabrik/images/visualizations.png', 0, '{}', 222, 223, 0, '', 1, NULL, NULL),
(607, 'main', 'com_fabrik_connections', 'com-fabrik-connections', '', 'com-fabrik/com-fabrik-connections', 'index.php?option=com_fabrik&view=connections', 'component', 1, 600, 2, 10117, NULL, NULL, 0, 1, '../administrator/components/com_fabrik/images/connections.png', 0, '{}', 224, 225, 0, '', 1, NULL, NULL),
(608, 'main', 'com_fabrik_schedule', 'com-fabrik-schedule', '', 'com-fabrik/com-fabrik-schedule', 'index.php?option=com_fabrik&view=crons', 'component', 1, 600, 2, 10117, NULL, NULL, 0, 1, '../administrator/components/com_fabrik/images/schedules.png', 0, '{}', 226, 227, 0, '', 1, NULL, NULL),
(609, 'main', 'COM_AKEEBABACKUP', 'com-akeebabackup', '', 'com-akeebabackup', 'index.php?option=com_akeebabackup', 'component', 1, 1, 1, 10311, NULL, NULL, 0, 1, 'class:component', 0, '{}', 229, 238, 0, '', 1, NULL, NULL),
(610, 'main', 'COM_AKEEBABACKUP_CONTROLPANEL', 'com-akeebabackup-controlpanel', '', 'com-akeebabackup/com-akeebabackup-controlpanel', 'index.php?option=com_akeebabackup&view=Controlpanel', 'component', 1, 609, 2, 10311, NULL, NULL, 0, 1, 'class:component', 0, '{}', 230, 231, 0, '', 1, NULL, NULL),
(611, 'main', 'COM_AKEEBABACKUP_CONFIGURATION', 'com-akeebabackup-configuration', '', 'com-akeebabackup/com-akeebabackup-configuration', 'index.php?option=com_akeebabackup&view=Configuration', 'component', 1, 609, 2, 10311, NULL, NULL, 0, 1, 'class:component', 0, '{}', 232, 233, 0, '', 1, NULL, NULL),
(612, 'main', 'COM_AKEEBABACKUP_BACKUP', 'com-akeebabackup-backup', '', 'com-akeebabackup/com-akeebabackup-backup', 'index.php?option=com_akeebabackup&view=Backup', 'component', 1, 609, 2, 10311, NULL, NULL, 0, 1, 'class:component', 0, '{}', 234, 235, 0, '', 1, NULL, NULL),
(613, 'main', 'COM_AKEEBABACKUP_MANAGE', 'com-akeebabackup-manage', '', 'com-akeebabackup/com-akeebabackup-manage', 'index.php?option=com_akeebabackup&view=Manage', 'component', 1, 609, 2, 10311, NULL, NULL, 0, 1, 'class:component', 0, '{}', 236, 237, 0, '', 1, NULL, NULL),
(627, 'main', 'COM_GANTRY5', 'com-gantry5', '', 'com-gantry5', 'index.php?option=com_gantry5', 'component', 1, 1, 1, 10040, NULL, NULL, 0, 1, 'class:component', 0, '{}', 239, 244, 0, '', 1, NULL, NULL),
(628, 'main', 'COM_GANTRY5_ADMIN_MENU_THEMES', 'com-gantry5-admin-menu-themes', '', 'com-gantry5/com-gantry5-admin-menu-themes', 'index.php?option=com_gantry5&view=themes', 'component', 1, 627, 2, 10040, NULL, NULL, 0, 1, 'class:component', 0, '{}', 240, 241, 0, '', 1, NULL, NULL),
(629, 'main', 'COM_GANTRY5_ADMIN_MENU_THEME', 'com-gantry5-admin-menu-theme', '', 'com-gantry5/com-gantry5-admin-menu-theme', 'index.php?option=com_gantry5', 'component', 1, 627, 2, 10040, NULL, NULL, 0, 1, 'class:component', 0, '{}', 242, 243, 0, '', 1, NULL, NULL),
(630, 'main', 'COM_PHOCADOWNLOAD', 'com-phocadownload', '', 'com-phocadownload', 'index.php?option=com_phocadownload', 'component', 1, 1, 1, 10130, NULL, NULL, 0, 1, 'media/com_phocadownload/images/administrator/icon-16-pdl-menu.png', 0, '{}', 245, 270, 0, '', 1, NULL, NULL),
(631, 'main', 'COM_PHOCADOWNLOAD_CONTROLPANEL', 'com-phocadownload-controlpanel', '', 'com-phocadownload/com-phocadownload-controlpanel', 'index.php?option=com_phocadownload', 'component', 1, 630, 2, 10130, NULL, NULL, 0, 1, 'media/com_phocadownload/images/administrator/icon-16-pdl-control-panel.png', 0, '{}', 246, 247, 0, '', 1, NULL, NULL),
(632, 'main', 'COM_PHOCADOWNLOAD_FILES', 'com-phocadownload-files', '', 'com-phocadownload/com-phocadownload-files', 'index.php?option=com_phocadownload&view=phocadownloadfiles', 'component', 1, 630, 2, 10130, NULL, NULL, 0, 1, 'media/com_phocadownload/images/administrator/icon-16-pdl-menu-files.png', 0, '{}', 248, 249, 0, '', 1, NULL, NULL),
(633, 'main', 'COM_PHOCADOWNLOAD_CATEGORIES', 'com-phocadownload-categories', '', 'com-phocadownload/com-phocadownload-categories', 'index.php?option=com_phocadownload&view=phocadownloadcats', 'component', 1, 630, 2, 10130, NULL, NULL, 0, 1, 'media/com_phocadownload/images/administrator/icon-16-pdl-menu-category.png', 0, '{}', 250, 251, 0, '', 1, NULL, NULL),
(634, 'main', 'COM_PHOCADOWNLOAD_LICENSES', 'com-phocadownload-licenses', '', 'com-phocadownload/com-phocadownload-licenses', 'index.php?option=com_phocadownload&view=phocadownloadlics', 'component', 1, 630, 2, 10130, NULL, NULL, 0, 1, 'media/com_phocadownload/images/administrator/icon-16-pdl-menu-lic.png', 0, '{}', 252, 253, 0, '', 1, NULL, NULL),
(635, 'main', 'COM_PHOCADOWNLOAD_STATISTICS', 'com-phocadownload-statistics', '', 'com-phocadownload/com-phocadownload-statistics', 'index.php?option=com_phocadownload&view=phocadownloadstat', 'component', 1, 630, 2, 10130, NULL, NULL, 0, 1, 'media/com_phocadownload/images/administrator/icon-16-pdl-menu-stat.png', 0, '{}', 254, 255, 0, '', 1, NULL, NULL),
(636, 'main', 'COM_PHOCADOWNLOAD_DOWNLOADS', 'com-phocadownload-downloads', '', 'com-phocadownload/com-phocadownload-downloads', 'index.php?option=com_phocadownload&view=phocadownloaddownloads', 'component', 1, 630, 2, 10130, NULL, NULL, 0, 1, 'media/com_phocadownload/images/administrator/icon-16-pdl-menu-downloads.png', 0, '{}', 256, 257, 0, '', 1, NULL, NULL),
(637, 'main', 'COM_PHOCADOWNLOAD_UPLOADS', 'com-phocadownload-uploads', '', 'com-phocadownload/com-phocadownload-uploads', 'index.php?option=com_phocadownload&view=phocadownloaduploads', 'component', 1, 630, 2, 10130, NULL, NULL, 0, 1, 'media/com_phocadownload/images/administrator/icon-16-pdl-menu-uploads.png', 0, '{}', 258, 259, 0, '', 1, NULL, NULL),
(638, 'main', 'COM_PHOCADOWNLOAD_FILE_RATING', 'com-phocadownload-file-rating', '', 'com-phocadownload/com-phocadownload-file-rating', 'index.php?option=com_phocadownload&view=phocadownloadrafile', 'component', 1, 630, 2, 10130, NULL, NULL, 0, 1, 'media/com_phocadownload/images/administrator/icon-16-pdl-menu-vote-file.png', 0, '{}', 260, 261, 0, '', 1, NULL, NULL),
(639, 'main', 'COM_PHOCADOWNLOAD_TAGS', 'com-phocadownload-tags', '', 'com-phocadownload/com-phocadownload-tags', 'index.php?option=com_phocadownload&view=phocadownloadtags', 'component', 1, 630, 2, 10130, NULL, NULL, 0, 1, 'media/com_phocadownload/images/administrator/icon-16-pdl-menu-tags.png', 0, '{}', 262, 263, 0, '', 1, NULL, NULL),
(640, 'main', 'COM_PHOCADOWNLOAD_STYLES', 'com-phocadownload-styles', '', 'com-phocadownload/com-phocadownload-styles', 'index.php?option=com_phocadownload&view=phocadownloadstyles', 'component', 1, 630, 2, 10130, NULL, NULL, 0, 1, 'media/com_phocadownload/images/administrator/icon-16-pdl-menu-style.png', 0, '{}', 264, 265, 0, '', 1, NULL, NULL),
(641, 'main', 'COM_PHOCADOWNLOAD_LOGGING', 'com-phocadownload-logging', '', 'com-phocadownload/com-phocadownload-logging', 'index.php?option=com_phocadownload&view=phocadownloadlogs', 'component', 1, 630, 2, 10130, NULL, NULL, 0, 1, 'media/com_phocadownload/images/administrator/icon-16-pdl-menu-logs.png', 0, '{}', 266, 267, 0, '', 1, NULL, NULL),
(642, 'main', 'COM_PHOCADOWNLOAD_INFO', 'com-phocadownload-info', '', 'com-phocadownload/com-phocadownload-info', 'index.php?option=com_phocadownload&view=phocadownloadinfo', 'component', 1, 630, 2, 10130, NULL, NULL, 0, 1, 'media/com_phocadownload/images/administrator/icon-16-pdl-menu-info.png', 0, '{}', 268, 269, 0, '', 1, NULL, NULL),
(643, 'main', 'COM_JCE', 'com-jce', '', 'com-jce', 'index.php?option=com_jce&view=cpanel', 'component', 1, 1, 1, 10009, NULL, NULL, 0, 1, 'class:component', 0, '{}', 271, 280, 0, '', 1, NULL, NULL),
(644, 'main', 'COM_JCE_MENU_CPANEL', 'com-jce-menu-cpanel', '', 'com-jce/com-jce-menu-cpanel', 'index.php?option=com_jce&view=cpanel', 'component', 1, 643, 2, 10009, NULL, NULL, 0, 1, 'class:component', 0, '{}', 272, 273, 0, '', 1, NULL, NULL),
(645, 'main', 'COM_JCE_MENU_CONFIG', 'com-jce-menu-config', '', 'com-jce/com-jce-menu-config', 'index.php?option=com_jce&view=config', 'component', 1, 643, 2, 10009, NULL, NULL, 0, 1, 'class:component', 0, '{}', 274, 275, 0, '', 1, NULL, NULL),
(646, 'main', 'COM_JCE_MENU_PROFILES', 'com-jce-menu-profiles', '', 'com-jce/com-jce-menu-profiles', 'index.php?option=com_jce&view=profiles', 'component', 1, 643, 2, 10009, NULL, NULL, 0, 1, 'class:component', 0, '{}', 276, 277, 0, '', 1, NULL, NULL),
(647, 'main', 'COM_JCE_MENU_FILEBROWSER', 'com-jce-menu-filebrowser', '', 'com-jce/com-jce-menu-filebrowser', 'index.php?option=com_jce&view=browser', 'component', 1, 643, 2, 10009, NULL, NULL, 0, 1, 'class:component', 0, '{}', 278, 279, 0, '', 1, NULL, NULL);

-- --------------------------------------------------------

--
-- Structure de la table `jgkzw_menu_types`
--

